000
CDUS41 KOKX 042033
CLINYC


CLIMATE REPORT
NATIONAL WEATHER SERVICE NEW YORK NY
433 PM EDT WED APR 4 2018


...................................

...THE CENTRAL PARK NY CLIMATE SUMMARY FOR APRIL 4 2018...
VALID TODAY AS OF 0400 PM LOCAL TIME.

CLIMATE NORMAL PERIOD 1981 TO 2010
CLIMATE RECORD PERIOD 1869 TO 2018


WEATHER ITEM   OBSERVED TIME   RECORD YEAR NORMAL DEPARTURE LAST
                VALUE   (LST)  VALUE       VALUE  FROM      YEAR
                                                  NORMAL
..................................................................
TEMPERATURE (F)
 TODAY
  MAXIMUM         56    259 PM  80    1892  57     -1       51
  MINIMUM         41    317 AM  21    1874  41      0       45
  AVERAGE         49                        49      0       48

PRECIPITATION (IN)
  TODAY            0.04          1.99 1987   0.16  -0.12     1.18
  MONTH TO DATE    0.89                      0.64   0.25     1.21
  SINCE MAR 1      6.06                      5.00   1.06     6.46
  SINCE JAN 1     14.07                     11.74   2.33    13.77

SNOWFALL (IN)
  TODAY            0.0           2.5  1957   0.1   -0.1      0.0
  MONTH TO DATE    5.5                       0.2    5.3      0.0
  SINCE OCT 1     40.9                      25.4   15.5     30.2
  SINCE JUL 1     40.9                      25.4   15.5     30.2
  SNOW DEPTH       0

DEGREE DAYS
 HEATING
  TODAY           16                        16      0       17
  MONTH TO DATE   80                        67     13       61
  SINCE MAR 1    845                       767     78      854
  SINCE JUL 1   4091                      4289   -198     3837

 COOLING
  TODAY            0                         0      0        0
  MONTH TO DATE    0                         0      0        0
  SINCE MAR 1      0                         1     -1        0
  SINCE JAN 1      2                         1      1        0
..................................................................


WIND (MPH)
  HIGHEST WIND SPEED    20   HIGHEST WIND DIRECTION     W (270)
  HIGHEST GUST SPEED    33   HIGHEST GUST DIRECTION     W (270)
  AVERAGE WIND SPEED     4.8


SKY COVER
  AVERAGE SKY COVER 0.9


WEATHER CONDITIONS
 THE FOLLOWING WEATHER WAS RECORDED TODAY.
  HEAVY RAIN
  LIGHT RAIN
  FOG
  HAZE


RELATIVE HUMIDITY (PERCENT)
 HIGHEST   100           500 AM
 LOWEST     51           300 PM
 AVERAGE    76

..........................................................


THE CENTRAL PARK NY CLIMATE NORMALS FOR TOMORROW
                         NORMAL    RECORD    YEAR
 MAXIMUM TEMPERATURE (F)   57        80      1928
 MINIMUM TEMPERATURE (F)   41        20      1874


SUNRISE AND SUNSET
APRIL  4 2018.........SUNRISE   635 AM EDT   SUNSET   724 PM EDT
APRIL  5 2018.........SUNRISE   633 AM EDT   SUNSET   725 PM EDT


-  INDICATES NEGATIVE NUMBERS.
R  INDICATES RECORD WAS SET OR TIED.
MM INDICATES DATA IS MISSING.
T  INDICATES TRACE AMOUNT.




$$
