479
CDUS41 KOKX 100617
CLINYC


CLIMATE REPORT
NATIONAL WEATHER SERVICE NEW YORK NY
217 AM EDT TUE APR 10 2018


...................................

...THE CENTRAL PARK NY CLIMATE SUMMARY FOR APRIL 9 2018...

CLIMATE NORMAL PERIOD 1981 TO 2010
CLIMATE RECORD PERIOD 1869 TO 2018


WEATHER ITEM   OBSERVED TIME   RECORD YEAR NORMAL DEPARTURE LAST
                VALUE   (LST)  VALUE       VALUE  FROM      YEAR
                                                  NORMAL
..................................................................
TEMPERATURE (F)
 YESTERDAY
  MAXIMUM         49    304 PM  86    1991  59    -10       67
  MINIMUM         32    701 AM  25    1977  43    -11       45
  AVERAGE         41                        51    -10       56

PRECIPITATION (IN)
  YESTERDAY        T             3.42 1980   0.16  -0.16     0.00
  MONTH TO DATE    1.00                      1.42  -0.42     1.94
  SINCE MAR 1      6.17                      5.78   0.39     7.19
  SINCE JAN 1     14.18                     12.52   1.66    14.50

SNOWFALL (IN)
  YESTERDAY        0.0           6.4  1917   0.0    0.0      0.0
  MONTH TO DATE    5.5                       0.3    5.2      0.0
  SINCE OCT 1     40.9                      25.5   15.4     30.2
  SINCE JUL 1     40.9                      25.5   15.4     30.2
  SNOW DEPTH       0

DEGREE DAYS
 HEATING
  YESTERDAY       24                        14     10        9
  MONTH TO DATE  193                       143     50      133
  SINCE MAR 1    958                       843    115      926
  SINCE JUL 1   4204                      4365   -161     3909

 COOLING
  YESTERDAY        0                         0      0        0
  MONTH TO DATE    0                         0      0        0
  SINCE MAR 1      0                         1     -1        0
  SINCE JAN 1      2                         1      1        0
..................................................................


WIND (MPH)
  HIGHEST WIND SPEED    14   HIGHEST WIND DIRECTION    NW (310)
  HIGHEST GUST SPEED    21   HIGHEST GUST DIRECTION    NW (310)
  AVERAGE WIND SPEED     5.4


SKY COVER
  AVERAGE SKY COVER 0.4


WEATHER CONDITIONS
 THE FOLLOWING WEATHER WAS RECORDED YESTERDAY.
  LIGHT RAIN


RELATIVE HUMIDITY (PERCENT)
 HIGHEST    65          1100 PM
 LOWEST     24           300 PM
 AVERAGE    45

..........................................................


THE CENTRAL PARK NY CLIMATE NORMALS FOR TODAY
                         NORMAL    RECORD    YEAR
 MAXIMUM TEMPERATURE (F)   59        86      1922
 MINIMUM TEMPERATURE (F)   43        28      1997
                                             1985
                                             1974


SUNRISE AND SUNSET
APRIL 10 2018.........SUNRISE   625 AM EDT   SUNSET   730 PM EDT
APRIL 11 2018.........SUNRISE   623 AM EDT   SUNSET   731 PM EDT


-  INDICATES NEGATIVE NUMBERS.
R  INDICATES RECORD WAS SET OR TIED.
MM INDICATES DATA IS MISSING.
T  INDICATES TRACE AMOUNT.




$$
