000
CDUS41 KOKX 032033
CLINYC


CLIMATE REPORT
NATIONAL WEATHER SERVICE NEW YORK NY
433 PM EDT TUE APR 3 2018


...................................

...THE CENTRAL PARK NY CLIMATE SUMMARY FOR APRIL 3 2018...
VALID TODAY AS OF 0400 PM LOCAL TIME.

CLIMATE NORMAL PERIOD 1981 TO 2010
CLIMATE RECORD PERIOD 1869 TO 2018


WEATHER ITEM   OBSERVED TIME   RECORD YEAR NORMAL DEPARTURE LAST
                VALUE   (LST)  VALUE       VALUE  FROM      YEAR
                                                  NORMAL
..................................................................
TEMPERATURE (F)
 TODAY
  MAXIMUM         43    950 AM  81    1981  56    -13       63
  MINIMUM         39    511 AM  24    1954  41     -2       48
  AVERAGE         41                        49     -8       56

PRECIPITATION (IN)
  TODAY            0.21          1.90 1983   0.16   0.05     0.03
  MONTH TO DATE    0.80                      0.48   0.32     0.03
  SINCE MAR 1      5.97                      4.84   1.13     5.28
  SINCE JAN 1     13.98                     11.58   2.40    12.59

SNOWFALL (IN)
  TODAY            0.0          10.0  1915   0.0    0.0      0.0
  MONTH TO DATE    5.5                       0.1    5.4      0.0
  SINCE OCT 1     40.9                      25.3   15.6     30.2
  SINCE JUL 1     40.9                      25.3   15.6     30.2
  SNOW DEPTH       T

DEGREE DAYS
 HEATING
  TODAY           24                        17      7        9
  MONTH TO DATE   64                        51     13       44
  SINCE MAR 1    829                       751     78      837
  SINCE JUL 1   4075                      4273   -198     3820

 COOLING
  TODAY            0                         0      0        0
  MONTH TO DATE    0                         0      0        0
  SINCE MAR 1      0                         1     -1        0
  SINCE JAN 1      2                         1      1        0
..................................................................


WIND (MPH)
  HIGHEST WIND SPEED    10   HIGHEST WIND DIRECTION    SE (140)
  HIGHEST GUST SPEED    16   HIGHEST GUST DIRECTION    SE (150)
  AVERAGE WIND SPEED     3.8


SKY COVER
  AVERAGE SKY COVER 0.7


WEATHER CONDITIONS
 THE FOLLOWING WEATHER WAS RECORDED TODAY.
  RAIN
  LIGHT RAIN
  FOG
  HAZE


RELATIVE HUMIDITY (PERCENT)
 HIGHEST    93           200 PM
 LOWEST     70          1200 AM
 AVERAGE    82

..........................................................


THE CENTRAL PARK NY CLIMATE NORMALS FOR TOMORROW
                         NORMAL    RECORD    YEAR
 MAXIMUM TEMPERATURE (F)   57        80      1892
 MINIMUM TEMPERATURE (F)   41        21      1874


SUNRISE AND SUNSET
APRIL  3 2018.........SUNRISE   636 AM EDT   SUNSET   723 PM EDT
APRIL  4 2018.........SUNRISE   635 AM EDT   SUNSET   724 PM EDT


-  INDICATES NEGATIVE NUMBERS.
R  INDICATES RECORD WAS SET OR TIED.
MM INDICATES DATA IS MISSING.
T  INDICATES TRACE AMOUNT.




$$
