000
CDUS41 KOKX 160619
CLINYC


CLIMATE REPORT
NATIONAL WEATHER SERVICE NEW YORK NY
217 AM EDT MON APR 16 2018


...................................

...THE CENTRAL PARK NY CLIMATE SUMMARY FOR APRIL 15 2018...

CLIMATE NORMAL PERIOD 1981 TO 2010
CLIMATE RECORD PERIOD 1869 TO 2018


WEATHER ITEM   OBSERVED TIME   RECORD YEAR NORMAL DEPARTURE LAST
                VALUE   (LST)  VALUE       VALUE  FROM      YEAR
                                                  NORMAL
..................................................................
TEMPERATURE (F)
 YESTERDAY
  MAXIMUM         44    108 AM  87    1941  61    -17       65
  MINIMUM         38   1107 PM  28    1943  45     -7       51
  AVERAGE         41                        53    -12       58

PRECIPITATION (IN)
  YESTERDAY        0.47          7.57 2007   0.15   0.32     0.00
  MONTH TO DATE    1.48                      2.38  -0.90     1.96
  SINCE MAR 1      6.65                      6.74  -0.09     7.21
  SINCE JAN 1     14.66                     13.48   1.18    14.52

SNOWFALL (IN)
  YESTERDAY        0.0           1.0  1892   0.0    0.0      0.0
  MONTH TO DATE    5.5                       0.5    5.0      0.0
  SINCE OCT 1     40.9                      25.7   15.2     30.2
  SINCE JUL 1     40.9                      25.7   15.2     30.2
  SNOW DEPTH       0

DEGREE DAYS
 HEATING
  YESTERDAY       24                        12     12        7
  MONTH TO DATE  272                       222     50      157
  SINCE MAR 1   1037                       922    115      950
  SINCE JUL 1   4283                      4444   -161     3933

 COOLING
  YESTERDAY        0                         0      0        0
  MONTH TO DATE    6                         0      6        8
  SINCE MAR 1      6                         1      5        8
  SINCE JAN 1      8                         1      7        8
..................................................................


WIND (MPH)
  HIGHEST WIND SPEED    22   HIGHEST WIND DIRECTION     E (70)
  HIGHEST GUST SPEED    32   HIGHEST GUST DIRECTION     E (100)
  AVERAGE WIND SPEED    12.4


SKY COVER
  AVERAGE SKY COVER 1.0


WEATHER CONDITIONS
 THE FOLLOWING WEATHER WAS RECORDED YESTERDAY.
  HEAVY RAIN
  RAIN
  LIGHT RAIN
  FOG
  HAZE


RELATIVE HUMIDITY (PERCENT)
 HIGHEST    92           600 PM
 LOWEST     62           100 AM
 AVERAGE    77

..........................................................


THE CENTRAL PARK NY CLIMATE NORMALS FOR TODAY
                         NORMAL    RECORD    YEAR
 MAXIMUM TEMPERATURE (F)   62        92      2002
 MINIMUM TEMPERATURE (F)   45        29      1928


SUNRISE AND SUNSET
APRIL 16 2018.........SUNRISE   616 AM EDT   SUNSET   736 PM EDT
APRIL 17 2018.........SUNRISE   614 AM EDT   SUNSET   737 PM EDT


-  INDICATES NEGATIVE NUMBERS.
R  INDICATES RECORD WAS SET OR TIED.
MM INDICATES DATA IS MISSING.
T  INDICATES TRACE AMOUNT.




$$
