895
CDUS41 KOKX 090617
CLINYC


CLIMATE REPORT
NATIONAL WEATHER SERVICE NEW YORK NY
217 AM EDT MON APR 9 2018


...................................

...THE CENTRAL PARK NY CLIMATE SUMMARY FOR APRIL 8 2018...

CLIMATE NORMAL PERIOD 1981 TO 2010
CLIMATE RECORD PERIOD 1869 TO 2018


WEATHER ITEM   OBSERVED TIME   RECORD YEAR NORMAL DEPARTURE LAST
                VALUE   (LST)  VALUE       VALUE  FROM      YEAR
                                                  NORMAL
..................................................................
TEMPERATURE (F)
 YESTERDAY
  MAXIMUM         46    207 PM  90    1991  58    -12       57
  MINIMUM         32    621 AM  25    1982  42    -10       40
  AVERAGE         39                        50    -11       49

PRECIPITATION (IN)
  YESTERDAY        0.00          1.93 1940   0.15  -0.15     0.00
  MONTH TO DATE    1.00                      1.26  -0.26     1.94
  SINCE MAR 1      6.17                      5.62   0.55     7.19
  SINCE JAN 1     14.18                     12.36   1.82    14.50

SNOWFALL (IN)
  YESTERDAY        0.0           4.2  1956   0.0    0.0      0.0
  MONTH TO DATE    5.5                       0.3    5.2      0.0
  SINCE OCT 1     40.9                      25.5   15.4     30.2
  SINCE JUL 1     40.9                      25.5   15.4     30.2
  SNOW DEPTH       0

DEGREE DAYS
 HEATING
  YESTERDAY       26                        15     11       16
  MONTH TO DATE  169                       129     40      124
  SINCE MAR 1    934                       829    105      917
  SINCE JUL 1   4180                      4351   -171     3900

 COOLING
  YESTERDAY        0                         0      0        0
  MONTH TO DATE    0                         0      0        0
  SINCE MAR 1      0                         1     -1        0
  SINCE JAN 1      2                         1      1        0
..................................................................


WIND (MPH)
  HIGHEST WIND SPEED    18   HIGHEST WIND DIRECTION     W (290)
  HIGHEST GUST SPEED    30   HIGHEST GUST DIRECTION     W (290)
  AVERAGE WIND SPEED     8.5


SKY COVER
  AVERAGE SKY COVER 0.2


WEATHER CONDITIONS
 THE FOLLOWING WEATHER WAS RECORDED YESTERDAY.
  NO SIGNIFICANT WEATHER WAS OBSERVED.


RELATIVE HUMIDITY (PERCENT)
 HIGHEST    51           300 AM
 LOWEST     25           200 PM
 AVERAGE    38

..........................................................


THE CENTRAL PARK NY CLIMATE NORMALS FOR TODAY
                         NORMAL    RECORD    YEAR
 MAXIMUM TEMPERATURE (F)   59        86      1991
 MINIMUM TEMPERATURE (F)   43        25      1977


SUNRISE AND SUNSET
APRIL  9 2018.........SUNRISE   626 AM EDT   SUNSET   729 PM EDT
APRIL 10 2018.........SUNRISE   625 AM EDT   SUNSET   730 PM EDT


-  INDICATES NEGATIVE NUMBERS.
R  INDICATES RECORD WAS SET OR TIED.
MM INDICATES DATA IS MISSING.
T  INDICATES TRACE AMOUNT.




$$
