000
CDUS41 KOKX 290619
CLINYC


CLIMATE REPORT
NATIONAL WEATHER SERVICE NEW YORK NY
218 AM EDT THU MAR 29 2018


...................................

...THE CENTRAL PARK NY CLIMATE SUMMARY FOR MARCH 28 2018...

CLIMATE NORMAL PERIOD 1981 TO 2010
CLIMATE RECORD PERIOD 1869 TO 2018


WEATHER ITEM   OBSERVED TIME   RECORD YEAR NORMAL DEPARTURE LAST
                VALUE   (LST)  VALUE       VALUE  FROM      YEAR
                                                  NORMAL
..................................................................
TEMPERATURE (F)
 YESTERDAY
  MAXIMUM         52    619 PM  84    1945  54     -2       46
  MINIMUM         38   1227 AM  13    1923  39     -1       41
  AVERAGE         45                        46     -1       44

PRECIPITATION (IN)
  YESTERDAY        0.03          2.98 2005   0.15  -0.12     0.72
  MONTH TO DATE    5.11                      3.90   1.21     3.73
  SINCE MAR 1      5.11                      3.90   1.21     3.73
  SINCE JAN 1     13.12                     10.64   2.48    11.04

SNOWFALL (IN)
  YESTERDAY        0.0           1.5  1984   0.0    0.0      0.0
  MONTH TO DATE   11.6                       3.7    7.9      9.7
  SINCE OCT 1     35.4                      25.0   10.4     30.2
  SINCE JUL 1     35.4                      25.0   10.4     30.2
  SNOW DEPTH       0

DEGREE DAYS
 HEATING
  YESTERDAY       20                        19      1       21
  MONTH TO DATE  723                       645     78      734
  SINCE MAR 1    723                       645     78      734
  SINCE JUL 1   3969                      4167   -198     3717

 COOLING
  YESTERDAY        0                         0      0        0
  MONTH TO DATE    0                         0      0        0
  SINCE MAR 1      0                         0      0        0
  SINCE JAN 1      2                         0      2        0
..................................................................


WIND (MPH)
  HIGHEST WIND SPEED    12   HIGHEST WIND DIRECTION    SW (240)
  HIGHEST GUST SPEED    17   HIGHEST GUST DIRECTION     W (250)
  AVERAGE WIND SPEED     4.0


SKY COVER
  AVERAGE SKY COVER 0.8


WEATHER CONDITIONS
 THE FOLLOWING WEATHER WAS RECORDED YESTERDAY.
  LIGHT RAIN
  FOG


RELATIVE HUMIDITY (PERCENT)
 HIGHEST    85           500 AM
 LOWEST     63           300 PM
 AVERAGE    74

..........................................................


THE CENTRAL PARK NY CLIMATE NORMALS FOR TODAY
                         NORMAL    RECORD    YEAR
 MAXIMUM TEMPERATURE (F)   54        86      1945
 MINIMUM TEMPERATURE (F)   39        10      1923


SUNRISE AND SUNSET
MARCH 29 2018.........SUNRISE   644 AM EDT   SUNSET   718 PM EDT
MARCH 30 2018.........SUNRISE   643 AM EDT   SUNSET   719 PM EDT


-  INDICATES NEGATIVE NUMBERS.
R  INDICATES RECORD WAS SET OR TIED.
MM INDICATES DATA IS MISSING.
T  INDICATES TRACE AMOUNT.




$$
