000
CDUS41 KOKX 022035
CLINYC


CLIMATE REPORT
NATIONAL WEATHER SERVICE NEW YORK NY
434 PM EDT WED MAY 2 2018


...................................

...THE CENTRAL PARK NY CLIMATE SUMMARY FOR MAY 2 2018...
VALID TODAY AS OF 0400 PM LOCAL TIME.

CLIMATE NORMAL PERIOD 1981 TO 2010
CLIMATE RECORD PERIOD 1869 TO 2018


WEATHER ITEM   OBSERVED TIME   RECORD YEAR NORMAL DEPARTURE LAST
                VALUE   (LST)  VALUE       VALUE  FROM      YEAR
                                                  NORMAL
..................................................................
TEMPERATURE (F)
 TODAY
  MAXIMUM         90R   227 PM  90    2001  67     23       75
  MINIMUM         65    535 AM  37    1903  50     15       62
  AVERAGE         78                        58     20       69

PRECIPITATION (IN)
  TODAY            0.00          1.10 1897   0.12  -0.12      T
  MONTH TO DATE    0.00                      0.24  -0.24      T
  SINCE MAR 1     10.95                      9.10   1.85     9.09
  SINCE JAN 1     18.96                     15.84   3.12    16.40

SNOWFALL (IN)
  TODAY            0.0           0.0  2002   0.0    0.0      0.0
                                      2001
  MONTH TO DATE    0.0                       0.0    0.0      0.0
  SINCE OCT 1     40.9                      25.8   15.1     30.2
  SINCE JUL 1     40.9                      25.8   15.1     30.2
  SNOW DEPTH       0

DEGREE DAYS
 HEATING
  TODAY            0                         7     -7        0
  MONTH TO DATE    1                        15    -14        3
  SINCE MAR 1   1232                      1086    146     1057
  SINCE JUL 1   4478                      4608   -130     4040

 COOLING
  TODAY           13                         1     12        4
  MONTH TO DATE   13                         2     11        4
  SINCE MAR 1     19                        14      5       38
  SINCE JAN 1     21                        14      7       38
..................................................................


WIND (MPH)
  HIGHEST WIND SPEED    14   HIGHEST WIND DIRECTION     W (260)
  HIGHEST GUST SPEED    26   HIGHEST GUST DIRECTION     W (270)
  AVERAGE WIND SPEED     5.3


SKY COVER
  AVERAGE SKY COVER 0.0


WEATHER CONDITIONS
 THE FOLLOWING WEATHER WAS RECORDED TODAY.
  NO SIGNIFICANT WEATHER WAS OBSERVED.


RELATIVE HUMIDITY (PERCENT)
 HIGHEST    31           500 AM
 LOWEST     13           300 PM
 AVERAGE    22

..........................................................


THE CENTRAL PARK NY CLIMATE NORMALS FOR TOMORROW
                         NORMAL    RECORD    YEAR
 MAXIMUM TEMPERATURE (F)   67        90      2001
 MINIMUM TEMPERATURE (F)   50        36      1874


SUNRISE AND SUNSET
MAY  2 2018...........SUNRISE   553 AM EDT   SUNSET   753 PM EDT
MAY  3 2018...........SUNRISE   552 AM EDT   SUNSET   754 PM EDT


-  INDICATES NEGATIVE NUMBERS.
R  INDICATES RECORD WAS SET OR TIED.
MM INDICATES DATA IS MISSING.
T  INDICATES TRACE AMOUNT.




$$
