589
CDUS41 KOKX 180619
CLINYC


CLIMATE REPORT
NATIONAL WEATHER SERVICE NEW YORK NY
218 AM EDT WED APR 18 2018


...................................

...THE CENTRAL PARK NY CLIMATE SUMMARY FOR APRIL 17 2018...

CLIMATE NORMAL PERIOD 1981 TO 2010
CLIMATE RECORD PERIOD 1869 TO 2018


WEATHER ITEM   OBSERVED TIME   RECORD YEAR NORMAL DEPARTURE LAST
                VALUE   (LST)  VALUE       VALUE  FROM      YEAR
                                                  NORMAL
..................................................................
TEMPERATURE (F)
 YESTERDAY
  MAXIMUM         47   1043 AM  96    2002  62    -15       74
  MINIMUM         39   1159 PM  28    1875  45     -6       58
  AVERAGE         43                        54    -11       66

PRECIPITATION (IN)
  YESTERDAY        T             1.29 1954   0.15  -0.15      T
  MONTH TO DATE    4.30                      2.67   1.63     1.96
  SINCE MAR 1      9.47                      7.03   2.44     7.21
  SINCE JAN 1     17.48                     13.77   3.71    14.52

SNOWFALL (IN)
  YESTERDAY        0.0           T    1935   0.0    0.0      0.0
                                      2000
                                      2000
  MONTH TO DATE    5.5                       0.5    5.0      0.0
  SINCE OCT 1     40.9                      25.7   15.2     30.2
  SINCE JUL 1     40.9                      25.7   15.2     30.2
  SNOW DEPTH       0

DEGREE DAYS
 HEATING
  YESTERDAY       22                        12     10        0
  MONTH TO DATE  309                       246     63      157
  SINCE MAR 1   1074                       946    128      950
  SINCE JUL 1   4320                      4468   -148     3933

 COOLING
  YESTERDAY        0                         0      0        1
  MONTH TO DATE    6                         0      6       17
  SINCE MAR 1      6                         1      5       17
  SINCE JAN 1      8                         1      7       17
..................................................................


WIND (MPH)
  HIGHEST WIND SPEED    17   HIGHEST WIND DIRECTION     W (280)
  HIGHEST GUST SPEED    29   HIGHEST GUST DIRECTION     W (270)
  AVERAGE WIND SPEED     8.4


SKY COVER
  AVERAGE SKY COVER 1.0


WEATHER CONDITIONS
 THE FOLLOWING WEATHER WAS RECORDED YESTERDAY.
  LIGHT RAIN


RELATIVE HUMIDITY (PERCENT)
 HIGHEST    70           300 AM
 LOWEST     45          1100 AM
 AVERAGE    58

..........................................................


THE CENTRAL PARK NY CLIMATE NORMALS FOR TODAY
                         NORMAL    RECORD    YEAR
 MAXIMUM TEMPERATURE (F)   62        96      1976
 MINIMUM TEMPERATURE (F)   46        25      1875


SUNRISE AND SUNSET
APRIL 18 2018.........SUNRISE   613 AM EDT   SUNSET   739 PM EDT
APRIL 19 2018.........SUNRISE   611 AM EDT   SUNSET   740 PM EDT


-  INDICATES NEGATIVE NUMBERS.
R  INDICATES RECORD WAS SET OR TIED.
MM INDICATES DATA IS MISSING.
T  INDICATES TRACE AMOUNT.




$$
