000
CDUS41 KOKX 012033
CLINYC


CLIMATE REPORT
NATIONAL WEATHER SERVICE NEW YORK NY
433 PM EDT SUN APR 1 2018


...................................

...THE CENTRAL PARK NY CLIMATE SUMMARY FOR APRIL 1 2018...
VALID TODAY AS OF 0400 PM LOCAL TIME.

CLIMATE NORMAL PERIOD 1981 TO 2010
CLIMATE RECORD PERIOD 1869 TO 2018


WEATHER ITEM   OBSERVED TIME   RECORD YEAR NORMAL DEPARTURE LAST
                VALUE   (LST)  VALUE       VALUE  FROM      YEAR
                                                  NORMAL
..................................................................
TEMPERATURE (F)
 TODAY
  MAXIMUM         60   1222 PM  83    1917  56      4       48
  MINIMUM         46    346 AM  12    1923  40      6       37
  AVERAGE         53                        48      5       43

PRECIPITATION (IN)
  TODAY            0.00          1.89 1993   0.16  -0.16     0.00
  MONTH TO DATE    0.00                      0.16  -0.16     0.00
  SINCE MAR 1      5.17                      4.52   0.65     5.25
  SINCE JAN 1     13.18                     11.26   1.92    12.56

SNOWFALL (IN)
  TODAY            0.0           8.5  1924   0.1   -0.1      0.0
  MONTH TO DATE    0.0                       0.1   -0.1      0.0
  SINCE OCT 1     35.4                      25.3   10.1     30.2
  SINCE JUL 1     35.4                      25.3   10.1     30.2
  SNOW DEPTH       0

DEGREE DAYS
 HEATING
  TODAY           12                        17     -5       22
  MONTH TO DATE   12                        17     -5       22
  SINCE MAR 1    777                       717     60      815
  SINCE JUL 1   4023                      4239   -216     3798

 COOLING
  TODAY            0                         0      0        0
  MONTH TO DATE    0                         0      0        0
  SINCE MAR 1      0                         1     -1        0
  SINCE JAN 1      2                         1      1        0
..................................................................


WIND (MPH)
  HIGHEST WIND SPEED    14   HIGHEST WIND DIRECTION     W (250)
  HIGHEST GUST SPEED    25   HIGHEST GUST DIRECTION     S (180)
  AVERAGE WIND SPEED     6.1


SKY COVER
  AVERAGE SKY COVER 0.5


WEATHER CONDITIONS
 THE FOLLOWING WEATHER WAS RECORDED TODAY.
  NO SIGNIFICANT WEATHER WAS OBSERVED.


RELATIVE HUMIDITY (PERCENT)
 HIGHEST    51           200 PM
 LOWEST     31          1200 AM
 AVERAGE    41

..........................................................


THE CENTRAL PARK NY CLIMATE NORMALS FOR TOMORROW
                         NORMAL    RECORD    YEAR
 MAXIMUM TEMPERATURE (F)   56        81      1967
 MINIMUM TEMPERATURE (F)   40        22      1919


SUNRISE AND SUNSET
APRIL  1 2018.........SUNRISE   639 AM EDT   SUNSET   721 PM EDT
APRIL  2 2018.........SUNRISE   638 AM EDT   SUNSET   722 PM EDT


-  INDICATES NEGATIVE NUMBERS.
R  INDICATES RECORD WAS SET OR TIED.
MM INDICATES DATA IS MISSING.
T  INDICATES TRACE AMOUNT.




$$
