000
CDUS41 KOKX 222031
CLINYC


CLIMATE REPORT
NATIONAL WEATHER SERVICE NEW YORK NY
431 PM EDT TUE MAY 22 2018


...................................

...THE CENTRAL PARK NY CLIMATE SUMMARY FOR MAY 22 2018...
VALID TODAY AS OF 0400 PM LOCAL TIME.

CLIMATE NORMAL PERIOD 1981 TO 2010
CLIMATE RECORD PERIOD 1869 TO 2018


WEATHER ITEM   OBSERVED TIME   RECORD YEAR NORMAL DEPARTURE LAST
                VALUE   (LST)  VALUE       VALUE  FROM      YEAR
                                                  NORMAL
..................................................................
TEMPERATURE (F)
 TODAY
  MAXIMUM         68    856 AM  96    1941  72     -4       61
  MINIMUM         56    225 PM  44    1990  56      0       53
  AVERAGE         62                        64     -2       57

PRECIPITATION (IN)
  TODAY            0.20          1.25 1881   0.15   0.05     0.59
  MONTH TO DATE    2.61                      2.85  -0.24     5.44
  SINCE MAR 1     13.56                     11.71   1.85    14.53
  SINCE JAN 1     21.57                     18.45   3.12    21.84

SNOWFALL (IN)
  TODAY            0.0           0.0  2002   0.0    0.0      0.0
                                      2001
  MONTH TO DATE    0.0                       0.0    0.0      0.0
  SINCE OCT 1     40.9                      25.8   15.1     30.2
  SINCE JUL 1     40.9                      25.8   15.1     30.2
  SNOW DEPTH       0

DEGREE DAYS
 HEATING
  TODAY            3                         3      0        8
  MONTH TO DATE   58                       115    -57      141
  SINCE MAR 1   1289                      1186    103     1195
  SINCE JUL 1   4535                      4708   -173     4178

 COOLING
  TODAY            0                         2     -2        0
  MONTH TO DATE   68                        30     38       53
  SINCE MAR 1     74                        42     32       87
  SINCE JAN 1     76                        42     34       87
..................................................................


WIND (MPH)
  HIGHEST WIND SPEED     9   HIGHEST WIND DIRECTION     S (160)
  HIGHEST GUST SPEED    15   HIGHEST GUST DIRECTION     S (160)
  AVERAGE WIND SPEED     1.4


SKY COVER
  AVERAGE SKY COVER 0.6


WEATHER CONDITIONS
 THE FOLLOWING WEATHER WAS RECORDED TODAY.
  RAIN
  LIGHT RAIN
  FOG


RELATIVE HUMIDITY (PERCENT)
 HIGHEST    93           300 PM
 LOWEST     52          1200 AM
 AVERAGE    73

..........................................................


THE CENTRAL PARK NY CLIMATE NORMALS FOR TOMORROW
                         NORMAL    RECORD    YEAR
 MAXIMUM TEMPERATURE (F)   73        94      1964
 MINIMUM TEMPERATURE (F)   56        43      1963


SUNRISE AND SUNSET
MAY 22 2018...........SUNRISE   533 AM EDT   SUNSET   813 PM EDT
MAY 23 2018...........SUNRISE   532 AM EDT   SUNSET   814 PM EDT


-  INDICATES NEGATIVE NUMBERS.
R  INDICATES RECORD WAS SET OR TIED.
MM INDICATES DATA IS MISSING.
T  INDICATES TRACE AMOUNT.




$$
