000
CXUS51 KOKX 011651
CLSNYC

CLIMATE REPORT
NATIONAL WEATHER SERVICE NEW YORK NY
1149 AM EST THU MAR 1 2018

...................................

...THE CENTRAL PARK NY CLIMATE SUMMARY FOR THE SEASON, FROM
12/1/2017 TO 2/28/2018...

CLIMATE NORMAL PERIOD 1981 TO 2010
CLIMATE RECORD PERIOD 1869 TO 2018

WEATHER         OBSERVED          NORMAL  DEPART  LAST YEAR`S
                 VALUE   DATE(S)  VALUE   FROM    VALUE
                                          NORMAL
.............................................................
TEMPERATURE (F)
RECORD
 HIGH              78   02/21/2018
 LOW              -15   02/09/1934
HIGHEST            78R  02/21        MM      MM
LOWEST              5   01/07        MM      MM
AVG. MAXIMUM     42.7              41.0     1.7
AVG. MINIMUM     29.8              29.3     0.5
MEAN             36.2              35.1     1.1
DAYS MAX >= 90      0               0.0     0.0
DAYS MAX <= 32     21              16.6     4.4
DAYS MIN <= 32     50              52.4    -2.4
DAYS MIN <= 0       0               0.0     0.0

PRECIPITATION (INCHES)
RECORD
 MAXIMUM        20.71   1979
 MINIMUM         4.22   1901
TOTALS          10.22             10.74   -0.52    10.20
DAILY AVG.       0.12              0.12    0.00
DAYS >= .01        35              30.2     4.8
DAYS >= .10        20              18.9     1.1
DAYS >= .50         9               7.5     1.5
DAYS >= 1.00        1               3.0    -2.0
GREATEST
 24 HR. TOTAL    1.21   MM
 STORM TOTAL       MM
 (MM/DD(HH))            MM

SNOWFALL (INCHES)
RECORDS
 TOTAL           60.9   2011
 24 HR TOTAL     27.3   02/29/2016 TO 02/29/2016
                        02/29/2016 TO 02/29/2016
                        02/29/2016 TO 02/29/2016
TOTALS           23.8              21.0     2.8
 LIQUID EQUIV    2.38              2.10    0.28
SINCE 7/1        23.8              21.3     2.5
 LIQUID 7/1      2.38
DAYS >= TRACE      18               9.1     8.9
DAYS >= 1.0         5               4.9     0.1
GREATEST
 SNOW DEPTH         7   01/05
 24 HR TOTAL      9.8   MM
 STORM TOTAL       MM
 (MM/DD(HH))            MM

DEGREE_DAYS
HEATING TOTAL    2584              2690    -106
 SINCE 7/1         MM              3522      MM
COOLING TOTAL       2                 0       2
 SINCE 1/1          2                 0       2
..............................................................

WIND (MPH)
AVERAGE WIND SPEED              6.2
HIGHEST WIND SPEED/DIRECTION    24/310    DATE  01/04
HIGHEST GUST SPEED/DIRECTION    43/310    DATE  01/04

SKY COVER
POSSIBLE SUNSHINE (PERCENT)   MM
AVERAGE SKY COVER           0.40
NUMBER OF DAYS FAIR           40
NUMBER OF DAYS PC             26
NUMBER OF DAYS CLOUDY         24

AVERAGE RH (PERCENT)     62

WEATHER CONDITIONS. NUMBER OF DAYS WITH
  0
 10
  1
  0
  6
  0
  3
HAZE                     21

-  INDICATES NEGATIVE NUMBERS.
R  INDICATES RECORD WAS SET OR TIED.
MM INDICATES DATA IS MISSING.
T  INDICATES TRACE AMOUNT.

$$
