000
CXUS55 KPSR 011005
CF6NYL
PRELIMINARY LOCAL CLIMATOLOGICAL DATA (WS FORM: F-6)
STATION: YUMA AZ
MONTH: DECEMBER
YEAR: 2020
LATITUDE: 32 39 N
LONGITUDE: 114 37 W
TEMPERATURE IN F: :PCPN: SNOW: WIND :SUNSHINE: SKY :PK WND
================================================================================
1 2 3 4 5 6A 6B 7 8 9 10 11 12 13 14 15 16 17 18
12Z AVG MX 2MIN
DY MAX MIN AVG DEP HDD CDD WTR SNW DPTH SPD SPD DIR MIN PSBL S-S WX SPD DR
================================================================================
1 75 46 61 1 4 0 0.00 M M 6.6 18 350 M M 0 23 340
2 72 49 61 1 4 0 0.00 M M 9.8 22 10 M M 0 28 10
3 69 45 57 -2 8 0 0.00 M M 9.9 21 10 M M 0 26 10
4 70 41 56 -3 9 0 0.00 M M 5.6 13 340 M M 0 16 20
5 72 43 58 -1 7 0 0.00 M M 6.8 15 40 M M 0 17 30
6 75 42 59 1 6 0 0.00 M M 4.9 14 30 M M 0 17 30
7 73 50 62 4 3 0 0.00 M M 7.1 14 30 M M 5 17 20
8 75 55 65 7 0 0 0.00 M M 10.1 17 30 M M 5 8 20 30
9 72 47 60 2 5 0 0.00 M M 4.4 17 140 M M 3 20 140
10 68 52 60 2 5 0 0.19 M M 3.7 13 160 M M 5 1 15 170
11 66 48 57 0 8 0 0.00 M M 2.7 10 160 M M 5 18 150
12 67 44 56 -1 9 0 0.00 M M 2.7 12 30 M M 3 12 15 20
13 64 45 55 -2 10 0 0.00 M M 8.4 20 40 M M 0 25 40
14 68 42 55 -2 10 0 0.00 M M 4.8 16 290 M M 1 19 320
15 66 45 56 -1 9 0 0.00 M M 7.2 21 350 M M 0 27 360
16 67 42 55 -2 10 0 0.00 M M 6.5 15 360 M M 0 M M
17 62 44 53 -4 12 0 0.00 M M 5.3 14 30 M M 4 16 30
18 69 41 55 -2 10 0 0.00 M M 7.8 22 350 M M 0 29 340
19 69 42 56 -1 9 0 0.00 M M 6.7 14 360 M M 0 19 330
20 72 47 60 3 5 0 0.00 M M 7.8 15 10 M M 0 19 20
21 78 45 62 5 3 0 0.00 M M 5.1 13 30 M M 1 15 40
22 74 45 60 3 5 0 0.00 M M 2.9 12 190 M M 2 8 14 190
23 68 48 58 1 7 0 0.00 M M 9.2 24 360 M M 4 30 360
24 61 49 55 -2 10 0 T M M 11.0 18 350 M M 2 23 360
25 71 50 61 4 4 0 T M M 7.3 15 10 M M 1 20 10
26 74 48 61 4 4 0 0.00 M M 4.3 14 20 M M 0 16 10
27 72 50 61 4 4 0 0.00 M M 6.7 17 30 M M 0 20 40
28 66 45 56 -1 9 0 0.00 M M 6.1 20 300 M M 3 31 280
29 63 44 54 -3 11 0 0.00 M M 6.9 16 350 M M 4 21 10
30 66 44 55 -2 10 0 0.00 M M 11.3 22 10 M M 1 30 10
31 65 39 52 -5 13 0 0.00 M M 7.4 17 360 M M 0 22 350
================================================================================
SM 2149 1417 223 0 0.19 M 207.0 M 49
================================================================================
AV 69.3 45.7 6.7 FASTST M M 2 MAX(MPH)
MISC ----> 24 360 31 280
================================================================================
NOTES:
# LAST OF SEVERAL OCCURRENCES
COLUMN 17 PEAK WIND IN M.P.H.
PRELIMINARY LOCAL CLIMATOLOGICAL DATA (WS FORM: F-6) , PAGE 2
STATION: YUMA AZ
MONTH: DECEMBER
YEAR: 2020
LATITUDE: 32 39 N
LONGITUDE: 114 37 W
[TEMPERATURE DATA] [PRECIPITATION DATA] SYMBOLS USED IN COLUMN 16
AVERAGE MONTHLY: 57.5 TOTAL FOR MONTH: 0.19 1 = FOG OR MIST
DPTR FM NORMAL: 0.1 DPTR FM NORMAL: -0.32 2 = FOG REDUCING VISIBILITY
HIGHEST: 78 ON 21 GRTST 24HR 0.19 ON 10-10 TO 1/4 MILE OR LESS
LOWEST: 39 ON 31 3 = THUNDER
SNOW, ICE PELLETS, HAIL 4 = ICE PELLETS
TOTAL MONTH: M 5 = HAIL
GRTST 24HR M ON M 6 = FREEZING RAIN OR DRIZZLE
GRTST DEPTH: M ON M 7 = DUSTSTORM OR SANDSTORM:
VSBY 1/2 MILE OR LESS
8 = SMOKE OR HAZE
[NO. OF DAYS WITH] [WEATHER - DAYS WITH] 9 = BLOWING SNOW
X = TORNADO
MAX 32 OR BELOW: 0 0.01 INCH OR MORE: 1
MAX 90 OR ABOVE: 0 0.10 INCH OR MORE: 1
MIN 32 OR BELOW: 0 0.50 INCH OR MORE: 0
MIN 0 OR BELOW: 0 1.00 INCH OR MORE: 0
[HDD (BASE 65) ]
TOTAL THIS MO. 223 CLEAR (SCALE 0-3) 21
DPTR FM NORMAL -13 PTCLDY (SCALE 4-7) 10
TOTAL FM JUL 1 291 CLOUDY (SCALE 8-10) 0
DPTR FM NORMAL -9
[CDD (BASE 65) ]
TOTAL THIS MO. 0
DPTR FM NORMAL -2 [PRESSURE DATA]
TOTAL FM JAN 1 4895 HIGHEST SLP 30.38 ON 24
DPTR FM NORMAL 244 LOWEST SLP 29.79 ON 28
[REMARKS]
#FINAL-12-20#