000
CXUS56 KMTR 011100
CF6OAK
PRELIMINARY LOCAL CLIMATOLOGICAL DATA (WS FORM: F-6)
STATION: OAKLAND AIRPORT
MONTH: NOVEMBER
YEAR: 2021
LATITUDE: 37 43 N
LONGITUDE: 122 13 W
TEMPERATURE IN F: :PCPN: SNOW: WIND :SUNSHINE: SKY :PK WND
================================================================================
1 2 3 4 5 6A 6B 7 8 9 10 11 12 13 14 15 16 17 18
12Z AVG MX 2MIN
DY MAX MIN AVG DEP HDD CDD WTR SNW DPTH SPD SPD DIR MIN PSBL S-S WX SPD DR
================================================================================
1 64 59 62 4 3 0 0.13 M M 10.1 22 140 M M 10 1 26 140
2 67 56 62 4 3 0 0.02 M M 3.6 13 300 M M 6 1 15 310
3 70 50 60 2 5 0 0.00 M M 4.8 12 310 M M 2 1 14 310
4 66 52 59 1 6 0 0.15 M M 7.2 16 270 M M 6 1 23 240
5 63 47 55 -2 10 0 0.00 M M 4.8 16 280 M M 5 1 17 280
6 64 51 58 1 7 0 0.00 M M 4.7 13 330 M M 7 17 330
7 62 46 54 -3 11 0 0.00 M M 7.3 16 320 M M 3 19 320
8 61 45 53 -3 12 0 0.51 M M 7.6 37 150 M M 8 1 43 160
9 66 52 59 3 6 0 0.07 M M 12.4 29 150 M M 9 1 37 140
10 65 54 60 4 5 0 0.00 M M 4.6 13 310 M M 5 1 15 310
11 68 50 59 3 6 0 0.00 M M 3.6 14 310 M M 1 1 16 310
12 68 49 59 3 6 0 0.00 M M 3.5 14 310 M M 1 1 16 310
13 71 48 60 5 5 0 0.00 M M 3.6 13 300 M M 2 128 16 150
14 66 49 58 3 7 0 0.00 M M 3.6 15 300 M M 4 1 17 310
15 61 48 55 0 10 0 0.00 M M 2.6 12 280 M M 7 18 13 300
16 64 50 57 2 8 0 0.00 M M 5.0 14 290 M M 7 1 16 290
17 69 49 59 5 6 0 0.00 M M 5.1 14 40 M M 4 17 50
18 61 47 54 0 11 0 0.00 M M 4.4 14 300 M M 7 18 16 300
19 63 52 58 4 7 0 0.01 M M 5.2 12 310 M M 10 18 14 310
20 65 46 56 2 9 0 0.00 M M 4.2 12 290 M M 2 12 14 310
21 70 45 58 4 7 0 0.00 M M 6.2 13 80 M M 0 17 50
22 65 42 54 1 11 0 0.00 M M 4.1 14 310 M M 1 1 16 300
23 63 43 53 0 12 0 0.00 M M 3.5 8 40 M M 4 1 11 190
24 67 38 53 0 12 0 0.00 M M 3.9 13 40 M M 2 17 40
25 64 42 53 0 12 0 0.00 M M 4.6 12 310 M M 5 8 13 300
26 64 45 55 3 10 0 0.00 M M 4.8 13 120 M M 5 18 16 130
27 68 44 56 4 9 0 T M M 3.6 13 310 M M 3 14 300
28 68 46 57 5 8 0 0.00 M M 3.3 12 310 M M 0 18 13 310
29 68 45 57 5 8 0 0.00 M M 3.4 12 310 M M 0 18 13 300
30 69 43 56 4 9 0 0.00 M M 2.3 12 300 M M 2 18 12 300
================================================================================
SM 1970 1433 241 0 0.89 M 147.6 M 128
================================================================================
AV 65.7 47.8 4.9 FASTST M M 4 MAX(MPH)
MISC ----> 37 150 43 160
================================================================================
NOTES:
# LAST OF SEVERAL OCCURRENCES
COLUMN 17 PEAK WIND IN M.P.H.
PRELIMINARY LOCAL CLIMATOLOGICAL DATA (WS FORM: F-6) , PAGE 2
STATION: OAKLAND AIRPORT
MONTH: NOVEMBER
YEAR: 2021
LATITUDE: 37 43 N
LONGITUDE: 122 13 W
[TEMPERATURE DATA] [PRECIPITATION DATA] SYMBOLS USED IN COLUMN 16
AVERAGE MONTHLY: 56.7 TOTAL FOR MONTH: 0.89 1 = FOG OR MIST
DPTR FM NORMAL: 1.9 DPTR FM NORMAL: -1.13 2 = FOG REDUCING VISIBILITY
HIGHEST: 71 ON 13 GRTST 24HR 0.58 ON 8- 9 TO 1/4 MILE OR LESS
LOWEST: 38 ON 24 3 = THUNDER
SNOW, ICE PELLETS, HAIL 4 = ICE PELLETS
TOTAL MONTH: M 5 = HAIL
GRTST 24HR M ON M 6 = FREEZING RAIN OR DRIZZLE
GRTST DEPTH: M ON M 7 = DUSTSTORM OR SANDSTORM:
VSBY 1/2 MILE OR LESS
8 = SMOKE OR HAZE
[NO. OF DAYS WITH] [WEATHER - DAYS WITH] 9 = BLOWING SNOW
X = TORNADO
MAX 32 OR BELOW: 0 0.01 INCH OR MORE: 6
MAX 90 OR ABOVE: 0 0.10 INCH OR MORE: 3
MIN 32 OR BELOW: 0 0.50 INCH OR MORE: 1
MIN 0 OR BELOW: 0 1.00 INCH OR MORE: 0
[HDD (BASE 65) ]
TOTAL THIS MO. 241 CLEAR (SCALE 0-3) 13
DPTR FM NORMAL -64 PTCLDY (SCALE 4-7) 14
TOTAL FM JUL 1 418 CLOUDY (SCALE 8-10) 3
DPTR FM NORMAL -185
[CDD (BASE 65) ]
TOTAL THIS MO. 0
DPTR FM NORMAL -1 [PRESSURE DATA]
TOTAL FM JAN 1 156 HIGHEST SLP 30.40 ON 25
DPTR FM NORMAL -20 LOWEST SLP 29.94 ON 8
[REMARKS]
#FINAL-11-21#