000
CXUS56 KMTR 080911
CF6OAK
PRELIMINARY LOCAL CLIMATOLOGICAL DATA (WS FORM: F-6)
STATION: OAKLAND AIRPORT
MONTH: APRIL
YEAR: 2021
LATITUDE: 37 43 N
LONGITUDE: 122 13 W
TEMPERATURE IN F: :PCPN: SNOW: WIND :SUNSHINE: SKY :PK WND
================================================================================
1 2 3 4 5 6A 6B 7 8 9 10 11 12 13 14 15 16 17 18
12Z AVG MX 2MIN
DY MAX MIN AVG DEP HDD CDD WTR SNW DPTH SPD SPD DIR MIN PSBL S-S WX SPD DR
================================================================================
1 82 48 65 9 0 0 0.00 M M 4.8 18 290 M M 0 21 290
2 62 50 56 0 9 0 0.00 M M 11.3 22 290 M M 4 24 290
3 61 51 56 0 9 0 0.00 M M 11.5 18 270 M M 8 22 280
4 61 52 57 1 8 0 0.00 M M 12.2 21 270 M M 8 25 260
5 56 51 54 -2 11 0 0.00 M M 12.0 20 270 M M 9 23 280
6 61 50 56 -1 9 0 0.00 M M 9.6 21 270 M M 7 24 260
7 59 50 55 -2 10 0 0.00 M M 14.0 24 270 M M 7 27 270
8 62 49 56 -1 9 0 0.00 M M 11.2 22 260 M M 5 26 250
9 59 49 54 -3 11 0 0.00 M M 16.3 25 260 M M 5 30 260
10 63 45 54 -3 11 0 0.00 M M 9.2 24 270 M M 5 28 270
11 66 48 57 0 8 0 0.00 M M 9.5 18 280 M M 6 1 22 220
12 65 46 56 -1 9 0 0.00 M M 9.1 18 300 M M 7 8 20 300
13 60 51 56 -1 9 0 0.00 M M 15.4 23 270 M M 6 8 27 260
14 65 50 58 1 7 0 0.00 M M 8.5 21 280 M M 3 24 300
15 63 46 55 -2 10 0 0.00 M M 9.3 18 290 M M 2 21 290
16 61 47 54 -3 11 0 0.00 M M 10.9 21 280 M M 5 25 290
17 63 50 57 -1 8 0 0.00 M M 9.1 18 280 M M 5 1 21 280
18 75 46 61 3 4 0 0.00 M M 6.2 17 280 M M 1 1 20 280
19 62 50 56 -2 9 0 0.00 M M 10.1 21 280 M M 5 25 250
20 62 51 57 -1 8 0 0.00 M M 14.8 31 260 M M 6 36 270
21 61 51 56 -2 9 0 0.00 M M 9.7 20 280 M M 7 8 25 280
22 59 51 55 -3 10 0 T M M 12.4 22 270 M M 9 26 280
23 64 51 58 0 7 0 T M M 11.7 24 270 M M 8 1 29 270
24 64 51 58 0 7 0 T M M 10.7 22 260 M M 9 18 25 270
25 59 51 55 -3 10 0 T M M 11.5 22 220 M M 8 26 220
26 61 46 54 -4 11 0 0.00 M M 11.5 24 280 M M 6 26 280
27 70 43 57 -1 8 0 0.00 M M 7.7 23 270 M M 1 26 270
28 78 47 63 5 2 0 0.00 M M 6.7 17 280 M M 1 20 290
29 64 50 57 -1 8 0 0.00 M M 10.0 21 290 M M 5 23 290
30 62 47 55 -4 10 0 T M M 11.2 22 280 M M 8 1 26 290
================================================================================
SM 1910 1468 252 0 T M 318.1 M 166
================================================================================
AV 63.7 48.9 10.6 FASTST M M 6 MAX(MPH)
MISC ----> 31 260 36 270
================================================================================
NOTES:
# LAST OF SEVERAL OCCURRENCES
COLUMN 17 PEAK WIND IN M.P.H.
PRELIMINARY LOCAL CLIMATOLOGICAL DATA (WS FORM: F-6) , PAGE 2
STATION: OAKLAND AIRPORT
MONTH: APRIL
YEAR: 2021
LATITUDE: 37 43 N
LONGITUDE: 122 13 W
[TEMPERATURE DATA] [PRECIPITATION DATA] SYMBOLS USED IN COLUMN 16
AVERAGE MONTHLY: 56.3 TOTAL FOR MONTH: T 1 = FOG OR MIST
DPTR FM NORMAL: -1.1 DPTR FM NORMAL: -1.35 2 = FOG REDUCING VISIBILITY
HIGHEST: 82 ON 1 GRTST 24HR T ON 22-22 TO 1/4 MILE OR LESS
LOWEST: 43 ON 27 3 = THUNDER
SNOW, ICE PELLETS, HAIL 4 = ICE PELLETS
TOTAL MONTH: M 5 = HAIL
GRTST 24HR M ON M 6 = FREEZING RAIN OR DRIZZLE
GRTST DEPTH: M ON M 7 = DUSTSTORM OR SANDSTORM:
VSBY 1/2 MILE OR LESS
8 = SMOKE OR HAZE
[NO. OF DAYS WITH] [WEATHER - DAYS WITH] 9 = BLOWING SNOW
X = TORNADO
MAX 32 OR BELOW: 0 0.01 INCH OR MORE: 0
MAX 90 OR ABOVE: 0 0.10 INCH OR MORE: 0
MIN 32 OR BELOW: 0 0.50 INCH OR MORE: 0
MIN 0 OR BELOW: 0 1.00 INCH OR MORE: 0
[HDD (BASE 65) ]
TOTAL THIS MO. 252 CLEAR (SCALE 0-3) 6
DPTR FM NORMAL 18 PTCLDY (SCALE 4-7) 19
TOTAL FM JUL 1 1851 CLOUDY (SCALE 8-10) 5
DPTR FM NORMAL -578
[CDD (BASE 65) ]
TOTAL THIS MO. 0
DPTR FM NORMAL -4 [PRESSURE DATA]
TOTAL FM JAN 1 5 HIGHEST SLP 30.24 ON 29
DPTR FM NORMAL 0 LOWEST SLP 29.82 ON 12
[REMARKS]
#FINAL-04-21#