000
CXUS53 KOAX 011309
CF6OAX
PRELIMINARY LOCAL CLIMATOLOGICAL DATA (WS FORM: F-6)
STATION: VALLEY NWS NE
MONTH: APRIL
YEAR: 2023
LATITUDE: 41 19 N
LONGITUDE: 96 22 W
TEMPERATURE IN F: :PCPN: SNOW: WIND :SUNSHINE: SKY :PK WND
================================================================================
1 2 3 4 5 6A 6B 7 8 9 10 11 12 13 14 15 16 17 18
12Z AVG MX 2MIN
DY MAX MIN AVG DEP HDD CDD WTR SNW DPTH SPD SPD DIR MIN PSBL S-S WX SPD DR
================================================================================
1 54 29 42 -5 23 0 T T 0 M M M M M M 45 M
2 73 43 58 11 7 0 0.00 0.0 0 M M M M M M 24 M
3 61 40 51 3 14 0 0.00 0.0 0 M M M M M M 31 M
4 68 35 52 4 13 0 0.00 0.0 0 M M M M M M 32 M
5 45 26 36 -12 29 0 0.00 0.0 0 M M M M M M 33 M
6 59 22 41 -7 24 0 0.00 0.0 0 M M M M M M 28 M
7 70 35 53 4 12 0 0.00 0.0 0 M M M M M M 8 36 M
8 74 42 58 9 7 0 0.00 0.0 0 M M M M M M 30 M
9 77 48 63 13 2 0 0.04 0.0 0 M M M M M M 28 M
10 74 49 62 12 3 0 0.14 0.0 0 M M M M M M 3 22 M
11 83 50 67 17 0 2 0.00 0.0 0 M M M M M M 8 33 M
12 87 58 73 23 0 8 0.00 0.0 0 M M M M M M 32 M
13 88 57 73 22 0 8 0.00 0.0 0 M M M M M M 43 M
14 83 50 67 16 0 2 0.10 0.0 0 M M M M M M 3 31 M
15 50 39 45 -7 20 0 0.13 0.0 0 M M M M M M 37 M
16 57 37 47 -5 18 0 0.00 0.0 0 M M M M M M 51 M
17 65 32 49 -3 16 0 0.00 0.0 0 M M M M M M 21 M
18 73 43 58 6 7 0 0.64 0.0 0 M M M M M M 3 41 M
19 79 54 67 14 0 2 0.01 0.0 0 M M M M M M 3 29 M
20 58 42 50 -3 15 0 0.39 0.0 0 M M M M M M 3 40 M
21 46 35 41 -12 24 0 T T 0 M M M M M M 37 M
22 49 32 41 -13 24 0 T T 0 M M M M M M 32 M
23 55 26 41 -13 24 0 0.00 0.0 0 M M M M M M 24 M
24 67 39 53 -1 12 0 0.00 0.0 0 M M M M M M 21 M
25 64 40 52 -3 13 0 0.00 0.0 0 M M M M M M 21 M
26 69 42 56 1 9 0 0.00 0.0 0 M M M M M M 21 M
27 70 44 57 1 8 0 0.00 0.0 0 M M M M M M 25 M
28 58 43 51 -5 14 0 0.52 0.0 0 M M M M M M 36 M
29 70 38 54 -2 11 0 0.00 0.0 0 M M M M M M 44 M
30 60 41 51 -6 14 0 0.00 0.0 0 M M M M M M 47 M
================================================================================
SM 1986 1211 363 22 1.97 T M M M
================================================================================
AV 66.2 40.4 M FASTST M M M MAX(MPH)
MISC ----> M M 51 9999
================================================================================
NOTES:
# LAST OF SEVERAL OCCURRENCES
COLUMN 17 PEAK WIND IN M.P.H.
PRELIMINARY LOCAL CLIMATOLOGICAL DATA (WS FORM: F-6) , PAGE 2
STATION: VALLEY NWS NE
MONTH: APRIL
YEAR: 2023
LATITUDE: 41 19 N
LONGITUDE: 96 22 W
[TEMPERATURE DATA] [PRECIPITATION DATA] SYMBOLS USED IN COLUMN 16
AVERAGE MONTHLY: 53.3 TOTAL FOR MONTH: 1.97 1 = FOG OR MIST
DPTR FM NORMAL: 1.6 DPTR FM NORMAL: -1.14 2 = FOG REDUCING VISIBILITY
HIGHEST: 88 ON 13 GRTST 24HR 0.65 ON 18-19 TO 1/4 MILE OR LESS
LOWEST: 22 ON 6 3 = THUNDER
SNOW, ICE PELLETS, HAIL 4 = ICE PELLETS
TOTAL MONTH: T 5 = HAIL
GRTST 24HR T ON 1- 1 6 = FREEZING RAIN OR DRIZZLE
GRTST DEPTH: 0 7 = DUSTSTORM OR SANDSTORM:
VSBY 1/2 MILE OR LESS
8 = SMOKE OR HAZE
[NO. OF DAYS WITH] [WEATHER - DAYS WITH] 9 = BLOWING SNOW
X = TORNADO
MAX 32 OR BELOW: 0 0.01 INCH OR MORE: 8
MAX 90 OR ABOVE: 0 0.10 INCH OR MORE: 6
MIN 32 OR BELOW: 6 0.50 INCH OR MORE: 2
MIN 0 OR BELOW: 0 1.00 INCH OR MORE: 0
[HDD (BASE 65) ]
TOTAL THIS MO. 363 CLEAR (SCALE 0-3) 0
DPTR FM NORMAL -47 PTCLDY (SCALE 4-7) 0
TOTAL FM JUL 1 5751 CLOUDY (SCALE 8-10) 30
DPTR FM NORMAL -36
[CDD (BASE 65) ]
TOTAL THIS MO. 22
DPTR FM NORMAL 12 [PRESSURE DATA]
TOTAL FM JAN 1 22 HIGHEST SLP M ON M
DPTR FM NORMAL 11 LOWEST SLP M ON M
[REMARKS]
#FINAL-04-23#