000
CXUS54 KMAF 030138
CF6ODO
PRELIMINARY LOCAL CLIMATOLOGICAL DATA (WS FORM: F-6)
STATION: ODESSA SCHLEYMEYER
MONTH: APRIL
YEAR: 2022
LATITUDE: 31 55 N
LONGITUDE: 102 23 W
TEMPERATURE IN F: :PCPN: SNOW: WIND :SUNSHINE: SKY :PK WND
================================================================================
1 2 3 4 5 6A 6B 7 8 9 10 11 12 13 14 15 16 17 18
12Z AVG MX 2MIN
DY MAX MIN AVG DEP HDD CDD WTR SNW DPTH SPD SPD DIR MIN PSBL S-S WX SPD DR
================================================================================
1 85 52 69 7 0 4 0.00 M M 15.9 26 10 M M 0 8 37 10
2 81 44 63 1 2 0 0.00 M M 8.9 17 140 M M 0 22 140
3 90 57 74 12 0 9 T M M 14.1 24 180 M M 1 38 29 190
4 80 54 67 4 0 2 0.00 M M 8.4 21 50 M M 2 24 40
5 92 52 72 9 0 7 0.00 M M 14.7 31 270 M M 0 38 250
6 75 50 63 0 2 0 0.00 M M 14.5 31 40 M M 2 8 40 30
7 69 41 55 -8 10 0 0.00 M M 7.1 20 70 M M 1 25 70
8 71 40 56 -8 9 0 0.00 M M 7.8 16 70 M M 0 21 60
9 89 47 68 4 0 3 0.00 M M 13.8 24 210 M M 0 32 180
10 90 61 76 12 0 11 0.00 M M 15.2 30 250 M M 0 37 260
11 89 64 77 13 0 12 0.00 M M 13.1 25 290 M M 0 38 240
12 91 65 78 14 0 13 0.00 M M 17.3 37 240 M M 0 8 45 250
13 75 56 66 1 0 1 0.00 M M 12.0 23 360 M M 1 30 280
14 86 49 68 3 0 3 0.00 M M 11.9 25 200 M M 0 33 180
15 94 60 77 12 0 12 0.00 M M 14.2 29 240 M M 0 39 260
16 77 59 68 3 0 3 0.00 M M 10.4 25 30 M M 0 18 31 40
17 92 51 72 6 0 7 0.00 M M 10.1 23 340 M M 0 8 30 350
18 81 53 67 1 0 2 0.00 M M 16.8 25 80 M M 1 33 80
19 77 60 69 3 0 4 0.00 M M 19.9 26 170 M M 5 35 170
20 96 62 79 13 0 14 0.00 M M 13.6 26 260 M M 1 18 35 300
21 96 65 81 14 0 16 0.00 M M 14.4 29 170 M M 0 18 37 160
22 88 71 80 13 0 15 0.00 M M 24.8 38 160 M M 5 8 49 180
23 91 66 79 12 0 14 0.00 M M 14.8 36 190 M M 0 8 46 190
24 85 59 72 5 0 7 0.00 M M 11.0 24 90 M M 4 29 80
25 72 56 64 -4 1 0 0.00 M M 16.7 28 90 M M 4 35 90
26 73 45 59 -9 6 0 0.00 M M 11.5 20 140 M M 1 25 120
27 84 60 72 4 0 7 0.00 M M 17.2 28 150 M M 4 35 170
28 96 63 80 12 0 15 0.00 M M 15.9 28 170 M M 0 8 34 170
29 93 66 80 11 0 15 0.00 M M 14.8 25 260 M M 0 31 270
30 83 58 71 2 0 6 0.00 M M 13.2 29 60 M M 1 8 34 60
================================================================================
SM 2541 1686 30 202 T M 414.0 M 33
================================================================================
AV 84.7 56.2 13.8 FASTST M M 1 MAX(MPH)
MISC ----> 38 160 49 180
================================================================================
NOTES:
# LAST OF SEVERAL OCCURRENCES
COLUMN 17 PEAK WIND IN M.P.H.
PRELIMINARY LOCAL CLIMATOLOGICAL DATA (WS FORM: F-6) , PAGE 2
STATION: ODESSA SCHLEYMEYER
MONTH: APRIL
YEAR: 2022
LATITUDE: 31 55 N
LONGITUDE: 102 23 W
[TEMPERATURE DATA] [PRECIPITATION DATA] SYMBOLS USED IN COLUMN 16
AVERAGE MONTHLY: 70.5 TOTAL FOR MONTH: T 1 = FOG OR MIST
DPTR FM NORMAL: 5.0 DPTR FM NORMAL: -0.65 2 = FOG REDUCING VISIBILITY
HIGHEST: 96 ON 28,21 GRTST 24HR T ON 3- 3 TO 1/4 MILE OR LESS
LOWEST: 40 ON 8 3 = THUNDER
SNOW, ICE PELLETS, HAIL 4 = ICE PELLETS
TOTAL MONTH: M 5 = HAIL
GRTST 24HR M ON M 6 = FREEZING RAIN OR DRIZZLE
GRTST DEPTH: M ON M 7 = DUSTSTORM OR SANDSTORM:
VSBY 1/2 MILE OR LESS
8 = SMOKE OR HAZE
[NO. OF DAYS WITH] [WEATHER - DAYS WITH] 9 = BLOWING SNOW
X = TORNADO
MAX 32 OR BELOW: 0 0.01 INCH OR MORE: 0
MAX 90 OR ABOVE: 11 0.10 INCH OR MORE: 0
MIN 32 OR BELOW: 0 0.50 INCH OR MORE: 0
MIN 0 OR BELOW: 0 1.00 INCH OR MORE: 0
[HDD (BASE 65) ]
TOTAL THIS MO. 30 CLEAR (SCALE 0-3) 25
DPTR FM NORMAL -65 PTCLDY (SCALE 4-7) 5
TOTAL FM JUL 1 2032 CLOUDY (SCALE 8-10) 0
DPTR FM NORMAL -463
[CDD (BASE 65) ]
TOTAL THIS MO. 202
DPTR FM NORMAL 97 [PRESSURE DATA]
TOTAL FM JAN 1 240 HIGHEST SLP 30.34 ON 26
DPTR FM NORMAL 105 LOWEST SLP 29.42 ON 12
[REMARKS]
#FINAL-04-22#