000
CXUS53 KGID 010830
CF6ODX
PRELIMINARY LOCAL CLIMATOLOGICAL DATA (WS FORM: F-6)
STATION: ORD NE
MONTH: JUNE
YEAR: 2023
LATITUDE: 41 37 N
LONGITUDE: 98 57 W
TEMPERATURE IN F: :PCPN: SNOW: WIND :SUNSHINE: SKY :PK WND
================================================================================
1 2 3 4 5 6A 6B 7 8 9 10 11 12 13 14 15 16 17 18
12Z AVG MX 2MIN
DY MAX MIN AVG DEP HDD CDD WTR SNW DPTH SPD SPD DIR MIN PSBL S-S WX SPD DR
================================================================================
1 82 60 71 6 0 6 0.02 M M 7.8 22 190 M M 2 30 190
2 74 60 67 1 0 2 0.31 M M 8.3 20 170 M M 5 13 28 140
3 84 57 71 5 0 6 0.19 M M 4.8 16 230 M M 5 1238 20 130
4 87 60 74 8 0 9 0.00 M M 4.5 23 90 M M 2 1 32 100
5 87 57 72 5 0 7 T M M 2.7 16 50 M M 1 1 21 40
6 89 56 73 6 0 8 0.00 M M 1.4 9 210 M M 0 13 14 130
7 92 58 75 8 0 10 0.00 M M 1.5 7 200 M M 0 1 11 30
8 93 60 77 9 0 12 0.65 M M 3.1 25 20 M M 2 3 40 30
9 88 64 76 8 0 11 0.42 M M 7.6 24 100 M M M 38 100
10 82 61 72 4 0 7 0.05 M M 5.4 15 20 M M M 20 350
11 74 50 62 -6 3 0 T M M 10.5 20 20 M M M 28 20
12 75 44 60 -9 5 0 0.00 M M 2.1 9 200 M M 0 14 200
13 80 47 64 -5 1 0 0.00 M M 3.0 9 160 M M 0 14 160
14 83 50 67 -2 0 2 0.00 M M 2.9 13 250 M M 0 16 260
15 89 51 70 0 0 5 0.00 M M 3.9 15 180 M M 0 20 190
16 86 60 73 3 0 8 0.00 M M 9.9 21 330 M M 2 3 30 320
17 70 54 62 -8 3 0 0.24 M M 5.5 15 320 M M 6 13 20 330
18 87 50 69 -1 0 4 0.00 M M 4.9 16 180 M M 0 12 22 190
19 94 61 78 8 0 13 0.00 M M 10.8 23 180 M M 0 35 170
20 92 63 78 7 0 13 0.00 M M 10.8 22 140 M M 1 31 130
21 80 64 72 1 0 7 0.23 M M 6.8 17 120 M M 4 13 23 110
22 86 60 73 2 0 8 0.05 M M 4.9 16 290 M M 2 138 20 290
23 89 61 75 4 0 10 0.06 M M 8.1 20 140 M M 4 13 29 140
24 85 58 72 0 0 7 0.79 M M 13.8 45 270 M M 2 13 68 260
25 82 55 69 -3 0 4 0.00 M M 14.5 28 330 M M 0 38 330
26 83 50 67 -5 0 2 0.00 M M 4.8 12 50 M M 1 18 60
27 86 59 73 1 0 8 0.01 M M 10.9 26 160 M M 1 3 39 170
28 90 65 78 6 0 13 T M M 7.9 15 10 M M 1 3 22 350
29 91 66 79 6 0 14 0.08 M M 6.6 22 300 M M 1 31 300
30 85 66 76 3 0 11 T M M 6.5 22 310 M M 5 3 30 300
================================================================================
SM 2545 1727 12 207 3.10 M 196.2 M 47
================================================================================
AV 84.8 57.6 6.5 FASTST M M 2 MAX(MPH)
MISC ----> 45 270 68 260
================================================================================
NOTES:
# LAST OF SEVERAL OCCURRENCES
COLUMN 17 PEAK WIND IN M.P.H.
PRELIMINARY LOCAL CLIMATOLOGICAL DATA (WS FORM: F-6) , PAGE 2
STATION: ORD NE
MONTH: JUNE
YEAR: 2023
LATITUDE: 41 37 N
LONGITUDE: 98 57 W
[TEMPERATURE DATA] [PRECIPITATION DATA] SYMBOLS USED IN COLUMN 16
AVERAGE MONTHLY: 71.2 TOTAL FOR MONTH: 3.10 1 = FOG OR MIST
DPTR FM NORMAL: 1.8 DPTR FM NORMAL: -0.55 2 = FOG REDUCING VISIBILITY
HIGHEST: 94 ON 19 GRTST 24HR 0.85 ON 23-24 TO 1/4 MILE OR LESS
LOWEST: 44 ON 12 3 = THUNDER
SNOW, ICE PELLETS, HAIL 4 = ICE PELLETS
TOTAL MONTH: M 5 = HAIL
GRTST 24HR M ON M 6 = FREEZING RAIN OR DRIZZLE
GRTST DEPTH: M ON M 7 = DUSTSTORM OR SANDSTORM:
VSBY 1/2 MILE OR LESS
8 = SMOKE OR HAZE
[NO. OF DAYS WITH] [WEATHER - DAYS WITH] 9 = BLOWING SNOW
X = TORNADO
MAX 32 OR BELOW: 0 0.01 INCH OR MORE: 13
MAX 90 OR ABOVE: 6 0.10 INCH OR MORE: 7
MIN 32 OR BELOW: 0 0.50 INCH OR MORE: 2
MIN 0 OR BELOW: 0 1.00 INCH OR MORE: 0
[HDD (BASE 65) ]
TOTAL THIS MO. 12 CLEAR (SCALE 0-3) 21
DPTR FM NORMAL -23 PTCLDY (SCALE 4-7) 6
TOTAL FM JUL 1 6508 CLOUDY (SCALE 8-10) 3
DPTR FM NORMAL -130
[CDD (BASE 65) ]
TOTAL THIS MO. 207
DPTR FM NORMAL 40 [PRESSURE DATA]
TOTAL FM JAN 1 279 HIGHEST SLP 30.11 ON 5
DPTR FM NORMAL 70 LOWEST SLP 29.63 ON 18
[REMARKS]
#FINAL-06-23#