000
CXUS52 KCAE 011400
CF6OGB
PRELIMINARY LOCAL CLIMATOLOGICAL DATA (WS FORM: F-6)
STATION: ORANGEBURG AIRPORT SC
MONTH: JULY
YEAR: 2022
LATITUDE: 33 27 N
LONGITUDE: 80 51 W
TEMPERATURE IN F: :PCPN: SNOW: WIND :SUNSHINE: SKY :PK WND
================================================================================
1 2 3 4 5 6A 6B 7 8 9 10 11 12 13 14 15 16 17 18
12Z AVG MX 2MIN
DY MAX MIN AVG DEP HDD CDD WTR SNW DPTH SPD SPD DIR MIN PSBL S-S WX SPD DR
================================================================================
1 86 73 80 -1 0 15 0.09 M M 4.1 14 120 M M 5 13 17 130
2 91 73 82 1 0 17 0.00 M M 4.9 12 300 M M 7 1 16 300
3 95 73 84 3 0 19 0.00 M M 4.2 15 350 M M 1 3 22 350
4 94 73 84 3 0 19 0.00 M M 3.0 14 120 M M 1 3 20 120
5 93 74 84 2 0 19 0.00 M M 4.9 12 180 M M 4 12 16 200
6 94 71 83 1 0 18 2.38 M M 5.7 16 210 M M 4 13 26 110
7 95 75 85 3 0 20 0.01 M M 5.0 17 240 M M 1 32 260
8 90 75 83 1 0 18 0.34 M M 5.6 22 290 M M 2 13 30 280
9 89 74 82 0 0 17 0.01 M M 7.7 23 210 M M 6 3 27 210
10 89 72 81 -1 0 16 1.73 M M 5.6 15 40 M M 9 13 20 40
11 80 71 76 -6 0 11 0.00 M M 5.2 12 10 M M 10 1 16 40
12 88 73 81 -1 0 16 T M M 2.0 8 210 M M 5 11 260
13 85 75 80 -2 0 15 0.50 M M 5.3 12 190 M M 4 13 14 350
14 88 73 81 -1 0 16 0.02 M M 4.9 16 140 M M 2 3 24 150
15 87 73 80 -2 0 15 0.34 M M 4.0 14 160 M M 4 13 18 160
16 90 73 82 0 0 17 T M M 4.4 14 170 M M 1 1 18 160
17 90 71 81 -1 0 16 0.00 M M 3.8 14 170 M M 1 1 18 160
18 90 72 81 -1 0 16 0.00 M M 6.5 16 180 M M 1 21 180
19 93 74 84 2 0 19 0.12 M M 8.8 17 180 M M 2 3 21 230
20 90 73 82 0 0 17 T M M 8.2 16 220 M M 2 20 220
21 88 74 81 -1 0 16 0.01 M M 9.1 17 220 M M 5 13 22 220
22 93 75 84 2 0 19 T M M 8.4 16 120 M M 3 24 130
23 93 72 83 1 0 18 0.00 M M 5.4 15 200 M M 1 20 70
24 93 73 83 1 0 18 0.05 M M 3.7 16 230 M M 1 13 21 210
25 93 72 83 1 0 18 0.00 M M 7.0 15 230 M M 2 20 190
26 94 76 85 3 0 20 0.00 M M 8.0 16 200 M M 0 21 240
27 95 74 85 3 0 20 0.00 M M 7.3 14 220 M M 1 20 220
28 95 75 85 3 0 20 0.00 M M 7.9 16 210 M M 0 22 240
29 96 75 86 4 0 21 0.00 M M 8.2 16 230 M M 1 24 220
30 95 75 85 3 0 20 0.00 M M 4.3 15 310 M M 3 3 20 310
31 96 75 86 4 0 21 0.18 M M 5.5 18 250 M M 1 1 24 260
================================================================================
SM 2828 2277 0 547 5.78 M 178.6 M 90
================================================================================
AV 91.2 73.5 5.8 FASTST M M 3 MAX(MPH)
MISC ----> 23 210 32 260
================================================================================
NOTES:
# LAST OF SEVERAL OCCURRENCES
COLUMN 17 PEAK WIND IN M.P.H.
PRELIMINARY LOCAL CLIMATOLOGICAL DATA (WS FORM: F-6) , PAGE 2
STATION: ORANGEBURG AIRPORT SC
MONTH: JULY
YEAR: 2022
LATITUDE: 33 27 N
LONGITUDE: 80 51 W
[TEMPERATURE DATA] [PRECIPITATION DATA] SYMBOLS USED IN COLUMN 16
AVERAGE MONTHLY: 82.3 TOTAL FOR MONTH: 5.78 1 = FOG OR MIST
DPTR FM NORMAL: 0.4 DPTR FM NORMAL: 0.83 2 = FOG REDUCING VISIBILITY
HIGHEST: 96 ON 31,29 GRTST 24HR 2.38 ON 6- 6 TO 1/4 MILE OR LESS
LOWEST: 71 ON 17,11 3 = THUNDER
SNOW, ICE PELLETS, HAIL 4 = ICE PELLETS
TOTAL MONTH: M 5 = HAIL
GRTST 24HR M ON M 6 = FREEZING RAIN OR DRIZZLE
GRTST DEPTH: M ON M 7 = DUSTSTORM OR SANDSTORM:
VSBY 1/2 MILE OR LESS
8 = SMOKE OR HAZE
[NO. OF DAYS WITH] [WEATHER - DAYS WITH] 9 = BLOWING SNOW
X = TORNADO
MAX 32 OR BELOW: 0 0.01 INCH OR MORE: 13
MAX 90 OR ABOVE: 22 0.10 INCH OR MORE: 7
MIN 32 OR BELOW: 0 0.50 INCH OR MORE: 3
MIN 0 OR BELOW: 0 1.00 INCH OR MORE: 2
[HDD (BASE 65) ]
TOTAL THIS MO. 0 CLEAR (SCALE 0-3) 20
DPTR FM NORMAL 0 PTCLDY (SCALE 4-7) 9
TOTAL FM JUL 1 0 CLOUDY (SCALE 8-10) 2
DPTR FM NORMAL 0
[CDD (BASE 65) ]
TOTAL THIS MO. 547
DPTR FM NORMAL 22 [PRESSURE DATA]
TOTAL FM JAN 1 1438 HIGHEST SLP 30.19 ON 31
DPTR FM NORMAL 151 LOWEST SLP 29.87 ON 10
[REMARKS]
#FINAL-07-22#