000
CXHW52 PHFO 020306
CF6OGG
PRELIMINARY LOCAL CLIMATOLOGICAL DATA (WS FORM: F-6)
STATION: KAHULUI HI
MONTH: JULY
YEAR: 2021
LATITUDE: 20 53 N
LONGITUDE: 156 26 W
TEMPERATURE IN F: :PCPN: SNOW: WIND :SUNSHINE: SKY :PK WND
================================================================================
1 2 3 4 5 6A 6B 7 8 9 10 11 12 13 14 15 16 17 18
12Z AVG MX 2MIN
DY MAX MIN AVG DEP HDD CDD WTR SNW DPTH SPD SPD DIR MIN PSBL S-S WX SPD DR
================================================================================
1 86 73 80 0 0 15 0.00 M M 17.6 29 80 M M 4 39 80
2 87 72 80 0 0 15 T M M 18.6 33 50 M M 3 1 42 50
3 85 72 79 -1 0 14 T M M 18.2 31 70 M M 4 1 39 70
4 88 72 80 0 0 15 0.00 M M 17.8 32 40 M M 3 38 50
5 88 73 81 1 0 16 T M M 17.5 30 70 M M 5 40 60
6 88 74 81 1 0 16 0.00 M M 16.6 31 40 M M 3 38 50
7 86 73 80 0 0 15 0.00 M M 14.3 24 30 M M 4 29 30
8 88 66 77 -3 0 12 0.00 M M 13.3 28 40 M M 3 34 30
9 89 64 77 -3 0 12 0.00 M M 13.3 26 60 M M 3 34 60
10 89 66 78 -2 0 13 0.00 M M 13.4 28 80 M M 2 37 70
11 86 73 80 0 0 15 0.00 M M 16.8 33 40 M M 3 38 40
12 91 70 81 1 0 16 0.00 M M 14.0 26 70 M M 3 33 50
13 88 71 80 0 0 15 0.00 M M 15.7 30 40 M M 2 36 40
14 89 73 81 1 0 16 0.00 M M 16.9 30 40 M M 3 36 60
15 89 73 81 1 0 16 0.00 M M 17.3 30 80 M M 3 40 70
16 88 74 81 1 0 16 0.00 M M 19.3 35 40 M M 2 42 40
17 87 74 81 1 0 16 0.00 M M 18.9 31 40 M M 4 38 70
18 87 73 80 -1 0 15 T M M 18.9 30 70 M M 4 39 60
19 87 73 80 -1 0 15 T M M 19.7 32 40 M M 4 43 50
20 88 73 81 0 0 16 T M M 19.2 30 50 M M 3 41 60
21 86 73 80 -1 0 15 T M M 16.8 29 60 M M 4 1 40 70
22 87 74 81 0 0 16 T M M 18.2 32 40 M M 3 42 50
23 87 73 80 -1 0 15 T M M 20.4 32 70 M M 3 43 70
24 89 73 81 0 0 16 T M M 19.4 31 50 M M 4 40 60
25 89 74 82 1 0 17 0.00 M M 19.2 32 70 M M 3 40 60
26 87 75 81 0 0 16 T M M 20.7 31 40 M M 3 38 60
27 89 75 82 1 0 17 T M M 18.6 30 40 M M 4 40 30
28 86 71 79 -2 0 14 T M M 16.0 28 50 M M 4 39 50
29 88 68 78 -3 0 13 0.00 M M 14.4 31 40 M M 2 36 40
30 88 71 80 -1 0 15 0.00 M M 16.7 31 70 M M 3 42 70
31 87 74 81 0 0 16 0.00 M M 21.0 36 70 M M 2 47 60
================================================================================
SM 2717 2233 0 469 T M 538.7 M 100
================================================================================
AV 87.6 72.0 17.4 FASTST M M 3 MAX(MPH)
MISC ----> 36 70 47 60
================================================================================
NOTES:
# LAST OF SEVERAL OCCURRENCES
COLUMN 17 PEAK WIND IN M.P.H.
PRELIMINARY LOCAL CLIMATOLOGICAL DATA (WS FORM: F-6) , PAGE 2
STATION: KAHULUI HI
MONTH: JULY
YEAR: 2021
LATITUDE: 20 53 N
LONGITUDE: 156 26 W
[TEMPERATURE DATA] [PRECIPITATION DATA] SYMBOLS USED IN COLUMN 16
AVERAGE MONTHLY: 79.8 TOTAL FOR MONTH: T 1 = FOG OR MIST
DPTR FM NORMAL: -0.7 DPTR FM NORMAL: -0.53 2 = FOG REDUCING VISIBILITY
HIGHEST: 91 ON 12 GRTST 24HR 0.76 ON 19-19 TO 1/4 MILE OR LESS
LOWEST: 64 ON 9 3 = THUNDER
SNOW, ICE PELLETS, HAIL 4 = ICE PELLETS
TOTAL MONTH: M 5 = HAIL
GRTST 24HR M ON M 6 = FREEZING RAIN OR DRIZZLE
GRTST DEPTH: M ON M 7 = DUSTSTORM OR SANDSTORM:
VSBY 1/2 MILE OR LESS
8 = SMOKE OR HAZE
[NO. OF DAYS WITH] [WEATHER - DAYS WITH] 9 = BLOWING SNOW
X = TORNADO
MAX 32 OR BELOW: 0 0.01 INCH OR MORE: 0
MAX 90 OR ABOVE: 1 0.10 INCH OR MORE: 0
MIN 32 OR BELOW: 0 0.50 INCH OR MORE: 0
MIN 0 OR BELOW: 0 1.00 INCH OR MORE: 0
[HDD (BASE 65) ]
TOTAL THIS MO. 0 CLEAR (SCALE 0-3) 11
DPTR FM NORMAL 0 PTCLDY (SCALE 4-7) 20
TOTAL FM JUL 1 0 CLOUDY (SCALE 8-10) 0
DPTR FM NORMAL 0
[CDD (BASE 65) ]
TOTAL THIS MO. 469
DPTR FM NORMAL -11 [PRESSURE DATA]
TOTAL FM JAN 1 2300 HIGHEST SLP 30.11 ON 31
DPTR FM NORMAL -48 LOWEST SLP 29.92 ON 8
[REMARKS]
#FINAL-07-21#