000
CXHW52 PHFO 181250
CF6OGG
PRELIMINARY LOCAL CLIMATOLOGICAL DATA (WS FORM: F-6)
STATION: KAHULUI HI
MONTH: APRIL
YEAR: 2024
LATITUDE: 20 53 N
LONGITUDE: 156 26 W
TEMPERATURE IN F: :PCPN: SNOW: WIND :SUNSHINE: SKY :PK WND
================================================================================
1 2 3 4 5 6A 6B 7 8 9 10 11 12 13 14 15 16 17 18
12Z AVG MX 2MIN
DY MAX MIN AVG DEP HDD CDD WTR SNW DPTH SPD SPD DIR MIN PSBL S-S WX SPD DR
================================================================================
1 83 61 72 -3 0 7 T M M 15.3 30 60 M M 4 1 46 50
2 82 68 75 0 0 10 T M M 18.5 36 60 M M 4 53 50
3 83 65 74 -1 0 9 T M M 18.9 37 70 M M 2 52 70
4 81 68 75 0 0 10 0.02 M M 22.7 36 60 M M 3 51 50
5 82 68 75 0 0 10 T M M 19.9 33 40 M M 4 46 50
6 80 67 74 -1 0 9 0.04 M M 18.3 31 40 M M 4 1 40 30
7 79 66 73 -2 0 8 T M M 19.7 31 50 M M 3 47 40
8 83 63 73 -2 0 8 0.00 M M 17.3 30 70 M M 2 43 70
9 82 59 71 -4 0 6 0.00 M M 12.1 28 40 M M 2 40 50
10 88 59 74 -1 0 9 0.00 M M 8.1 21 40 M M 2 30 40
11 85 68 77 2 0 12 T M M 5.5 23 80 M M 3 36 80
12 82 68 75 0 0 10 T M M 4.5 14 60 M M 3 19 70
13 83 64 74 -2 0 9 0.00 M M 5.7 15 30 M M 2 1 24 340
14 79 69 74 -2 0 9 0.05 M M 13.4 28 200 M M 7 1 36 190
15 81 67 74 -2 0 9 1.47 M M 13.8 28 190 M M 5 1 37 170
16 80 58 69 -7 0 4 0.00 M M 7.7 15 350 M M 3 23 10
17 80 65 73 -3 0 8 0.01 M M 7.8 16 20 M M 5 22 10
================================================================================
SM 1393 1103 0 147 1.59 M 229.2 M 58
================================================================================
AV 81.9 64.9 13.5 FASTST M M 3 MAX(MPH)
MISC ----> 37 70 53 50
================================================================================
NOTES:
# LAST OF SEVERAL OCCURRENCES
COLUMN 17 PEAK WIND IN M.P.H.
PRELIMINARY LOCAL CLIMATOLOGICAL DATA (WS FORM: F-6) , PAGE 2
STATION: KAHULUI HI
MONTH: APRIL
YEAR: 2024
LATITUDE: 20 53 N
LONGITUDE: 156 26 W
[TEMPERATURE DATA] [PRECIPITATION DATA] SYMBOLS USED IN COLUMN 16
AVERAGE MONTHLY: 73.4 TOTAL FOR MONTH: 1.59 1 = FOG OR MIST
DPTR FM NORMAL: -1.9 DPTR FM NORMAL: 0.77 2 = FOG REDUCING VISIBILITY
HIGHEST: 88 ON 10 GRTST 24HR 1.52 ON 14-15 TO 1/4 MILE OR LESS
LOWEST: 58 ON 16 3 = THUNDER
SNOW, ICE PELLETS, HAIL 4 = ICE PELLETS
TOTAL MONTH: M 5 = HAIL
GRTST 24HR M ON M 6 = FREEZING RAIN OR DRIZZLE
GRTST DEPTH: M ON M 7 = DUSTSTORM OR SANDSTORM:
VSBY 1/2 MILE OR LESS
8 = SMOKE OR HAZE
[NO. OF DAYS WITH] [WEATHER - DAYS WITH] 9 = BLOWING SNOW
X = TORNADO
MAX 32 OR BELOW: 0 0.01 INCH OR MORE: 5
MAX 90 OR ABOVE: 0 0.10 INCH OR MORE: 1
MIN 32 OR BELOW: 0 0.50 INCH OR MORE: 1
MIN 0 OR BELOW: 0 1.00 INCH OR MORE: 1
[HDD (BASE 65) ]
TOTAL THIS MO. 0 CLEAR (SCALE 0-3) 9
DPTR FM NORMAL 0 PTCLDY (SCALE 4-7) 8
TOTAL FM JUL 1 0 CLOUDY (SCALE 8-10) 0
DPTR FM NORMAL 0
[CDD (BASE 65) ]
TOTAL THIS MO. 147
DPTR FM NORMAL -26 [PRESSURE DATA]
TOTAL FM JAN 1 871 HIGHEST SLP M ON M
DPTR FM NORMAL -50 LOWEST SLP 29.85 ON 15
[REMARKS]