000
CXUS55 KTWC 011733
CF6OLS
PRELIMINARY LOCAL CLIMATOLOGICAL DATA (WS FORM: F-6)
STATION: NOGALES AZ AIRPORT
MONTH: MAY
YEAR: 2022
LATITUDE: 31 25 N
LONGITUDE: 110 51 W
TEMPERATURE IN F: :PCPN: SNOW: WIND :SUNSHINE: SKY :PK WND
================================================================================
1 2 3 4 5 6A 6B 7 8 9 10 11 12 13 14 15 16 17 18
12Z AVG MX 2MIN
DY MAX MIN AVG DEP HDD CDD WTR SNW DPTH SPD SPD DIR MIN PSBL S-S WX SPD DR
================================================================================
1 88 50 69 4 0 4 0.00 M M 10.1 24 190 M M 0 32 220
2 87 48 68 3 0 3 0.00 M M 8.1 17 200 M M 0 30 210
3 83 53 68 3 0 3 0.00 M M 9.9 23 230 M M 0 32 220
4 86 50 68 2 0 3 0.00 M M 5.2 16 240 M M 0 24 280
5 89 46 68 2 0 3 0.00 M M 3.9 16 260 M M 0 24 260
6 94 49 72 6 0 7 0.00 M M 4.5 14 290 M M 0 21 300
7 93 53 73 6 0 8 0.00 M M 9.2 24 220 M M 0 39 250
8 90 54 72 5 0 7 0.00 M M 13.3 30 220 M M 0 43 240
9 87 52 70 3 0 5 0.00 M M 10.2 24 220 M M 0 35 220
10 89 50 70 2 0 5 0.00 M M 6.7 24 220 M M 0 33 200
11 89 51 70 2 0 5 0.00 M M 8.2 24 230 M M 0 37 200
12 88 45 67 -1 0 2 0.00 M M 3.6 12 320 M M 0 19 320
13 92 43 68 -1 0 3 0.00 M M 3.9 13 330 M M 0 21 240
14 98 47 73 4 0 8 0.00 M M 3.9 13 270 M M 0 20 290
15 100 52 76 7 0 11 0.00 M M 6.1 20 220 M M 0 26 210
16 95 52 74 4 0 9 0.00 M M 5.8 20 250 M M 0 34 220
17 94 53 74 4 0 9 0.00 M M 7.1 21 220 M M 0 29 240
18 92 53 73 3 0 8 0.00 M M 6.2 21 200 M M 0 30 220
19 92 53 73 2 0 8 0.00 M M 5.7 18 220 M M 0 25 240
20 88 55 72 1 0 7 0.00 M M 12.5 26 220 M M 0 36 210
21 89 57 73 1 0 8 0.00 M M 10.7 22 220 M M 0 32 210
22 91 58 75 3 0 10 0.00 M M 6.9 21 210 M M 0 29 220
23 90 53 72 0 0 7 0.00 M M 7.6 21 200 M M M 32 210
24 89 54 72 -1 0 7 0.00 M M 5.6 17 330 M M M 25 300
25 95 54 75 2 0 10 0.00 M M 4.9 14 310 M M M 22 270
26 99 58 79 5 0 14 0.00 M M 5.2 18 200 M M M 26 220
27 99 61 80 6 0 15 0.00 M M 6.6 21 180 M M M 31 190
28 94 57 76 2 0 11 0.00 M M 10.0 24 200 M M M 34 200
29 90 56 73 -2 0 8 0.00 M M 9.8 23 210 M M M 33 200
30 89 51 70 -5 0 5 0.00 M M 6.9 21 200 M M 0 29 240
31 95 54 75 -1 0 10 0.00 M M 5.0 17 220 M M 0 27 230
================================================================================
SM 2834 1622 0 223 0.00 M 223.3 M 0
================================================================================
AV 91.4 52.3 7.2 FASTST M M 0 MAX(MPH)
MISC ----> 30 220 43 240
================================================================================
NOTES:
# LAST OF SEVERAL OCCURRENCES
COLUMN 17 PEAK WIND IN M.P.H.
PRELIMINARY LOCAL CLIMATOLOGICAL DATA (WS FORM: F-6) , PAGE 2
STATION: NOGALES AZ AIRPORT
MONTH: MAY
YEAR: 2022
LATITUDE: 31 25 N
LONGITUDE: 110 51 W
[TEMPERATURE DATA] [PRECIPITATION DATA] SYMBOLS USED IN COLUMN 16
AVERAGE MONTHLY: 71.9 TOTAL FOR MONTH: 0.00 1 = FOG OR MIST
DPTR FM NORMAL: 2.0 DPTR FM NORMAL: -0.15 2 = FOG REDUCING VISIBILITY
HIGHEST: 100 ON 15 GRTST 24HR 0.00 ON 1- 1 TO 1/4 MILE OR LESS
LOWEST: 43 ON 13 3 = THUNDER
SNOW, ICE PELLETS, HAIL 4 = ICE PELLETS
TOTAL MONTH: M 5 = HAIL
GRTST 24HR M ON M 6 = FREEZING RAIN OR DRIZZLE
GRTST DEPTH: M ON M 7 = DUSTSTORM OR SANDSTORM:
VSBY 1/2 MILE OR LESS
8 = SMOKE OR HAZE
[NO. OF DAYS WITH] [WEATHER - DAYS WITH] 9 = BLOWING SNOW
X = TORNADO
MAX 32 OR BELOW: 0 0.01 INCH OR MORE: 0
MAX 90 OR ABOVE: 18 0.10 INCH OR MORE: 0
MIN 32 OR BELOW: 0 0.50 INCH OR MORE: 0
MIN 0 OR BELOW: 0 1.00 INCH OR MORE: 0
[HDD (BASE 65) ]
TOTAL THIS MO. 0 CLEAR (SCALE 0-3) 24
DPTR FM NORMAL -25 PTCLDY (SCALE 4-7) 0
TOTAL FM JUL 1 1791 CLOUDY (SCALE 8-10) 7
DPTR FM NORMAL -249
[CDD (BASE 65) ]
TOTAL THIS MO. 223
DPTR FM NORMAL 46 [PRESSURE DATA]
TOTAL FM JAN 1 303 HIGHEST SLP 30.00 ON 12
DPTR FM NORMAL 93 LOWEST SLP 29.55 ON 29
[REMARKS]
#FINAL-05-22#