000
CXUS53 KOAX 011528
CF6OMA
PRELIMINARY LOCAL CLIMATOLOGICAL DATA (WS FORM: F-6)
STATION: OMAHA NE
MONTH: JUNE
YEAR: 2020
LATITUDE: 41 17 N
LONGITUDE: 95 54 W
TEMPERATURE IN F: :PCPN: SNOW: WIND :SUNSHINE: SKY :PK WND
================================================================================
1 2 3 4 5 6A 6B 7 8 9 10 11 12 13 14 15 16 17 18
12Z AVG MX 2MIN
DY MAX MIN AVG DEP HDD CDD WTR SNW DPTH SPD SPD DIR MIN PSBL S-S WX SPD DR
================================================================================
1 93 69 81 13 0 16 0.01 0.0 0 18.4 30 200 M M 7 42 200
2 95 70 83 15 0 18 0.00 0.0 0 13.3 24 190 M M 5 32 190
3 94 68 81 13 0 16 T 0.0 0 7.1 16 350 M M 7 21 360
4 92 66 79 10 0 14 0.00 0.0 0 8.6 24 190 M M 5 3 36 190
5 96 71 84 15 0 19 0.00 0.0 0 7.7 24 80 M M 6 3 30 70
6 95 74 85 16 0 20 0.00 0.0 0 15.5 25 160 M M 8 32 170
7 96 78 87 17 0 22 0.00 0.0 0 20.8 30 160 M M 6 39 160
8 95 77 86 16 0 21 0.00 0.0 0 18.9 30 150 M M 3 38 150
9 90 61 76 6 0 11 1.15 0.0 0 13.7 41 330 M M 8 13 58 350
10 77 57 67 -4 0 2 0.15 0.0 0 18.7 36 350 M M 6 13 46 340
11 88 57 73 2 0 8 0.00 0.0 0 6.5 15 260 M M 1 20 270
12 90 57 74 3 0 9 0.00 0.0 0 5.5 13 130 M M 0 17 130
13 92 66 79 7 0 14 0.00 0.0 0 13.1 25 130 M M 2 32 150
14 93 69 81 9 0 16 0.00 0.0 0 19.0 31 160 M M 5 40 160
15 93 74 84 12 0 19 0.00 0.0 0 16.7 26 160 M M 7 36 160
16 92 72 82 10 0 17 0.00 0.0 0 18.5 28 150 M M 2 37 150
17 92 70 81 8 0 16 0.00 0.0 0 20.2 30 150 M M 1 40 160
18 87 63 75 2 0 10 0.93 0.0 0 12.0 25 190 M M 9 13 33 180
19 78 64 71 -2 0 6 0.21 0.0 0 7.1 15 20 M M 9 13 19 360
20 83 62 73 -1 0 8 T 0.0 0 3.9 14 230 M M 8 3 19 230
21 86 65 76 2 0 11 0.00 0.0 0 7.5 28 160 M M 7 33 170
22 82 63 73 -1 0 8 0.01 0.0 0 9.3 20 330 M M 8 1 25 360
23 79 56 68 -6 0 3 0.00 0.0 0 6.9 16 330 M M 3 22 350
24 83 59 71 -4 0 6 0.00 0.0 0 3.4 13 350 M M 2 17 10
25 91 64 78 3 0 13 T 0.0 0 12.6 23 150 M M 6 29 150
26 89 75 82 7 0 17 T 0.0 0 7.3 17 180 M M 7 3 23 190
27 88 70 79 4 0 14 0.02 0.0 0 6.8 15 200 M M 7 20 200
28 89 69 79 3 0 14 0.13 0.0 0 15.3 26 160 M M 7 3 37 140
29 86 76 81 5 0 16 0.00 0.0 0 16.0 25 140 M M 8 33 140
30 91 68 80 4 0 15 T 0.0 0 17.4 30 270 M M 7 13 46 250
================================================================================
SM 2675 2010 0 399 2.61 0.0 367.7 M 167
================================================================================
AV 89.2 67.0 12.3 FASTST M M 6 MAX(MPH)
MISC ----> # 41 330 # 58 350
================================================================================
NOTES:
# LAST OF SEVERAL OCCURRENCES
COLUMN 17 PEAK WIND IN M.P.H.
PRELIMINARY LOCAL CLIMATOLOGICAL DATA (WS FORM: F-6) , PAGE 2
STATION: OMAHA NE
MONTH: JUNE
YEAR: 2020
LATITUDE: 41 17 N
LONGITUDE: 95 54 W
[TEMPERATURE DATA] [PRECIPITATION DATA] SYMBOLS USED IN COLUMN 16
AVERAGE MONTHLY: 78.1 TOTAL FOR MONTH: 2.61 1 = FOG OR MIST
DPTR FM NORMAL: 6.0 DPTR FM NORMAL: -1.57 2 = FOG REDUCING VISIBILITY
HIGHEST: 96 ON 7, 5 GRTST 24HR 1.30 ON 9-10 TO 1/4 MILE OR LESS
LOWEST: 56 ON 23 3 = THUNDER
SNOW, ICE PELLETS, HAIL 4 = ICE PELLETS
TOTAL MONTH: 0.0 INCH 5 = HAIL
GRTST 24HR 0.0 6 = FREEZING RAIN OR DRIZZLE
GRTST DEPTH: 0 7 = DUSTSTORM OR SANDSTORM:
VSBY 1/2 MILE OR LESS
8 = SMOKE OR HAZE
[NO. OF DAYS WITH] [WEATHER - DAYS WITH] 9 = BLOWING SNOW
X = TORNADO
MAX 32 OR BELOW: 0 0.01 INCH OR MORE: 8
MAX 90 OR ABOVE: 17 0.10 INCH OR MORE: 5
MIN 32 OR BELOW: 0 0.50 INCH OR MORE: 2
MIN 0 OR BELOW: 0 1.00 INCH OR MORE: 1
[HDD (BASE 65) ]
TOTAL THIS MO. 0 CLEAR (SCALE 0-3) 7
DPTR FM NORMAL -17 PTCLDY (SCALE 4-7) 21
TOTAL FM JUL 1 5737 CLOUDY (SCALE 8-10) 2
DPTR FM NORMAL -430
[CDD (BASE 65) ]
TOTAL THIS MO. 399
DPTR FM NORMAL 169 [PRESSURE DATA]
TOTAL FM JAN 1 440 HIGHEST SLP 30.25 ON 12
DPTR FM NORMAL 128 LOWEST SLP 29.36 ON 9
[REMARKS]
#FINAL-06-20#