000
CXUS53 KOAX 011333
CLMOMA
CLIMATE REPORT
NATIONAL WEATHER SERVICE OMAHA/VALLEY NE
733 AM CST FRI DEC 01 2023
...................................
...THE OMAHA NE CLIMATE SUMMARY FOR THE MONTH OF NOVEMBER 2023...
CLIMATE NORMAL PERIOD 1991 TO 2020
CLIMATE RECORD PERIOD 1871 TO 2023
WEATHER OBSERVED NORMAL DEPART
VALUE DATE(S) VALUE FROM
NORMAL
................................................
TEMPERATURE (F)
HIGHEST 70 11/14
LOWEST 15 11/27
AVG. MAXIMUM 54.6 50.3 4.3
AVG. MINIMUM 29.5 30.2 -0.7
MEAN 42.1 40.2 1.9
DAYS MAX >= 90 0
DAYS MAX <= 32 2
DAYS MIN <= 32 19
DAYS MIN <= 0 0
PRECIPITATION (INCHES)
RECORD
MAXIMUM 6.24 1909
MINIMUM 0.03 2007
TOTALS 0.42 1.45 -1.03
DAYS >= .01 5
DAYS >= .10 1
DAYS >= .50 0
DAYS >= 1.00 0
GREATEST
24 HR. TOTAL 0.29 11/19 TO 11/20
SNOWFALL (INCHES)
RECORDS
TOTAL 15.8 1928
TOTALS 1.4 1.7 -0.3
SINCE 7/1 1.4
DAYS >= 1.0 1
GREATEST
SNOW DEPTH 1 11/26
24 HR TOTAL 1.4 11/24 TO 11/25
DEGREE DAYS
HEATING TOTAL 682 743 -61
SINCE 7/1 1036 1168 -132
COOLING TOTAL 0 0 0
SINCE 1/1 1418 1293 125
................................................
WIND (MPH)
AVERAGE WIND SPEED 9.1
HIGHEST WIND SPEED/DIRECTION 33/310 DATE 11/26
HIGHEST GUST SPEED/DIRECTION 46/330 DATE 11/26
SKY COVER
AVERAGE SKY COVER 0.44
WEATHER CONDITIONS. NUMBER OF DAYS WITH
THUNDERSTORM 0 MIXED PRECIP 0
HEAVY RAIN 0 RAIN 0
LIGHT RAIN 4 FREEZING RAIN 0
LT FREEZING RAIN 0 HAIL 0
HEAVY SNOW 0 SNOW 1
LIGHT SNOW 2 SLEET 0
FOG 4 FOG W/VIS <= 1/4 MILE 0
HAZE 2
- INDICATES NEGATIVE NUMBERS.
R INDICATES RECORD WAS SET OR TIED.
MM INDICATES DATA IS MISSING.
T INDICATES TRACE AMOUNT.
&&
NOVEMBER IN OMAHA WAS WARMER AND DRIER THAN NORMAL. THE MONTH ENDED
UP 1.9 DEGREES ABOVE NORMAL FOR AVERAGE TEMPERATURE AND 1.03 INCHES
BELOW NORMAL FOR PRECIPITATION.
NEW DAILY RECORDS FOR NOVEMBER 2023
DATE RECORD VALUE PREVIOUS RECORD
NONE
$$