000
CXAK56 PAFG 011721
CF6OME
PRELIMINARY LOCAL CLIMATOLOGICAL DATA (WS FORM: F-6)
STATION: NOME AK
MONTH: NOVEMBER
YEAR: 2023
LATITUDE: 64 30 N
LONGITUDE: 165 26 W
TEMPERATURE IN F: :PCPN: SNOW: WIND :SUNSHINE: SKY :PK WND
================================================================================
1 2 3 4 5 6A 6B 7 8 9 10 11 12 13 14 15 16 17 18
12Z AVG MX 2MIN
DY MAX MIN AVG DEP HDD CDD WTR SNW DPTH SPD SPD DIR MIN PSBL S-S WX SPD DR
================================================================================
1 36 27 32 8 33 0 0.00 M M 6.2 18 20 M M 1 26 10
2 34 26 30 6 35 0 0.00 M M 8.4 15 10 M M 0 19 20
3 31 18 25 2 40 0 0.00 M M 12.2 18 30 M M 0 8 25 70
4 23 13 18 -5 47 0 0.00 M M 9.8 18 30 M M 1 26 30
5 23 10 17 -5 48 0 0.00 M M 5.8 10 340 M M 1 8 13 350
6 23 10 17 -5 48 0 0.00 M M 6.3 12 80 M M 2 8 16 70
7 23 12 18 -4 47 0 0.00 M M 3.7 9 70 M M 4 13 80
8 28 17 23 2 42 0 0.00 M M 9.3 24 30 M M 5 8 32 50
9 27 21 24 3 41 0 0.02 M M 4.4 14 360 M M 8 18 18 40
10 29 24 27 7 38 0 0.06 M M 4.1 12 70 M M 10 1 16 70
11 32 22 27 7 38 0 0.01 M M 5.1 15 180 M M 10 1 19 170
12 36 29 33 14 32 0 0.39 M M 21.4 35 140 M M 9 128 46 150
13 36 21 29 10 36 0 0.07 M M 22.5 39 240 M M 7 128 51 240
14 30 22 26 7 39 0 0.03 M M 10.4 23 40 M M 10 1 33 60
15 27 20 24 6 41 0 0.06 M M 24.2 44 360 M M 10 189 59 360
16 20 12 16 -2 49 0 T M M 16.2 43 10 M M 5 9 52 10
17 27 13 20 2 45 0 0.02 M M 7.3 18 230 M M 8 18 23 240
18 31 17 24 7 41 0 0.18 M M 5.7 23 200 M M 10 18 31 230
19 33 14 24 7 41 0 0.05 M M 7.6 22 260 M M 9 18 27 260
20 33 22 28 12 37 0 T M M 14.2 21 140 M M 8 29 110
21 25 11 18 2 47 0 T M M 8.8 15 60 M M 0 22 70
22 19 7 13 -3 52 0 T M M 8.6 15 350 M M 5 22 60
23 32 4 18 3 47 0 T M M 9.2 16 340 M M 8 19 340
24 40 30 35 20 30 0 T M M 9.5 17 80 M M 7 25 90
25 36 33 35 20 30 0 0.04 M M 15.7 22 90 M M 10 1 29 90
26 34 30 32 18 33 0 0.03 M M 16.5 23 80 M M 4 16 31 70
27 33 29 31 17 34 0 0.13 M M 15.1 24 160 M M 8 16 34 90
28 32 22 27 13 38 0 0.03 M M 9.1 16 90 M M 10 12 23 80
29 27 16 22 9 43 0 T M M 7.0 16 80 M M 8 1 22 70
30 27 6 17 4 48 0 0.00 M M 6.8 22 10 M M 1 26 10
================================================================================
SM 887 558 1220 0 1.12 M 311.1 M 179
================================================================================
AV 29.6 18.6 10.4 FASTST M M 6 MAX(MPH)
MISC ----> 44 360 59 360
================================================================================
NOTES:
# LAST OF SEVERAL OCCURRENCES
COLUMN 17 PEAK WIND IN M.P.H.
PRELIMINARY LOCAL CLIMATOLOGICAL DATA (WS FORM: F-6) , PAGE 2
STATION: NOME AK
MONTH: NOVEMBER
YEAR: 2023
LATITUDE: 64 30 N
LONGITUDE: 165 26 W
[TEMPERATURE DATA] [PRECIPITATION DATA] SYMBOLS USED IN COLUMN 16
AVERAGE MONTHLY: 24.1 TOTAL FOR MONTH: 1.12 1 = FOG OR MIST
DPTR FM NORMAL: 5.9 DPTR FM NORMAL: -0.15 2 = FOG REDUCING VISIBILITY
HIGHEST: 40 ON 24 GRTST 24HR 0.40 ON 11-12 TO 1/4 MILE OR LESS
LOWEST: 4 ON 23 3 = THUNDER
SNOW, ICE PELLETS, HAIL 4 = ICE PELLETS
TOTAL MONTH: M 5 = HAIL
GRTST 24HR M ON M 6 = FREEZING RAIN OR DRIZZLE
GRTST DEPTH: M ON M 7 = DUSTSTORM OR SANDSTORM:
VSBY 1/2 MILE OR LESS
8 = SMOKE OR HAZE
[NO. OF DAYS WITH] [WEATHER - DAYS WITH] 9 = BLOWING SNOW
X = TORNADO
MAX 32 OR BELOW: 20 0.01 INCH OR MORE: 14
MAX 90 OR ABOVE: 0 0.10 INCH OR MORE: 3
MIN 32 OR BELOW: 29 0.50 INCH OR MORE: 0
MIN 0 OR BELOW: 0 1.00 INCH OR MORE: 0
[HDD (BASE 65) ]
TOTAL THIS MO. 1220 CLEAR (SCALE 0-3) 8
DPTR FM NORMAL -182 PTCLDY (SCALE 4-7) 9
TOTAL FM JUL 1 3857 CLOUDY (SCALE 8-10) 13
DPTR FM NORMAL -140
[CDD (BASE 65) ]
TOTAL THIS MO. 0
DPTR FM NORMAL 0 [PRESSURE DATA]
TOTAL FM JAN 1 0 HIGHEST SLP 30.05 ON 1
DPTR FM NORMAL -3 LOWEST SLP 28.70 ON 15
[REMARKS]
#FINAL-11-23#