000
CXUS56 KOTX 011010
CF6OMK
PRELIMINARY LOCAL CLIMATOLOGICAL DATA (WS FORM: F-6)
STATION: OMAK WA AIRPORT
MONTH: FEBRUARY
YEAR: 2023
LATITUDE: 48 27 N
LONGITUDE: 119 31 W
TEMPERATURE IN F: :PCPN: SNOW: WIND :SUNSHINE: SKY :PK WND
================================================================================
1 2 3 4 5 6A 6B 7 8 9 10 11 12 13 14 15 16 17 18
12Z AVG MX 2MIN
DY MAX MIN AVG DEP HDD CDD WTR SNW DPTH SPD SPD DIR MIN PSBL S-S WX SPD DR
================================================================================
1 27 20 24 -6 41 0 0.00 M M 0.6 6 170 M M 5 8 150
2 30 16 23 -7 42 0 0.00 M M 0.6 6 230 M M 0 6 220
3 30 16 23 -7 42 0 0.00 M M 3.1 12 180 M M 1 13 180
4 33 20 27 -3 38 0 0.04 M M 0.8 10 130 M M 9 16 13 130
5 38 28 33 3 32 0 T M M 2.1 8 190 M M 8 16 9 190
6 41 31 36 6 29 0 0.00 M M 5.5 15 180 M M 8 1 17 190
7 40 34 37 6 28 0 0.02 M M 11.5 20 190 M M 4 27 190
8 40 24 32 1 33 0 0.00 M M 3.0 15 180 M M 1 18 180
9 38 23 31 0 34 0 0.00 M M 3.4 9 130 M M 7 12 150
10 37 20 29 -2 36 0 0.00 M M 5.0 12 160 M M 1 14 160
11 37 16 27 -4 38 0 0.00 M M 1.6 6 310 M M 0 8 6 300
12 36 19 28 -4 37 0 0.00 M M 5.2 10 170 M M 4 13 170
13 39 21 30 -2 35 0 0.00 M M 4.4 12 130 M M 3 12 14 130
14 41 24 33 1 32 0 0.00 M M 9.1 20 10 M M 3 23 10
15 36 16 26 -6 39 0 0.00 M M 2.3 15 310 M M 0 17 310
16 37 19 28 -5 37 0 0.00 M M 3.4 9 160 M M 4 11 140
17 38 24 31 -2 34 0 0.00 M M 2.4 8 170 M M 4 9 160
18 45 25 35 2 30 0 0.00 M M 2.1 14 360 M M 2 16 360
19 41 22 32 -1 33 0 0.00 M M 2.0 9 150 M M 2 10 300
20 47 31 39 5 26 0 0.00 M M 7.0 25 180 M M 2 31 170
21 45 28 37 3 28 0 T M M 10.7 32 10 M M 7 1 39 10
22 29 19 24 -10 41 0 0.01 M M 15.4 25 360 M M 8 18 30 360
23 22 15 19 -16 46 0 0.00 M M 11.9 18 350 M M 6 21 350
24 23 12 18 -17 47 0 0.00 M M 9.4 16 10 M M 1 19 10
25 27 13 20 -15 45 0 0.00 M M 6.2 16 220 M M 6 20 220
26 34 20 27 -9 38 0 0.00 M M 8.4 18 200 M M 4 21 200
27 30 17 24 -12 41 0 0.08 M M 3.0 10 280 M M 5 1 12 280
28 34 18 26 -10 39 0 0.17 M M 3.3 13 360 M M 9 12 14 360
================================================================================
SM 995 591 1021 0 0.32 M 143.4 M 114
================================================================================
AV 35.5 21.1 5.1 FASTST M M 4 MAX(MPH)
MISC ----> 32 10 39 10
================================================================================
NOTES:
# LAST OF SEVERAL OCCURRENCES
COLUMN 17 PEAK WIND IN M.P.H.
PRELIMINARY LOCAL CLIMATOLOGICAL DATA (WS FORM: F-6) , PAGE 2
STATION: OMAK WA AIRPORT
MONTH: FEBRUARY
YEAR: 2023
LATITUDE: 48 27 N
LONGITUDE: 119 31 W
[TEMPERATURE DATA] [PRECIPITATION DATA] SYMBOLS USED IN COLUMN 16
AVERAGE MONTHLY: 28.3 TOTAL FOR MONTH: 0.32 1 = FOG OR MIST
DPTR FM NORMAL: -4.2 DPTR FM NORMAL: -0.59 2 = FOG REDUCING VISIBILITY
HIGHEST: 47 ON 20 GRTST 24HR 0.25 ON 27-28 TO 1/4 MILE OR LESS
LOWEST: 12 ON 24 3 = THUNDER
SNOW, ICE PELLETS, HAIL 4 = ICE PELLETS
TOTAL MONTH: M 5 = HAIL
GRTST 24HR M ON M 6 = FREEZING RAIN OR DRIZZLE
GRTST DEPTH: M ON M 7 = DUSTSTORM OR SANDSTORM:
VSBY 1/2 MILE OR LESS
8 = SMOKE OR HAZE
[NO. OF DAYS WITH] [WEATHER - DAYS WITH] 9 = BLOWING SNOW
X = TORNADO
MAX 32 OR BELOW: 8 0.01 INCH OR MORE: 5
MAX 90 OR ABOVE: 0 0.10 INCH OR MORE: 1
MIN 32 OR BELOW: 27 0.50 INCH OR MORE: 0
MIN 0 OR BELOW: 0 1.00 INCH OR MORE: 0
[HDD (BASE 65) ]
TOTAL THIS MO. 1021 CLEAR (SCALE 0-3) 10
DPTR FM NORMAL 111 PTCLDY (SCALE 4-7) 14
TOTAL FM JUL 1 4899 CLOUDY (SCALE 8-10) 4
DPTR FM NORMAL 189
[CDD (BASE 65) ]
TOTAL THIS MO. 0
DPTR FM NORMAL 0 [PRESSURE DATA]
TOTAL FM JAN 1 0 HIGHEST SLP M ON M
DPTR FM NORMAL 0 LOWEST SLP 29.36 ON 21
[REMARKS]
#FINAL-02-23#