000
CXUS53 KARX 011000
CF6ONA
PRELIMINARY LOCAL CLIMATOLOGICAL DATA (WS FORM: F-6)
STATION: WINONA_MUNI_(AWOS) MN
MONTH: FEBRUARY
YEAR: 2024
LATITUDE: 44 4 N
LONGITUDE: 91 42 W
TEMPERATURE IN F: :PCPN: SNOW: WIND :SUNSHINE: SKY :PK WND
================================================================================
1 2 3 4 5 6A 6B 7 8 9 10 11 12 13 14 15 16 17 18
12Z AVG MX 2MIN
DY MAX MIN AVG DEP HDD CDD WTR SNW DPTH SPD SPD DIR MIN PSBL S-S WX SPD DR
================================================================================
1 50 28 39 M 26 0 0.00 0.0 0 2.5 10 60 M M 5 12 M M
2 36 30 33 M 32 0 0.00 0.0 0 6.3 12 130 M M 9 M M
3 43 28 36 M 29 0 0.00 0.0 0 5.1 9 120 M M 5 M M
4 50 23 37 M 28 0 0.00 0.0 0 0.1 4 300 M M 0 1 M M
5 50 27 39 M 26 0 0.00 0.0 0 1.1 8 140 M M 0 M M
6 55 27 41 M 24 0 0.00 0.0 0 2.6 9 210 M M 0 1 M M
7 46 36 41 M 24 0 0.00 0.0 0 6.6 12 130 M M 1 M M
8 59 41 50 M 15 0 0.03 0.0 0 9.1 15 240 M M 5 23 160
9 36 32 34 M 31 0 0.00 0.0 0 9.6 14 310 M M 10 22 290
10 36 28 32 M 33 0 0.00 0.0 0 10.1 14 330 M M 9 23 340
11 39 25 32 M 33 0 0.00 0.0 0 3.6 10 340 M M 5 22 290
12 45 28 37 M 28 0 0.00 0.0 0 5.8 14 310 M M 1 20 310
13 37 25 31 M 34 0 0.00 0.0 0 0.6 5 60 M M 6 M M
14 46 25 36 M 29 0 0.08 0.0 0 3.2 9 180 M M 10 18 260
15 34 21 28 M 37 0 M M M 9.4 14 340 M M 4 21 330
16 23 12 18 M 47 0 0.00 0.0 M 8.6 14 340 M M 2 23 350
17 32 10 21 M 44 0 0.00 0.0 0 8.2 18 250 M M 1 33 250
18 39 23 31 M 34 0 M M M 5.9 12 320 M M 0 16 290
19 45 19 32 M 33 0 0.00 0.0 0 2.8 9 120 M M 0 M M
20 52 30 41 M 24 0 0.00 0.0 0 2.8 7 240 M M 1 M M
21 52 27 40 M 25 0 0.00 0.0 0 0.3 5 290 M M 0 M M
22 59 27 43 M 22 0 0.00 0.0 0 4.8 14 310 M M 0 22 300
23 39 19 29 M 36 0 M M M 4.5 10 10 M M 5 18 10
24 41 12 27 M 38 0 0.00 0.0 M 4.7 12 210 M M 0 21 210
25 55 30 43 M 22 0 0.00 0.0 0 4.4 12 210 M M 1 18 210
26 70 27 49 M 16 0 0.00 M M 4.1 13 170 M M 0 22 160
27 63 18 41 M 24 0 M M M 9.3 25 330 M M 3 37 330
28 19 9 14 M 51 0 M M M 12.3 24 330 M M 3 36 320
29 54 10 32 M 33 0 M M M 6.6 13 200 M M 0 24 190
================================================================================
SM 1305 697 878 0 0.11 0.0 155.0 M 86
================================================================================
AV 45.0 24.0 5.3 FASTST M M 3 MAX(MPH)
MISC ----> 25 330 37 330
================================================================================
NOTES:
# LAST OF SEVERAL OCCURRENCES
COLUMN 17 PEAK WIND IN M.P.H.
PRELIMINARY LOCAL CLIMATOLOGICAL DATA (WS FORM: F-6) , PAGE 2
STATION: WINONA_MUNI_(AWOS) MN
MONTH: FEBRUARY
YEAR: 2024
LATITUDE: 44 4 N
LONGITUDE: 91 42 W
[TEMPERATURE DATA] [PRECIPITATION DATA] SYMBOLS USED IN COLUMN 16
AVERAGE MONTHLY: 34.5 TOTAL FOR MONTH: 0.11 1 = FOG OR MIST
DPTR FM NORMAL: 0.0 DPTR FM NORMAL: M 2 = FOG REDUCING VISIBILITY
HIGHEST: 70 ON 26 GRTST 24HR 0.08 ON 14-14 TO 1/4 MILE OR LESS
LOWEST: 9 ON 28 3 = THUNDER
SNOW, ICE PELLETS, HAIL 4 = ICE PELLETS
TOTAL MONTH: 0.0 INCH 5 = HAIL
GRTST 24HR 0.0 6 = FREEZING RAIN OR DRIZZLE
GRTST DEPTH: 0 7 = DUSTSTORM OR SANDSTORM:
VSBY 1/2 MILE OR LESS
8 = SMOKE OR HAZE
[NO. OF DAYS WITH] [WEATHER - DAYS WITH] 9 = BLOWING SNOW
X = TORNADO
MAX 32 OR BELOW: 3 0.01 INCH OR MORE: 2
MAX 90 OR ABOVE: 0 0.10 INCH OR MORE: 0
MIN 32 OR BELOW: 27 0.50 INCH OR MORE: 0
MIN 0 OR BELOW: 0 1.00 INCH OR MORE: 0
[HDD (BASE 65) ]
TOTAL THIS MO. 878 CLEAR (SCALE 0-3) 18
DPTR FM NORMAL M PTCLDY (SCALE 4-7) 7
TOTAL FM JUL 1 4390 CLOUDY (SCALE 8-10) 4
DPTR FM NORMAL M
[CDD (BASE 65) ]
TOTAL THIS MO. 0
DPTR FM NORMAL M [PRESSURE DATA]
TOTAL FM JAN 1 0 HIGHEST SLP M ON M
DPTR FM NORMAL M LOWEST SLP M ON M
[REMARKS]
#FINAL-02-24#