000
CXUS56 KBOI 011002
CF6ONO
PRELIMINARY LOCAL CLIMATOLOGICAL DATA (WS FORM: F-6)
STATION: ONTARIO OR
MONTH: NOVEMBER
YEAR: 2023
LATITUDE: 44 1 N
LONGITUDE: 117 1 W
TEMPERATURE IN F: :PCPN: SNOW: WIND :SUNSHINE: SKY :PK WND
================================================================================
1 2 3 4 5 6A 6B 7 8 9 10 11 12 13 14 15 16 17 18
12Z AVG MX 2MIN
DY MAX MIN AVG DEP HDD CDD WTR SNW DPTH SPD SPD DIR MIN PSBL S-S WX SPD DR
================================================================================
1 55 32 44 -1 21 0 0.00 M M 2.0 8 260 M M 4 8 9 260
2 49 44 47 2 18 0 0.25 M M 1.7 8 260 M M 9 18 9 260
3 52 42 47 3 18 0 0.00 M M 3.6 10 250 M M 10 18 12 240
4 52 48 50 6 15 0 0.18 M M 2.0 10 260 M M 8 18 13 120
5 56 47 52 8 13 0 0.09 M M 3.4 13 310 M M 8 128 16 300
6 57 45 51 8 14 0 0.12 M M 5.1 14 170 M M 6 1 19 170
7 57 38 48 5 17 0 T M M 8.2 20 290 M M 2 8 27 300
8 54 31 43 1 22 0 0.00 M M 5.5 15 310 M M 0 8 21 310
9 48 26 37 -5 28 0 0.00 M M 2.4 9 280 M M 0 13 260
10 54 36 45 3 20 0 0.00 M M 1.3 7 270 M M 5 8 10 110
11 51 36 44 3 21 0 0.00 M M 1.4 8 10 M M 2 1 12 10
12 53 31 42 1 23 0 0.00 M M 2.7 10 260 M M 0 1 14 260
13 52 34 43 3 22 0 0.00 M M 3.8 10 270 M M 0 12 260
14 55 33 44 4 21 0 0.00 M M 1.8 9 190 M M 2 1 11 180
15 56 36 46 6 19 0 0.00 M M 2.9 9 260 M M 2 18 11 270
16 63 33 48 9 17 0 0.00 M M 2.1 8 270 M M 2 18 12 270
17 56 29 43 4 22 0 0.00 M M 2.2 8 250 M M 0 1 11 260
18 54 31 43 4 22 0 0.12 M M 3.5 10 250 M M 6 18 14 250
19 51 36 44 6 21 0 0.12 M M 10.4 26 290 M M 7 1 35 300
20 49 30 40 2 25 0 0.00 M M 3.2 12 250 M M 0 14 260
21 46 25 36 -2 29 0 0.00 M M 3.7 9 260 M M 0 13 250
22 41 24 33 -4 32 0 T M M 3.4 10 260 M M 6 12 250
23 50 34 42 5 23 0 0.00 M M 18.4 31 330 M M 3 1 41 330
24 48 33 41 5 24 0 0.00 M M 17.4 26 330 M M 0 36 310
25 46 24 35 -1 30 0 0.00 M M 5.9 16 320 M M 0 22 300
26 40 18 29 -7 36 0 0.00 M M 3.1 12 150 M M 0 17 120
27 39 19 29 -7 36 0 0.00 M M 1.9 8 260 M M 3 9 160
28 38 14 26 -9 39 0 0.00 M M 3.1 8 250 M M 0 10 250
29 38 15 27 -8 38 0 0.00 M M 2.6 7 220 M M 0 9 250
30 38 21 30 -5 35 0 0.02 M M 1.0 6 220 M M 9 18 9 140
================================================================================
SM 1498 945 721 0 0.90 M 129.7 M 94
================================================================================
AV 49.9 31.5 4.3 FASTST M M 3 MAX(MPH)
MISC ----> 31 330 41 330
================================================================================
NOTES:
# LAST OF SEVERAL OCCURRENCES
COLUMN 17 PEAK WIND IN M.P.H.
PRELIMINARY LOCAL CLIMATOLOGICAL DATA (WS FORM: F-6) , PAGE 2
STATION: ONTARIO OR
MONTH: NOVEMBER
YEAR: 2023
LATITUDE: 44 1 N
LONGITUDE: 117 1 W
[TEMPERATURE DATA] [PRECIPITATION DATA] SYMBOLS USED IN COLUMN 16
AVERAGE MONTHLY: 40.7 TOTAL FOR MONTH: 0.90 1 = FOG OR MIST
DPTR FM NORMAL: 1.0 DPTR FM NORMAL: 0.02 2 = FOG REDUCING VISIBILITY
HIGHEST: 63 ON 16 GRTST 24HR 0.25 ON 2- 2 TO 1/4 MILE OR LESS
LOWEST: 14 ON 28 3 = THUNDER
SNOW, ICE PELLETS, HAIL 4 = ICE PELLETS
TOTAL MONTH: M 5 = HAIL
GRTST 24HR M ON M 6 = FREEZING RAIN OR DRIZZLE
GRTST DEPTH: M ON M 7 = DUSTSTORM OR SANDSTORM:
VSBY 1/2 MILE OR LESS
8 = SMOKE OR HAZE
[NO. OF DAYS WITH] [WEATHER - DAYS WITH] 9 = BLOWING SNOW
X = TORNADO
MAX 32 OR BELOW: 0 0.01 INCH OR MORE: 7
MAX 90 OR ABOVE: 0 0.10 INCH OR MORE: 5
MIN 32 OR BELOW: 15 0.50 INCH OR MORE: 0
MIN 0 OR BELOW: 0 1.00 INCH OR MORE: 0
[HDD (BASE 65) ]
TOTAL THIS MO. 721 CLEAR (SCALE 0-3) 18
DPTR FM NORMAL -39 PTCLDY (SCALE 4-7) 8
TOTAL FM JUL 1 1079 CLOUDY (SCALE 8-10) 4
DPTR FM NORMAL -140
[CDD (BASE 65) ]
TOTAL THIS MO. 0
DPTR FM NORMAL 0 [PRESSURE DATA]
TOTAL FM JAN 1 1302 HIGHEST SLP M ON M
DPTR FM NORMAL 202 LOWEST SLP 29.67 ON 6
[REMARKS]
#FINAL-11-23#