000
CXUS56 KBOI 011002
CF6ONO
PRELIMINARY LOCAL CLIMATOLOGICAL DATA (WS FORM: F-6)
STATION: ONTARIO OR
MONTH: AUGUST
YEAR: 2023
LATITUDE: 44 1 N
LONGITUDE: 117 1 W
TEMPERATURE IN F: :PCPN: SNOW: WIND :SUNSHINE: SKY :PK WND
================================================================================
1 2 3 4 5 6A 6B 7 8 9 10 11 12 13 14 15 16 17 18
12Z AVG MX 2MIN
DY MAX MIN AVG DEP HDD CDD WTR SNW DPTH SPD SPD DIR MIN PSBL S-S WX SPD DR
================================================================================
1 99 63 81 1 0 16 0.00 M M 3.2 13 340 M M 0 16 340
2 95 64 80 0 0 15 0.00 M M 3.7 15 160 M M 0 21 150
3 91 66 79 -1 0 14 T M M 6.8 39 310 M M 2 38 52 320
4 82 64 73 -6 0 8 0.05 M M 9.9 25 330 M M 6 33 320
5 91 55 73 -6 0 8 0.00 M M 5.0 15 330 M M 0 20 320
6 85 63 74 -5 0 9 0.20 M M 6.4 21 280 M M 3 38 27 290
7 83 58 71 -8 0 6 0.22 M M 5.1 31 330 M M 3 3 43 330
8 84 54 69 -10 0 4 0.00 M M 1.7 7 30 M M 3 1 10 50
9 91 58 75 -3 0 10 0.00 M M 4.7 16 330 M M 1 23 330
10 92 64 78 0 0 13 0.00 M M 6.2 20 320 M M 0 26 320
11 97 59 78 0 0 13 0.00 M M 4.1 20 330 M M 0 27 330
12 99 63 81 3 0 16 0.00 M M 8.3 21 340 M M 0 29 340
13 96 66 81 4 0 16 0.00 M M 5.1 15 320 M M 0 21 320
14 101 60 81 4 0 16 0.00 M M 2.8 9 300 M M 0 13 140
15 104 61 83 6 0 18 0.00 M M 2.0 8 250 M M 0 11 260
16 109 65 87 11 0 22 0.00 M M 3.0 8 180 M M 0 12 70
17 103 69 86 10 0 21 T M M 6.3 17 230 M M 0 29 250
18 97 70 84 8 0 19 T M M 6.0 15 180 M M 0 18 180
19 94 64 79 3 0 14 T M M 6.1 22 250 M M 0 3 29 260
20 79 68 74 -1 0 9 T M M 4.3 15 150 M M 4 20 140
21 74 64 69 -6 0 4 1.51 M M 5.0 17 250 M M 9 23 200
22 84 62 73 -1 0 8 0.04 M M 2.8 39 160 M M 3 38 56 190
23 87 61 74 0 0 9 0.00 M M 2.4 7 110 M M 2 18 10 140
24 93 60 77 3 0 12 0.00 M M 3.1 8 30 M M 0 18 11 20
25 92 65 79 5 0 14 0.00 M M 4.4 14 250 M M 1 17 300
26 95 61 78 5 0 13 0.06 M M 5.6 22 320 M M 0 3 29 310
27 96 64 80 7 0 15 0.21 M M 3.0 16 30 M M 1 3 24 40
28 97 61 79 7 0 14 0.00 M M 2.5 10 270 M M 0 12 270
29 94 60 77 5 0 12 0.00 M M 8.4 24 340 M M 0 8 30 340
30 80 54 67 -5 0 2 0.00 M M 4.9 20 320 M M 0 26 330
31 86 49 68 -3 0 3 0.00 M M 5.9 29 330 M M 0 39 340
================================================================================
SM 2850 1915 0 373 2.29 M 148.7 M 38
================================================================================
AV 91.9 61.8 4.8 FASTST M M 1 MAX(MPH)
MISC ----> # 39 310 56 190
================================================================================
NOTES:
# LAST OF SEVERAL OCCURRENCES
COLUMN 17 PEAK WIND IN M.P.H.
PRELIMINARY LOCAL CLIMATOLOGICAL DATA (WS FORM: F-6) , PAGE 2
STATION: ONTARIO OR
MONTH: AUGUST
YEAR: 2023
LATITUDE: 44 1 N
LONGITUDE: 117 1 W
[TEMPERATURE DATA] [PRECIPITATION DATA] SYMBOLS USED IN COLUMN 16
AVERAGE MONTHLY: 76.9 TOTAL FOR MONTH: 2.29 1 = FOG OR MIST
DPTR FM NORMAL: 0.7 DPTR FM NORMAL: 2.17 2 = FOG REDUCING VISIBILITY
HIGHEST: 109 ON 16 GRTST 24HR 1.51 ON 21-21 TO 1/4 MILE OR LESS
LOWEST: 49 ON 31 3 = THUNDER
SNOW, ICE PELLETS, HAIL 4 = ICE PELLETS
TOTAL MONTH: M 5 = HAIL
GRTST 24HR M ON M 6 = FREEZING RAIN OR DRIZZLE
GRTST DEPTH: M ON M 7 = DUSTSTORM OR SANDSTORM:
VSBY 1/2 MILE OR LESS
8 = SMOKE OR HAZE
[NO. OF DAYS WITH] [WEATHER - DAYS WITH] 9 = BLOWING SNOW
X = TORNADO
MAX 32 OR BELOW: 0 0.01 INCH OR MORE: 7
MAX 90 OR ABOVE: 21 0.10 INCH OR MORE: 4
MIN 32 OR BELOW: 0 0.50 INCH OR MORE: 1
MIN 0 OR BELOW: 0 1.00 INCH OR MORE: 1
[HDD (BASE 65) ]
TOTAL THIS MO. 0 CLEAR (SCALE 0-3) 26
DPTR FM NORMAL -4 PTCLDY (SCALE 4-7) 4
TOTAL FM JUL 1 0 CLOUDY (SCALE 8-10) 1
DPTR FM NORMAL -2
[CDD (BASE 65) ]
TOTAL THIS MO. 373
DPTR FM NORMAL 24 [PRESSURE DATA]
TOTAL FM JAN 1 1189 HIGHEST SLP M ON M
DPTR FM NORMAL 191 LOWEST SLP 29.60 ON 31
[REMARKS]
#FINAL-08-23#