000
CXUS52 KMFL 011000
CF6OPF
PRELIMINARY LOCAL CLIMATOLOGICAL DATA (WS FORM: F-6)
STATION: OPA-LOCKA ARPT
MONTH: SEPTEMBER
YEAR: 2020
LATITUDE: 25 53 N
LONGITUDE: 80 17 W
TEMPERATURE IN F: :PCPN: SNOW: WIND :SUNSHINE: SKY :PK WND
================================================================================
1 2 3 4 5 6A 6B 7 8 9 10 11 12 13 14 15 16 17 18
12Z AVG MX 2MIN
DY MAX MIN AVG DEP HDD CDD WTR SNW DPTH SPD SPD DIR MIN PSBL S-S WX SPD DR
================================================================================
1 92 77 85 2 0 20 M 0.0 0 6.3 16 120 M M 1 21 110
2 91 80 86 3 0 21 M 0.0 0 9.7 17 70 M M 3 22 100
3 92 82 87 4 0 22 0.00 0.0 0 9.0 16 120 M M 2 21 100
4 92 82 87 4 0 22 0.00 0.0 0 8.6 18 90 M M 2 26 80
5 92 77 85 2 0 20 T 0.0 0 7.5 17 150 M M 2 24 80
6 90 71 81 -2 0 16 T 0.0 0 7.2 20 270 M M 2 13 23 270
7 86 75 81 -2 0 16 M 0.0 0 7.3 20 130 M M 2 25 130
8 90 75 83 0 0 18 M 0.0 0 6.2 17 130 M M 4 13 20 130
9 88 75 82 -1 0 17 M 0.0 0 3.7 20 150 M M 1 13 25 150
10 87 77 82 -1 0 17 0.00 0.0 0 5.9 16 100 M M 3 19 90
11 89 78 84 1 0 19 T 0.0 0 8.3 21 70 M M 3 1 26 50
12 80 74 77 -6 0 12 0.01 0.0 0 14.7 32 150 M M 7 138 40 140
13 86 73 80 -3 0 15 0.14 0.0 0 9.0 24 180 M M 5 13 28 170
14 90 77 84 1 0 19 0.00 0.0 0 7.3 16 140 M M 1 19 130
15 90 78 84 1 0 19 T 0.0 0 6.8 15 150 M M 2 20 110
16 90 79 85 2 0 20 0.00 0.0 0 8.1 17 150 M M 3 22 120
17 91 78 85 2 0 20 T 0.0 0 7.4 21 260 M M 2 25 250
18 92 78 85 2 0 20 0.00 0.0 0 6.9 21 170 M M 2 3 25 170
19 94 77 86 3 0 21 0.07 0.0 0 3.9 18 360 M M 4 13 22 80
20 90 77 84 1 0 19 T 0.0 0 3.8 25 270 M M 4 13 32 270
21 82 76 79 -4 0 14 1.38 0.0 0 11.0 24 50 M M 8 13 31 50
22 87 77 82 -1 0 17 0.10 0.0 0 14.2 25 80 M M 5 31 70
23 86 74 80 -2 0 15 0.00 0.0 0 9.2 17 100 M M 3 24 100
24 85 75 80 -2 0 15 0.10 0.0 0 8.3 21 140 M M 6 13 25 140
25 88 76 82 0 0 17 0.39 0.0 0 6.4 24 170 M M 2 13 30 180
26 91 75 83 1 0 18 0.33 0.0 0 4.8 23 300 M M 4 138 31 290
27 90 74 82 0 0 17 0.00 0.0 0 3.5 14 90 M M 2 19 90
28 90 78 84 2 0 19 0.04 0.0 0 5.3 17 240 M M 1 20 250
29 90 78 84 2 0 19 0.00 0.0 0 6.8 21 160 M M 2 24 160
30 92 76 84 2 0 19 0.00 0.0 0 5.8 21 10 M M 3 24 10
================================================================================
SM 2673 2299 0 543 2.56 0.0 222.9 M 91
================================================================================
AV 89.1 76.6 7.4 FASTST M M 3 MAX(MPH)
MISC ----> # 32 150 # 40 140
================================================================================
NOTES:
# LAST OF SEVERAL OCCURRENCES
COLUMN 17 PEAK WIND IN M.P.H.
PRELIMINARY LOCAL CLIMATOLOGICAL DATA (WS FORM: F-6) , PAGE 2
STATION: OPA-LOCKA ARPT
MONTH: SEPTEMBER
YEAR: 2020
LATITUDE: 25 53 N
LONGITUDE: 80 17 W
[TEMPERATURE DATA] [PRECIPITATION DATA] SYMBOLS USED IN COLUMN 16
AVERAGE MONTHLY: 82.9 TOTAL FOR MONTH: 2.56 1 = FOG OR MIST
DPTR FM NORMAL: 0.2 DPTR FM NORMAL: -5.79 2 = FOG REDUCING VISIBILITY
HIGHEST: 94 ON 19 GRTST 24HR 1.38 ON 21-21 TO 1/4 MILE OR LESS
LOWEST: 71 ON 6 3 = THUNDER
SNOW, ICE PELLETS, HAIL 4 = ICE PELLETS
TOTAL MONTH: 0.0 INCH 5 = HAIL
GRTST 24HR 0.0 6 = FREEZING RAIN OR DRIZZLE
GRTST DEPTH: 0 7 = DUSTSTORM OR SANDSTORM:
VSBY 1/2 MILE OR LESS
8 = SMOKE OR HAZE
[NO. OF DAYS WITH] [WEATHER - DAYS WITH] 9 = BLOWING SNOW
X = TORNADO
MAX 32 OR BELOW: 0 0.01 INCH OR MORE: 9
MAX 90 OR ABOVE: 19 0.10 INCH OR MORE: 6
MIN 32 OR BELOW: 0 0.50 INCH OR MORE: 1
MIN 0 OR BELOW: 0 1.00 INCH OR MORE: 1
[HDD (BASE 65) ]
TOTAL THIS MO. 0 CLEAR (SCALE 0-3) 21
DPTR FM NORMAL 0 PTCLDY (SCALE 4-7) 9
TOTAL FM JUL 1 0 CLOUDY (SCALE 8-10) 0
DPTR FM NORMAL 0
[CDD (BASE 65) ]
TOTAL THIS MO. 543
DPTR FM NORMAL 12 [PRESSURE DATA]
TOTAL FM JAN 1 3970 HIGHEST SLP 30.09 ON 5
DPTR FM NORMAL 534 LOWEST SLP 29.73 ON 12
[REMARKS]
#FINAL-09-20#