000
CXUS51 KAKQ 021051
CF6ORF
PRELIMINARY LOCAL CLIMATOLOGICAL DATA (WS FORM: F-6)
STATION: NORFOLK VA
MONTH: NOVEMBER
YEAR: 2020
LATITUDE: 36 54 N
LONGITUDE: 76 12 W
TEMPERATURE IN F: :PCPN: SNOW: WIND :SUNSHINE: SKY :PK WND
================================================================================
1 2 3 4 5 6A 6B 7 8 9 10 11 12 13 14 15 16 17 18
12Z AVG MX 2MIN
DY MAX MIN AVG DEP HDD CDD WTR SNW DPTH SPD SPD DIR MIN PSBL S-S WX SPD DR
================================================================================
1 71 46 59 2 6 0 0.74 0.0 0 10.6 26 180 M M 4 1 36 180
2 56 41 49 -8 16 0 0.00 0.0 0 11.2 20 330 M M 1 38 340
3 64 42 53 -3 12 0 0.00 0.0 0 5.4 13 270 M M 0 20 260
4 70 42 56 0 9 0 0.00 0.0 0 2.7 12 150 M M 0 8 14 160
5 75 50 63 7 2 0 0.00 0.0 0 3.7 13 90 M M 2 12 19 120
6 71 58 65 9 0 0 0.00 0.0 0 2.2 9 30 M M 6 12 9 30
7 72 55 64 9 1 0 0.00 0.0 0 1.8 8 40 M M 5 12 9 60
8 71 53 62 7 3 0 0.00 0.0 0 2.5 9 30 M M 1 12 11 30
9 73 54 64 9 1 0 0.00 0.0 0 3.1 12 40 M M 3 12 13 100
10 82 60 71 17 0 6 0.00 0.0 0 5.9 13 190 M M 3 1 17 190
11 85 68 77 23 0 12 0.93 0.0 0 11.8 25 200 M M 5 1 30 210
12 73 60 67 13 0 2 4.96 0.0 0 10.4 28 30 M M 9 12 34 110
13 61 50 56 2 9 0 0.08 0.0 0 5.8 14 20 M M 8 1 18 360
14 63 50 57 4 8 0 0.00 0.0 0 5.2 15 20 M M 1 1 21 10
15 75 47 61 8 4 0 0.00 0.0 0 14.1 30 200 M M 3 40 200
16 70 51 61 8 4 0 0.00 0.0 0 6.4 13 240 M M 2 24 280
17 62 40 51 -1 14 0 0.00 0.0 0 9.4 24 350 M M 2 32 360
18 49 41 45 -7 20 0 0.00 0.0 0 11.3 23 350 M M 0 35 360
19 57 33 45 -7 20 0 0.00 0.0 0 4.7 12 210 M M 0 14 30
20 70 40 55 3 10 0 0.00 0.0 0 9.6 22 220 M M 0 27 230
21 67 47 57 6 8 0 0.00 0.0 0 4.3 12 210 M M 0 1 12 210
22 69 50 60 9 5 0 0.02 0.0 0 5.1 12 80 M M 4 12 17 140
23 64 49 57 6 8 0 0.35 0.0 0 11.3 24 360 M M 3 1 34 350
24 53 42 48 -2 17 0 0.00 0.0 0 6.5 20 360 M M 0 26 360
25 66 40 53 3 12 0 0.00 0.0 0 5.7 14 180 M M 1 22 180
26 73 64 69 19 0 4 0.17 0.0 0 11.0 15 200 M M 8 1 22 180
27 61 50 56 7 9 0 0.00 0.0 0 2.3 8 20 M M 7 12 11 340
28 62 45 54 5 11 0 0.00 0.0 0 2.8 12 350 M M 5 12 16 350
29 64 41 53 4 12 0 0.00 0.0 0 3.4 10 140 M M 0 1 15 140
30 77 57 67 19 0 2 0.39 0.0 0 14.9 33 190 M M 7 1 45 190
================================================================================
SM 2026 1466 221 26 7.64 0.0 205.1 M 90
================================================================================
AV 67.5 48.9 6.8 FASTST M M 3 MAX(MPH)
MISC ----> # 33 190 # 45 190
================================================================================
NOTES:
# LAST OF SEVERAL OCCURRENCES
COLUMN 17 PEAK WIND IN M.P.H.
PRELIMINARY LOCAL CLIMATOLOGICAL DATA (WS FORM: F-6) , PAGE 2
STATION: NORFOLK VA
MONTH: NOVEMBER
YEAR: 2020
LATITUDE: 36 54 N
LONGITUDE: 76 12 W
[TEMPERATURE DATA] [PRECIPITATION DATA] SYMBOLS USED IN COLUMN 16
AVERAGE MONTHLY: 58.2 TOTAL FOR MONTH: 7.64 1 = FOG OR MIST
DPTR FM NORMAL: 5.3 DPTR FM NORMAL: 4.49 2 = FOG REDUCING VISIBILITY
HIGHEST: 85 ON 11 GRTST 24HR 4.96 ON 12-12 TO 1/4 MILE OR LESS
LOWEST: 33 ON 19 3 = THUNDER
SNOW, ICE PELLETS, HAIL 4 = ICE PELLETS
TOTAL MONTH: 0.0 INCH 5 = HAIL
GRTST 24HR 0.0 6 = FREEZING RAIN OR DRIZZLE
GRTST DEPTH: 0 7 = DUSTSTORM OR SANDSTORM:
VSBY 1/2 MILE OR LESS
8 = SMOKE OR HAZE
[NO. OF DAYS WITH] [WEATHER - DAYS WITH] 9 = BLOWING SNOW
X = TORNADO
MAX 32 OR BELOW: 0 0.01 INCH OR MORE: 8
MAX 90 OR ABOVE: 0 0.10 INCH OR MORE: 6
MIN 32 OR BELOW: 0 0.50 INCH OR MORE: 3
MIN 0 OR BELOW: 0 1.00 INCH OR MORE: 1
[HDD (BASE 65) ]
TOTAL THIS MO. 221 CLEAR (SCALE 0-3) 18
DPTR FM NORMAL -152 PTCLDY (SCALE 4-7) 11
TOTAL FM JUL 1 251 CLOUDY (SCALE 8-10) 1
DPTR FM NORMAL -279
[CDD (BASE 65) ]
TOTAL THIS MO. 26
DPTR FM NORMAL 18 [PRESSURE DATA]
TOTAL FM JAN 1 2108 HIGHEST SLP 30.67 ON 19
DPTR FM NORMAL 480 LOWEST SLP 29.36 ON 30
[REMARKS]
#FINAL-11-20#