000
CXUS51 KBOX 270810
CF6ORH
PRELIMINARY LOCAL CLIMATOLOGICAL DATA (WS FORM: F-6)
STATION: WORCESTER MA
MONTH: MARCH
YEAR: 2024
LATITUDE: 42 16 N
LONGITUDE: 71 52 W
TEMPERATURE IN F: :PCPN: SNOW: WIND :SUNSHINE: SKY :PK WND
================================================================================
1 2 3 4 5 6A 6B 7 8 9 10 11 12 13 14 15 16 17 18
12Z AVG MX 2MIN
DY MAX MIN AVG DEP HDD CDD WTR SNW DPTH SPD SPD DIR MIN PSBL S-S WX SPD DR
================================================================================
1 40 19 30 0 35 0 0.00 0.0 M 11.6 20 230 M M 2 31 220
2 45 31 38 8 27 0 1.58 0.0 M 7.9 14 180 M M 9 12 19 170
3 61 42 52 21 13 0 0.11 0.0 M 7.0 16 320 M M 7 1 22 350
4 55 39 47 16 18 0 0.00 0.0 M 6.9 15 60 M M 8 12 24 50
5 41 36 39 8 26 0 0.24 0.0 M 7.2 15 60 M M 10 12 20 50
6 52 40 46 14 19 0 0.72 0.0 M 7.2 16 60 M M 9 12 25 60
7 45 39 42 10 23 0 0.97 0.0 M 13.8 22 20 M M 9 1 39 30
8 50 33 42 10 23 0 0.00 0.0 M 9.1 17 30 M M 0 29 50
9 38 32 35 3 30 0 0.38 0.0 M 9.0 18 130 M M 7 1 24 60
10 46 32 39 6 26 0 0.78 0.0 M 16.5 30 280 M M 10 1 42 290
11 40 28 34 1 31 0 T T M 23.7 37 290 M M 6 58 290
12 54 35 45 12 20 0 0.00 0.0 M 14.9 28 290 M M 0 40 320
13 62 35 49 16 16 0 T 0.0 M 5.2 16 190 M M 2 24 200
14 66 36 51 17 14 0 0.00 0.0 M 5.1 14 320 M M 1 18 320
15 44 39 42 8 23 0 T 0.0 M 6.9 14 350 M M 10 12 19 30
16 54 30 42 8 23 0 0.00 0.0 M 8.2 17 210 M M 5 12 24 210
17 56 36 46 11 19 0 0.11 0.0 M 13.2 28 310 M M 7 1 38 300
18 46 32 39 4 26 0 0.00 0.0 M 13.9 23 300 M M 3 34 250
19 41 30 36 1 29 0 0.00 0.0 M 14.6 24 300 M M 5 35 280
20 47 28 38 2 27 0 0.08 T M 14.2 31 300 M M 7 1 43 290
21 34 23 29 -7 36 0 0.00 0.0 M 20.4 37 280 M M 1 54 290
22 37 21 29 -7 36 0 0.01 T M 8.2 20 290 M M 5 29 300
23 35 28 32 -4 33 0 1.99 0.0 M 12.8 28 330 M M 10 126 43 320
24 37 21 29 -8 36 0 0.00 0.0 M 10.6 25 330 M M 1 41 330
25 42 26 34 -3 31 0 0.00 0.0 M 12.6 20 60 M M 0 32 30
26 40 31 36 -2 29 0 T 0.0 M 11.3 17 20 M M 10 18 29 40
================================================================================
SM 1208 822 669 0 6.97 T 292.0 M 144
================================================================================
AV 46.5 31.6 11.2 FASTST M M 6 MAX(MPH)
MISC ----> # 37 290 58 290
================================================================================
NOTES:
# LAST OF SEVERAL OCCURRENCES
COLUMN 17 PEAK WIND IN M.P.H.
PRELIMINARY LOCAL CLIMATOLOGICAL DATA (WS FORM: F-6) , PAGE 2
STATION: WORCESTER MA
MONTH: MARCH
YEAR: 2024
LATITUDE: 42 16 N
LONGITUDE: 71 52 W
[TEMPERATURE DATA] [PRECIPITATION DATA] SYMBOLS USED IN COLUMN 16
AVERAGE MONTHLY: 39.0 TOTAL FOR MONTH: 6.97 1 = FOG OR MIST
DPTR FM NORMAL: 5.3 DPTR FM NORMAL: 3.44 2 = FOG REDUCING VISIBILITY
HIGHEST: 66 ON 14 GRTST 24HR 2.00 ON 22-23 TO 1/4 MILE OR LESS
LOWEST: 19 ON 1 3 = THUNDER
SNOW, ICE PELLETS, HAIL 4 = ICE PELLETS
TOTAL MONTH: T 5 = HAIL
GRTST 24HR T ON 11-11 6 = FREEZING RAIN OR DRIZZLE
GRTST DEPTH: M ON M 7 = DUSTSTORM OR SANDSTORM:
VSBY 1/2 MILE OR LESS
8 = SMOKE OR HAZE
[NO. OF DAYS WITH] [WEATHER - DAYS WITH] 9 = BLOWING SNOW
X = TORNADO
MAX 32 OR BELOW: 0 0.01 INCH OR MORE: 11
MAX 90 OR ABOVE: 0 0.10 INCH OR MORE: 9
MIN 32 OR BELOW: 15 0.50 INCH OR MORE: 5
MIN 0 OR BELOW: 0 1.00 INCH OR MORE: 2
[HDD (BASE 65) ]
TOTAL THIS MO. 669 CLEAR (SCALE 0-3) 8
DPTR FM NORMAL -145 PTCLDY (SCALE 4-7) 10
TOTAL FM JUL 1 4689 CLOUDY (SCALE 8-10) 8
DPTR FM NORMAL -875
[CDD (BASE 65) ]
TOTAL THIS MO. 0
DPTR FM NORMAL 0 [PRESSURE DATA]
TOTAL FM JAN 1 0 HIGHEST SLP M ON M
DPTR FM NORMAL 0 LOWEST SLP 29.24 ON 10
[REMARKS]