000
CDUS41 KBOX 192200
CLIORH


CLIMATE REPORT
NATIONAL WEATHER SERVICE BOSTON/NORTON MA
550 PM EDT SAT MAY 19 2018


...................................

...THE WORCESTER MA CLIMATE SUMMARY FOR MAY 19 2018...
VALID TODAY AS OF 0500 PM LOCAL TIME.

CLIMATE NORMAL PERIOD 1981 TO 2010
CLIMATE RECORD PERIOD 1892 TO 2018


WEATHER ITEM   OBSERVED TIME   RECORD YEAR NORMAL DEPARTURE LAST
                VALUE   (LST)  VALUE       VALUE  FROM      YEAR
                                                  NORMAL
..................................................................
TEMPERATURE (F)
 TODAY
  MAXIMUM         53   1058 AM  92    1962  67    -14       84
  MINIMUM         41    459 AM  27    1944  48     -7       53
  AVERAGE         47                        57    -10       69

PRECIPITATION (IN)
  TODAY            0.14          1.48 1900   0.14   0.00     0.01
  MONTH TO DATE    1.85                      2.42  -0.57     3.22
  SINCE MAR 1     12.37                     10.74   1.63    11.98
  SINCE JAN 1     20.86                     17.46   3.40    18.33

SNOWFALL (IN)
  TODAY            0.0           T    1976   0.0    0.0      0.0
  MONTH TO DATE    0.0                       0.0    0.0      0.0
  SINCE MAR 1     49.5                      14.2   35.3     20.5
  SINCE JUL 1     96.1                      64.1   32.0     78.3
  SNOW DEPTH      MM

DEGREE DAYS
 HEATING
  TODAY           18                         8     10        0
  MONTH TO DATE  129                       205    -76      249
  SINCE MAR 1   1814                      1715     99     1792
  SINCE JUL 1   6315                      6552   -237     6069

 COOLING
  TODAY            0                         1     -1        4
  MONTH TO DATE   27                         4     23       24
  SINCE MAR 1     27                         7     20       34
  SINCE JAN 1     27                         7     20       34
..................................................................


WIND (MPH)
  HIGHEST WIND SPEED    13   HIGHEST WIND DIRECTION     E (70)
  HIGHEST GUST SPEED    19   HIGHEST GUST DIRECTION     E (90)
  AVERAGE WIND SPEED     7.7


SKY COVER
  POSSIBLE SUNSHINE  MM
  AVERAGE SKY COVER 0.5


WEATHER CONDITIONS
 THE FOLLOWING WEATHER WAS RECORDED TODAY.
  LIGHT RAIN
  FOG
  FOG W/VISIBILITY <= 1/4 MILE


RELATIVE HUMIDITY (PERCENT)
 HIGHEST    93           200 PM
 LOWEST     53          1200 AM
 AVERAGE    73

..........................................................


THE WORCESTER MA CLIMATE NORMALS FOR TOMORROW
                         NORMAL    RECORD    YEAR
 MAXIMUM TEMPERATURE (F)   67        91      1903
 MINIMUM TEMPERATURE (F)   48        34      1944


SUNRISE AND SUNSET
MAY 19 2018...........SUNRISE   523 AM EDT   SUNSET   806 PM EDT
MAY 20 2018...........SUNRISE   522 AM EDT   SUNSET   807 PM EDT


-  INDICATES NEGATIVE NUMBERS.
R  INDICATES RECORD WAS SET OR TIED.
MM INDICATES DATA IS MISSING.
T  INDICATES TRACE AMOUNT.




$$
