635
CDUS41 KBOX 230546
CLIORH


CLIMATE REPORT
NATIONAL WEATHER SERVICE BOSTON/NORTON MA
135 AM EDT MON APR 23 2018


...................................

...THE WORCESTER MA CLIMATE SUMMARY FOR APRIL 22 2018...

CLIMATE NORMAL PERIOD 1981 TO 2010
CLIMATE RECORD PERIOD 1892 TO 2018


WEATHER ITEM   OBSERVED TIME   RECORD YEAR NORMAL DEPARTURE LAST
                VALUE   (LST)  VALUE       VALUE  FROM      YEAR
                                                  NORMAL
..................................................................
TEMPERATURE (F)
 YESTERDAY
  MAXIMUM         58    339 PM  84    1973  58      0       46
  MINIMUM         35    507 AM  23    1989  39     -4       39
                                      1981
                                      1947
  AVERAGE         47                        49     -2       43

PRECIPITATION (IN)
  YESTERDAY        0.00          2.05 1937   0.13  -0.13     0.03
  MONTH TO DATE    3.99                      3.08   0.91     3.87
  SINCE MAR 1      8.89                      7.29   1.60     7.88
  SINCE JAN 1     17.38                     14.01   3.37    14.23

SNOWFALL (IN)
  YESTERDAY        0.0           2.2  1940   0.1   -0.1      0.0
  MONTH TO DATE    7.2                       2.5    4.7      2.9
  SINCE MAR 1     49.5                      13.9   35.6     20.5
  SINCE JUL 1     96.1                      63.8   32.3     78.3
  SNOW DEPTH      MM

DEGREE DAYS
 HEATING
  YESTERDAY       18                        17      1       22
  MONTH TO DATE  597                       452    145      383
  SINCE MAR 1   1566                      1391    175     1463
  SINCE JUL 1   6067                      6228   -161     5740

 COOLING
  YESTERDAY        0                         0      0        0
  MONTH TO DATE    0                         0      0        6
  SINCE MAR 1      0                         0      0        6
  SINCE JAN 1      0                         0      0        6
..................................................................


WIND (MPH)
  RESULTANT WIND SPEED   8   RESULTANT WIND DIRECTION  NW (320)
  HIGHEST WIND SPEED    20   HIGHEST WIND DIRECTION    NW (330)
  HIGHEST GUST SPEED    28   HIGHEST GUST DIRECTION    NW (330)
  AVERAGE WIND SPEED     8.8


SKY COVER
  POSSIBLE SUNSHINE  MM
  AVERAGE SKY COVER 0.0


WEATHER CONDITIONS
 THE FOLLOWING WEATHER WAS RECORDED YESTERDAY.
  NO SIGNIFICANT WEATHER WAS OBSERVED.


RELATIVE HUMIDITY (PERCENT)
 HIGHEST    47           200 AM
 LOWEST     17           400 PM
 AVERAGE    32

..........................................................


THE WORCESTER MA CLIMATE NORMALS FOR TODAY
                         NORMAL    RECORD    YEAR
 MAXIMUM TEMPERATURE (F)   58        84      2007
                                             1902
 MINIMUM TEMPERATURE (F)   40        20      1933


SUNRISE AND SUNSET
APRIL 23 2018.........SUNRISE   554 AM EDT   SUNSET   738 PM EDT
APRIL 24 2018.........SUNRISE   553 AM EDT   SUNSET   739 PM EDT


-  INDICATES NEGATIVE NUMBERS.
R  INDICATES RECORD WAS SET OR TIED.
MM INDICATES DATA IS MISSING.
T  INDICATES TRACE AMOUNT.




$$
