000
CDUS41 KBOX 172146
CLIORH

CLIMATE REPORT
NATIONAL WEATHER SERVICE BOSTON/NORTON MA
546 PM EDT TUE APR 17 2018


...................................

...THE WORCESTER MA CLIMATE SUMMARY FOR APRIL 17 2018...
VALID TODAY AS OF 0500 PM LOCAL TIME.

CLIMATE NORMAL PERIOD 1981 TO 2010
CLIMATE RECORD PERIOD 1892 TO 2018


WEATHER ITEM   OBSERVED TIME   RECORD YEAR NORMAL DEPARTURE LAST
                VALUE   (LST)  VALUE       VALUE  FROM      YEAR
                                                  NORMAL
..................................................................
TEMPERATURE (F)
 TODAY
  MAXIMUM         44    201 PM  90    2002  56    -12       68
  MINIMUM         34    531 AM  21    1928  38     -4       47
  AVERAGE         39                        47     -8       58

PRECIPITATION (IN)
  TODAY            T             2.15 1954   0.13  -0.13      T
  MONTH TO DATE    3.76                      2.44   1.32     3.18
  SINCE MAR 1      8.66                      6.65   2.01     7.19
  SINCE JAN 1     17.15                     13.37   3.78    13.54

SNOWFALL (IN)
  TODAY            T             3.5  1935   0.1   -0.1      0.0
  MONTH TO DATE    6.6                       2.1    4.5      2.9
  SINCE MAR 1     48.9                      13.5   35.4     20.5
  SINCE JUL 1     95.5                      63.4   32.1     78.3
  SNOW DEPTH      MM

DEGREE DAYS
 HEATING
  TODAY           26                        18      8        7
  MONTH TO DATE  474                       365    109      284
  SINCE MAR 1   1443                      1304    139     1364
  SINCE JUL 1   5944                      6141   -197     5641

 COOLING
  TODAY            0                         0      0        0
  MONTH TO DATE    0                         0      0        6
  SINCE MAR 1      0                         0      0        6
  SINCE JAN 1      0                         0      0        6
..................................................................


WIND (MPH)
  HIGHEST WIND SPEED    24   HIGHEST WIND DIRECTION     W (250)
  HIGHEST GUST SPEED    32   HIGHEST GUST DIRECTION     W (250)
  AVERAGE WIND SPEED    14.7


SKY COVER
  POSSIBLE SUNSHINE  MM
  AVERAGE SKY COVER 0.8


WEATHER CONDITIONS
 THE FOLLOWING WEATHER WAS RECORDED TODAY.
  LIGHT RAIN
  LIGHT SNOW
  FOG
  FOG W/VISIBILITY <= 1/4 MILE


RELATIVE HUMIDITY (PERCENT)
 HIGHEST   100          1200 AM
 LOWEST     57           400 PM
 AVERAGE    79

..........................................................


THE WORCESTER MA CLIMATE NORMALS FOR TOMORROW
                         NORMAL    RECORD    YEAR
 MAXIMUM TEMPERATURE (F)   56        88      1976
 MINIMUM TEMPERATURE (F)   38        21      1948


SUNRISE AND SUNSET
APRIL 17 2018.........SUNRISE   604 AM EDT   SUNSET   731 PM EDT
APRIL 18 2018.........SUNRISE   602 AM EDT   SUNSET   732 PM EDT


-  INDICATES NEGATIVE NUMBERS.
R  INDICATES RECORD WAS SET OR TIED.
MM INDICATES DATA IS MISSING.
T  INDICATES TRACE AMOUNT.




$$
