637
CDUS41 KBOX 162143
CLIORH


CLIMATE REPORT
NATIONAL WEATHER SERVICE BOSTON/NORTON MA
543 PM EDT MON APR 16 2018


...................................

...THE WORCESTER MA CLIMATE SUMMARY FOR APRIL 16 2018...
VALID TODAY AS OF 0500 PM LOCAL TIME.

CLIMATE NORMAL PERIOD 1981 TO 2010
CLIMATE RECORD PERIOD 1892 TO 2018


WEATHER ITEM   OBSERVED TIME   RECORD YEAR NORMAL DEPARTURE LAST
                VALUE   (LST)  VALUE       VALUE  FROM      YEAR
                                                  NORMAL
..................................................................
TEMPERATURE (F)
 TODAY
  MAXIMUM         39    359 PM  88    2012  55    -16       82
  MINIMUM         30    335 AM  22    1943  37     -7       54
  AVERAGE         35                        46    -11       68

PRECIPITATION (IN)
  TODAY            1.89          3.23 1996   0.13   1.76     0.03
  MONTH TO DATE    3.63                      2.31   1.32     3.18
  SINCE MAR 1      8.53                      6.52   2.01     7.19
  SINCE JAN 1     17.02                     13.24   3.78    13.54

SNOWFALL (IN)
  TODAY            0.8           2.4  1992   0.1    0.7      0.0
  MONTH TO DATE    6.6                       2.0    4.6      2.9
  SINCE MAR 1     48.9                      13.4   35.5     20.5
  SINCE JUL 1     95.5                      63.3   32.2     78.3
  SNOW DEPTH      MM

DEGREE DAYS
 HEATING
  TODAY           30                        19     11        0
  MONTH TO DATE  451                       347    104      277
  SINCE MAR 1   1420                      1286    134     1357
  SINCE JUL 1   5921                      6123   -202     5634

 COOLING
  TODAY            0                         0      0        3
  MONTH TO DATE    0                         0      0        6
  SINCE MAR 1      0                         0      0        6
  SINCE JAN 1      0                         0      0        6
..................................................................


WIND (MPH)
  HIGHEST WIND SPEED    24   HIGHEST WIND DIRECTION    NE (60)
  HIGHEST GUST SPEED    38   HIGHEST GUST DIRECTION     E (80)
  AVERAGE WIND SPEED    16.3


SKY COVER
  POSSIBLE SUNSHINE  MM
  AVERAGE SKY COVER 1.0


WEATHER CONDITIONS
 THE FOLLOWING WEATHER WAS RECORDED TODAY.
  HEAVY RAIN
  RAIN
  LIGHT RAIN
  FREEZING RAIN
  LT FREEZING RAIN
  LIGHT SNOW
  FOG
  FOG W/VISIBILITY <= 1/4 MILE


RELATIVE HUMIDITY (PERCENT)
 HIGHEST   100           500 AM
 LOWEST     92          1200 AM
 AVERAGE    96

..........................................................


THE WORCESTER MA CLIMATE NORMALS FOR TOMORROW
                         NORMAL    RECORD    YEAR
 MAXIMUM TEMPERATURE (F)   56        90      2002
 MINIMUM TEMPERATURE (F)   38        21      1928


SUNRISE AND SUNSET
APRIL 16 2018.........SUNRISE   605 AM EDT   SUNSET   730 PM EDT
APRIL 17 2018.........SUNRISE   604 AM EDT   SUNSET   731 PM EDT


-  INDICATES NEGATIVE NUMBERS.
R  INDICATES RECORD WAS SET OR TIED.
MM INDICATES DATA IS MISSING.
T  INDICATES TRACE AMOUNT.




$$
