014
CDUS41 KBOX 161120
CLIORH


CLIMATE REPORT
NATIONAL WEATHER SERVICE BOSTON/NORTON MA
709 AM EDT MON APR 16 2018


...................................

...THE WORCESTER MA CLIMATE SUMMARY FOR APRIL 15 2018...

CLIMATE NORMAL PERIOD 1981 TO 2010
CLIMATE RECORD PERIOD 1892 TO 2018


WEATHER ITEM   OBSERVED TIME   RECORD YEAR NORMAL DEPARTURE LAST
                VALUE   (LST)  VALUE       VALUE  FROM      YEAR
                                                  NORMAL
..................................................................
TEMPERATURE (F)
 YESTERDAY
  MAXIMUM         34   1203 AM  85    1941  55    -21       65
  MINIMUM         27    802 PM  19    1940  37    -10       40
  AVERAGE         31                        46    -15       53

PRECIPITATION (IN)
  YESTERDAY        0.28          2.10 2007   0.14   0.14     0.01
  MONTH TO DATE    1.74                      2.18  -0.44     3.15
  SINCE MAR 1      6.64                      6.39   0.25     7.16
  SINCE JAN 1     15.13                     13.11   2.02    13.51

SNOWFALL (IN)
  YESTERDAY        0.4 R         0.4  2018   0.1    0.3      0.0
  MONTH TO DATE    5.8                       1.9    3.9      2.9
  SINCE MAR 1     48.1                      13.3   34.8     20.5
  SINCE JUL 1     94.7                      63.2   31.5     78.3
  SNOW DEPTH      MM

DEGREE DAYS
 HEATING
  YESTERDAY       34                        19     15       12
  MONTH TO DATE  421                       328     93      277
  SINCE MAR 1   1390                      1267    123     1357
  SINCE JUL 1   5891                      6104   -213     5634

 COOLING
  YESTERDAY        0                         0      0        0
  MONTH TO DATE    0                         0      0        3
  SINCE MAR 1      0                         0      0        3
  SINCE JAN 1      0                         0      0        3
..................................................................


WIND (MPH)
  RESULTANT WIND SPEED  15   RESULTANT WIND DIRECTION  NE (60)
  HIGHEST WIND SPEED    23   HIGHEST WIND DIRECTION     E (70)
  HIGHEST GUST SPEED    34   HIGHEST GUST DIRECTION     E (70)
  AVERAGE WIND SPEED    15.0


SKY COVER
  POSSIBLE SUNSHINE  MM
  AVERAGE SKY COVER 1.0


WEATHER CONDITIONS
 THE FOLLOWING WEATHER WAS RECORDED YESTERDAY.
  FREEZING RAIN
  LT FREEZING RAIN
  LIGHT SNOW
  SLEET
  FOG


RELATIVE HUMIDITY (PERCENT)
 HIGHEST   100           700 PM
 LOWEST     56           100 AM
 AVERAGE    78

..........................................................


THE WORCESTER MA CLIMATE NORMALS FOR TODAY
                         NORMAL    RECORD    YEAR
 MAXIMUM TEMPERATURE (F)   55        88      2012
 MINIMUM TEMPERATURE (F)   37        22      1943


SUNRISE AND SUNSET
APRIL 16 2018.........SUNRISE   605 AM EDT   SUNSET   730 PM EDT
APRIL 17 2018.........SUNRISE   604 AM EDT   SUNSET   731 PM EDT


-  INDICATES NEGATIVE NUMBERS.
R  INDICATES RECORD WAS SET OR TIED.
MM INDICATES DATA IS MISSING.
T  INDICATES TRACE AMOUNT.




$$
