000
CDUS41 KBOX 132152
CLIORH


CLIMATE REPORT
NATIONAL WEATHER SERVICE BOSTON/NORTON MA
542 PM EDT SUN MAY 13 2018


...................................

...THE WORCESTER MA CLIMATE SUMMARY FOR MAY 13 2018...
VALID TODAY AS OF 0500 PM LOCAL TIME.

CLIMATE NORMAL PERIOD 1981 TO 2010
CLIMATE RECORD PERIOD 1892 TO 2018


WEATHER ITEM   OBSERVED TIME   RECORD YEAR NORMAL DEPARTURE LAST
                VALUE   (LST)  VALUE       VALUE  FROM      YEAR
                                                  NORMAL
..................................................................
TEMPERATURE (F)
 TODAY
  MAXIMUM         60    317 PM  85    1947  65     -5       52
  MINIMUM         41    537 AM  31    1928  46     -5       42
  AVERAGE         51                        56     -5       47

PRECIPITATION (IN)
  TODAY            0.00          1.70 1971   0.12  -0.12     0.45
  MONTH TO DATE    0.62                      1.63  -1.01     1.76
  SINCE MAR 1     11.14                      9.95   1.19    10.52
  SINCE JAN 1     19.63                     16.67   2.96    16.87

SNOWFALL (IN)
  TODAY            0.0           0.0  2001   0.0    0.0      0.0
                                      2000
  MONTH TO DATE    0.0                       0.0    0.0      0.0
  SINCE MAR 1     49.5                      14.2   35.3     20.5
  SINCE JUL 1     96.1                      64.1   32.0     78.3
  SNOW DEPTH      MM

DEGREE DAYS
 HEATING
  TODAY           14                        10      4       18
  MONTH TO DATE   84                       151    -67      212
  SINCE MAR 1   1769                      1661    108     1755
  SINCE JUL 1   6270                      6498   -228     6032

 COOLING
  TODAY            0                         0      0        0
  MONTH TO DATE   24                         0     24        0
  SINCE MAR 1     24                         3     21       10
  SINCE JAN 1     24                         3     21       10
..................................................................


WIND (MPH)
  HIGHEST WIND SPEED    15   HIGHEST WIND DIRECTION    SE (140)
  HIGHEST GUST SPEED    17   HIGHEST GUST DIRECTION    SE (140)
  AVERAGE WIND SPEED     5.3


SKY COVER
  POSSIBLE SUNSHINE  MM
  AVERAGE SKY COVER 0.8


WEATHER CONDITIONS
 THE FOLLOWING WEATHER WAS RECORDED TODAY.
  FOG
  FOG W/VISIBILITY <= 1/4 MILE


RELATIVE HUMIDITY (PERCENT)
 HIGHEST   100          1200 AM
 LOWEST     51           300 PM
 AVERAGE    76

..........................................................


THE WORCESTER MA CLIMATE NORMALS FOR TOMORROW
                         NORMAL    RECORD    YEAR
 MAXIMUM TEMPERATURE (F)   66        87      1961
                                             1907
 MINIMUM TEMPERATURE (F)   46        33      1939


SUNRISE AND SUNSET
MAY 13 2018...........SUNRISE   528 AM EDT   SUNSET   800 PM EDT
MAY 14 2018...........SUNRISE   527 AM EDT   SUNSET   801 PM EDT


-  INDICATES NEGATIVE NUMBERS.
R  INDICATES RECORD WAS SET OR TIED.
MM INDICATES DATA IS MISSING.
T  INDICATES TRACE AMOUNT.




$$
