000
CDUS41 KBOX 230557
CLIORH


CLIMATE REPORT
NATIONAL WEATHER SERVICE BOSTON/NORTON MA
147 AM EDT WED MAY 23 2018


...................................

...THE WORCESTER MA CLIMATE SUMMARY FOR MAY 22 2018...

CLIMATE NORMAL PERIOD 1981 TO 2010
CLIMATE RECORD PERIOD 1892 TO 2018


WEATHER ITEM   OBSERVED TIME   RECORD YEAR NORMAL DEPARTURE LAST
                VALUE   (LST)  VALUE       VALUE  FROM      YEAR
                                                  NORMAL
..................................................................
TEMPERATURE (F)
 YESTERDAY
  MAXIMUM         66    724 AM  90    1992  68     -2       53
                                      1911
  MINIMUM         51   1118 PM  32    1936  49      2       46
  AVERAGE         59                        58      1       50

PRECIPITATION (IN)
  YESTERDAY        0.03          0.77 1919   0.14  -0.11     0.24
  MONTH TO DATE    2.09                      2.84  -0.75     3.46
  SINCE MAR 1     12.61                     11.16   1.45    12.22
  SINCE JAN 1     21.10                     17.88   3.22    18.57

SNOWFALL (IN)
  YESTERDAY        0.0           0.0  2002   0.0    0.0      0.0
                                      2001
                                      2000
  MONTH TO DATE    0.0                       0.0    0.0      0.0
  SINCE MAR 1     49.5                      14.2   35.3     20.5
  SINCE JUL 1     96.1                      64.1   32.0     78.3
  SNOW DEPTH      MM

DEGREE DAYS
 HEATING
  YESTERDAY        6                         8     -2       15
  MONTH TO DATE  136                       229    -93      280
  SINCE MAR 1   1821                      1739     82     1823
  SINCE JUL 1   6322                      6576   -254     6100

 COOLING
  YESTERDAY        0                         1     -1        0
  MONTH TO DATE   27                         7     20       24
  SINCE MAR 1     27                        10     17       34
  SINCE JAN 1     27                        10     17       34
..................................................................


WIND (MPH)
  RESULTANT WIND SPEED   4   RESULTANT WIND DIRECTION  SW (220)
  HIGHEST WIND SPEED    15   HIGHEST WIND DIRECTION     S (200)
  HIGHEST GUST SPEED    20   HIGHEST GUST DIRECTION     S (200)
  AVERAGE WIND SPEED     7.1


SKY COVER
  POSSIBLE SUNSHINE  MM
  AVERAGE SKY COVER 0.7


WEATHER CONDITIONS
 THE FOLLOWING WEATHER WAS RECORDED YESTERDAY.
  LIGHT RAIN
  FOG


RELATIVE HUMIDITY (PERCENT)
 HIGHEST   100          1100 PM
 LOWEST     42           600 AM
 AVERAGE    71

..........................................................


THE WORCESTER MA CLIMATE NORMALS FOR TODAY
                         NORMAL    RECORD    YEAR
 MAXIMUM TEMPERATURE (F)   68        89      1964
 MINIMUM TEMPERATURE (F)   49        32      1929


SUNRISE AND SUNSET
MAY 23 2018...........SUNRISE   519 AM EDT   SUNSET   810 PM EDT
MAY 24 2018...........SUNRISE   518 AM EDT   SUNSET   811 PM EDT


-  INDICATES NEGATIVE NUMBERS.
R  INDICATES RECORD WAS SET OR TIED.
MM INDICATES DATA IS MISSING.
T  INDICATES TRACE AMOUNT.




$$
