000
CDUS41 KBOX 260601
CLIORH


CLIMATE REPORT
NATIONAL WEATHER SERVICE BOSTON/NORTON MA
150 AM EDT SAT MAY 26 2018


...................................

...THE WORCESTER MA CLIMATE SUMMARY FOR MAY 25 2018...

CLIMATE NORMAL PERIOD 1981 TO 2010
CLIMATE RECORD PERIOD 1892 TO 2018


WEATHER ITEM   OBSERVED TIME   RECORD YEAR NORMAL DEPARTURE LAST
                VALUE   (LST)  VALUE       VALUE  FROM      YEAR
                                                  NORMAL
..................................................................
TEMPERATURE (F)
 YESTERDAY
  MAXIMUM         83    311 PM  88    2007  68     15       53
                                      1932
                                      1904
  MINIMUM         54    438 AM  33    1967  50      4       47
                                      1956
                                      1945
  AVERAGE         69                        59     10       50

PRECIPITATION (IN)
  YESTERDAY        0.00          3.03 1967   0.15  -0.15     0.70
  MONTH TO DATE    2.09                      3.30  -1.21     4.16
  SINCE MAR 1     12.61                     11.62   0.99    12.92
  SINCE JAN 1     21.10                     18.34   2.76    19.27

SNOWFALL (IN)
  YESTERDAY        0.0           T    1967   0.0    0.0      0.0
  MONTH TO DATE    0.0                       0.0    0.0      0.0
  SINCE MAR 1     49.5                      14.2   35.3     20.5
  SINCE JUL 1     96.1                      64.1   32.0     78.3
  SNOW DEPTH      MM

DEGREE DAYS
 HEATING
  YESTERDAY        0                         7     -7       15
  MONTH TO DATE  138                       250   -112      307
  SINCE MAR 1   1823                      1760     63     1850
  SINCE JUL 1   6324                      6597   -273     6127

 COOLING
  YESTERDAY        4                         1      3        0
  MONTH TO DATE   32                        10     22       24
  SINCE MAR 1     32                        13     19       34
  SINCE JAN 1     32                        13     19       34
..................................................................


WIND (MPH)
  RESULTANT WIND SPEED  14   RESULTANT WIND DIRECTION   W (250)
  HIGHEST WIND SPEED    25   HIGHEST WIND DIRECTION     W (250)
  HIGHEST GUST SPEED    33   HIGHEST GUST DIRECTION     W (250)
  AVERAGE WIND SPEED    14.6


SKY COVER
  POSSIBLE SUNSHINE  MM
  AVERAGE SKY COVER 0.0


WEATHER CONDITIONS
 THE FOLLOWING WEATHER WAS RECORDED YESTERDAY.
  NO SIGNIFICANT WEATHER WAS OBSERVED.


RELATIVE HUMIDITY (PERCENT)
 HIGHEST    72           100 AM
 LOWEST     30           200 PM
 AVERAGE    51

..........................................................


THE WORCESTER MA CLIMATE NORMALS FOR TODAY
                         NORMAL    RECORD    YEAR
 MAXIMUM TEMPERATURE (F)   69        94      2010
 MINIMUM TEMPERATURE (F)   50        35      1992
                                             1972
                                             1925


SUNRISE AND SUNSET
MAY 26 2018...........SUNRISE   517 AM EDT   SUNSET   812 PM EDT
MAY 27 2018...........SUNRISE   516 AM EDT   SUNSET   813 PM EDT


-  INDICATES NEGATIVE NUMBERS.
R  INDICATES RECORD WAS SET OR TIED.
MM INDICATES DATA IS MISSING.
T  INDICATES TRACE AMOUNT.




$$
