000
CXUS52 KMLB 092045 CCA
CF6ORL
PRELIMINARY LOCAL CLIMATOLOGICAL DATA (WS FORM: F-6)
STATION: ORLANDO EXEC
MONTH: JANUARY
YEAR: 2023
LATITUDE: 28 32 N
LONGITUDE: 81 20 W
TEMPERATURE IN F: :PCPN: SNOW: WIND :SUNSHINE: SKY :PK WND
================================================================================
1 2 3 4 5 6A 6B 7 8 9 10 11 12 13 14 15 16 17 18
12Z AVG MX 2MIN
DY MAX MIN AVG DEP HDD CDD WTR SNW DPTH SPD SPD DIR MIN PSBL S-S WX SPD DR
================================================================================
1 80 63 72 10 0 7 0.00 0.0 0 2.7 9 90 M M 5 12 11 310
2 82 57 70 8 0 5 0.00 0.0 0 4.5 14 80 M M 3 12 17 70
3 82 60 71 9 0 6 0.00 0.0 0 6.2 17 170 M M 2 12 22 180
4 83 70 77 15 0 12 T 0.0 0 9.1 17 180 M M 7 22 200
5 77 63 70 9 0 5 0.02 0.0 0 9.6 15 280 M M 7 19 190
6 70 51 61 0 4 0 0.00 0.0 0 5.9 14 10 M M 0 18 20
7 72 46 59 -2 6 0 0.00 0.0 0 4.1 15 70 M M 0 19 70
8 78 51 65 4 0 0 0.00 0.0 0 4.6 16 130 M M 2 19 120
9 76 54 65 4 0 0 0.00 0.0 0 5.9 16 280 M M 0 22 290
10 73 54 64 3 1 0 0.00 0.0 0 4.6 15 290 M M 1 18 300
11 76 46 61 0 4 0 0.00 0.0 0 1.7 8 110 M M 0 10 130
12 77 51 64 3 1 0 0.00 0.0 0 5.8 17 200 M M 0 12 22 200
13 68 47 58 -3 7 0 0.30 0.0 0 15.8 24 290 M M 6 1 33 290
14 54 40 47 -14 18 0 0.00 0.0 0 13.5 22 310 M M 0 28 300
15 60 36 48 -13 17 0 0.00 0.0 0 5.5 13 10 M M 0 16 300
16 67 39 53 -8 12 0 0.00 0.0 0 2.2 9 210 M M 0 13 160
17 75 43 59 -2 6 0 0.00 0.0 0 4.9 16 250 M M 0 20 240
18 77 51 64 3 1 0 0.00 0.0 0 4.4 12 170 M M 0 1 15 150
19 83 58 71 10 0 6 0.00 0.0 0 8.1 17 190 M M 1 24 170
20 82 62 72 11 0 7 0.00 0.0 0 5.4 13 280 M M 2 1 16 270
21 69 59 64 3 1 0 T 0.0 0 5.6 13 20 M M 8 15 30
22 84 59 72 10 0 7 0.00 0.0 0 11.3 25 220 M M 3 33 220
23 72 54 63 1 2 0 0.01 0.0 0 7.5 17 310 M M 4 3 23 310
24 75 51 63 1 2 0 0.00 0.0 0 8.4 17 90 M M 0 23 90
25 86 59 73 11 0 8 0.13 0.0 0 12.7 26 190 M M 2 1 36 190
26 68 53 61 -1 4 0 0.02 0.0 0 9.0 17 290 M M 5 1 22 250
27 65 47 56 -6 9 0 0.00 0.0 0 8.0 17 20 M M 0 20 10
28 72 49 61 -1 4 0 0.00 0.0 0 8.2 16 60 M M 7 21 50
29 83 62 73 11 0 8 0.00 0.0 0 7.6 18 160 M M 5 22 140
30 85 62 74 12 0 9 0.00 0.0 0 2.9 10 130 M M 3 12 13 220
31 85 66 76 14 0 11 0.00 0.0 0 4.8 13 220 M M 3 16 280
================================================================================
SM 2336 1663 99 91 0.48 0.0 210.5 M 76
================================================================================
AV 75.4 53.6 6.8 FASTST M M 2 MAX(MPH)
MISC ----> 26 190 36 190
================================================================================
NOTES:
# LAST OF SEVERAL OCCURRENCES
COLUMN 17 PEAK WIND IN M.P.H.
PRELIMINARY LOCAL CLIMATOLOGICAL DATA (WS FORM: F-6) , PAGE 2
STATION: ORLANDO EXEC
MONTH: JANUARY
YEAR: 2023
LATITUDE: 28 32 N
LONGITUDE: 81 20 W
[TEMPERATURE DATA] [PRECIPITATION DATA] SYMBOLS USED IN COLUMN 16
AVERAGE MONTHLY: 64.5 TOTAL FOR MONTH: 0.48 1 = FOG OR MIST
DPTR FM NORMAL: 3.0 DPTR FM NORMAL: -2.13 2 = FOG REDUCING VISIBILITY
HIGHEST: 86 ON 25 GRTST 24HR 0.30 ON 13-13 TO 1/4 MILE OR LESS
LOWEST: 36 ON 15 3 = THUNDER
SNOW, ICE PELLETS, HAIL 4 = ICE PELLETS
TOTAL MONTH: 0.0 INCH 5 = HAIL
GRTST 24HR 0.0 6 = FREEZING RAIN OR DRIZZLE
GRTST DEPTH: 0 7 = DUSTSTORM OR SANDSTORM:
VSBY 1/2 MILE OR LESS
8 = SMOKE OR HAZE
[NO. OF DAYS WITH] [WEATHER - DAYS WITH] 9 = BLOWING SNOW
X = TORNADO
MAX 32 OR BELOW: 0 0.01 INCH OR MORE: 5
MAX 90 OR ABOVE: 0 0.10 INCH OR MORE: 2
MIN 32 OR BELOW: 0 0.50 INCH OR MORE: 0
MIN 0 OR BELOW: 0 1.00 INCH OR MORE: 0
[HDD (BASE 65) ]
TOTAL THIS MO. 99 CLEAR (SCALE 0-3) 22
DPTR FM NORMAL -65 PTCLDY (SCALE 4-7) 9
TOTAL FM JUL 1 243 CLOUDY (SCALE 8-10) 0
DPTR FM NORMAL -86
[CDD (BASE 65) ]
TOTAL THIS MO. 91
DPTR FM NORMAL 35 [PRESSURE DATA]
TOTAL FM JAN 1 91 HIGHEST SLP 30.40 ON 28
DPTR FM NORMAL 35 LOWEST SLP 29.84 ON 13
[REMARKS]
#FINAL-01-23#