000
CXUS52 KMLB 011354
CF6ORL
PRELIMINARY LOCAL CLIMATOLOGICAL DATA (WS FORM: F-6)
STATION: ORLANDO EXEC
MONTH: FEBRUARY
YEAR: 2020
LATITUDE: 28 32 N
LONGITUDE: 81 20 W
TEMPERATURE IN F: :PCPN: SNOW: WIND :SUNSHINE: SKY :PK WND
================================================================================
1 2 3 4 5 6A 6B 7 8 9 10 11 12 13 14 15 16 17 18
12Z AVG MX 2MIN
DY MAX MIN AVG DEP HDD CDD WTR SNW DPTH SPD SPD DIR MIN PSBL S-S WX SPD DR
================================================================================
1 64 54 59 -3 6 0 0.22 0.0 0 7.7 22 290 M M 8 1 28 310
2 64 47 56 -6 9 0 0.00 0.0 0 10.4 18 310 M M 0 25 310
3 74 45 60 -2 5 0 0.00 0.0 0 2.5 10 360 M M 0 13 10
4 76 51 64 2 1 0 0.00 0.0 0 5.0 13 180 M M 0 16 170
5 81 57 69 7 0 4 0.00 0.0 0 7.6 17 170 M M 1 22 180
6 87 69 78 16 0 13 0.00 0.0 0 17.5 33 200 M M 6 43 210
7 79 51 65 3 0 0 0.73 0.0 0 13.5 38 280 M M 3 138 48 290
8 72 47 60 -2 5 0 0.00 0.0 0 6.5 15 60 M M 0 19 30
9 77 53 65 3 0 0 0.00 0.0 0 9.6 22 80 M M 2 26 80
10 82 56 69 6 0 4 0.00 0.0 0 8.5 18 150 M M 1 25 170
11 86 64 75 12 0 10 0.00 0.0 0 5.2 16 190 M M 3 12 20 200
12 87 64 76 13 0 11 0.00 0.0 0 6.8 17 190 M M 2 1 22 180
13 88 71 80 17 0 15 0.00 0.0 0 11.5 20 210 M M 5 1 24 220
14 75 59 67 4 0 2 T 0.0 0 9.6 20 20 M M 8 1 24 10
15 78 58 68 5 0 3 0.00 0.0 0 10.2 22 70 M M 7 27 70
16 82 59 71 8 0 6 0.09 0.0 0 6.9 21 300 M M 4 13 24 300
17 83 64 74 10 0 9 0.00 0.0 0 4.1 15 80 M M 5 1 17 80
18 86 66 76 12 0 11 0.00 0.0 0 6.8 15 120 M M 5 12 19 190
19 86 70 78 14 0 13 T 0.0 0 5.2 14 80 M M 8 16 330
20 85 63 74 10 0 9 0.00 0.0 0 8.9 20 260 M M 7 1 25 260
21 63 49 56 -8 9 0 0.04 0.0 0 16.0 28 10 M M 9 18 38 10
22 71 45 58 -6 7 0 0.00 0.0 0 12.2 23 20 M M 1 27 10
23 77 52 65 1 0 0 0.00 0.0 0 5.9 16 110 M M 3 20 110
24 80 54 67 3 0 2 0.00 0.0 0 8.0 18 170 M M 1 24 140
25 86 64 75 10 0 10 T 0.0 0 11.1 23 300 M M 3 27 290
26 79 64 72 7 0 7 0.17 0.0 0 9.5 23 320 M M 9 1 32 300
27 64 49 57 -8 8 0 0.02 0.0 0 12.0 30 290 M M 2 40 290
28 65 45 55 -10 10 0 0.00 0.0 0 10.1 20 300 M M 0 8 25 290
29 67 48 58 -7 7 0 0.01 0.0 0 10.8 25 290 M M 0 28 300
================================================================================
SM 2244 1638 67 129 1.28 0.0 259.6 M 103
================================================================================
AV 77.4 56.5 9.0 FASTST M M 4 MAX(MPH)
MISC ----> 38 280 48 290
================================================================================
NOTES:
# LAST OF SEVERAL OCCURRENCES
COLUMN 17 PEAK WIND IN M.P.H.
PRELIMINARY LOCAL CLIMATOLOGICAL DATA (WS FORM: F-6) , PAGE 2
STATION: ORLANDO EXEC
MONTH: FEBRUARY
YEAR: 2020
LATITUDE: 28 32 N
LONGITUDE: 81 20 W
[TEMPERATURE DATA] [PRECIPITATION DATA] SYMBOLS USED IN COLUMN 16
AVERAGE MONTHLY: 66.9 TOTAL FOR MONTH: 1.28 1 = FOG OR MIST
DPTR FM NORMAL: 3.7 DPTR FM NORMAL: -1.55 2 = FOG REDUCING VISIBILITY
HIGHEST: 88 ON 13 GRTST 24HR 0.73 ON 7- 7 TO 1/4 MILE OR LESS
LOWEST: 45 ON 28,22 3 = THUNDER
SNOW, ICE PELLETS, HAIL 4 = ICE PELLETS
TOTAL MONTH: 0.0 INCH 5 = HAIL
GRTST 24HR 0.0 6 = FREEZING RAIN OR DRIZZLE
GRTST DEPTH: 0 7 = DUSTSTORM OR SANDSTORM:
VSBY 1/2 MILE OR LESS
8 = SMOKE OR HAZE
[NO. OF DAYS WITH] [WEATHER - DAYS WITH] 9 = BLOWING SNOW
X = TORNADO
MAX 32 OR BELOW: 0 0.01 INCH OR MORE: 7
MAX 90 OR ABOVE: 0 0.10 INCH OR MORE: 3
MIN 32 OR BELOW: 0 0.50 INCH OR MORE: 1
MIN 0 OR BELOW: 0 1.00 INCH OR MORE: 0
[HDD (BASE 65) ]
TOTAL THIS MO. 67 CLEAR (SCALE 0-3) 14
DPTR FM NORMAL -41 PTCLDY (SCALE 4-7) 12
TOTAL FM JUL 1 245 CLOUDY (SCALE 8-10) 3
DPTR FM NORMAL -232
[CDD (BASE 65) ]
TOTAL THIS MO. 129
DPTR FM NORMAL 70 [PRESSURE DATA]
TOTAL FM JAN 1 244 HIGHEST SLP 30.43 ON 9
DPTR FM NORMAL 141 LOWEST SLP 29.60 ON 7
[REMARKS]
#FINAL-02-20#