000
CXUS53 KGRB 161236
CF6OSH
PRELIMINARY LOCAL CLIMATOLOGICAL DATA (WS FORM: F-6)
STATION: OSHKOSH WI
MONTH: JUNE
YEAR: 2021
LATITUDE: 44 0 N
LONGITUDE: 88 34 W
TEMPERATURE IN F: :PCPN: SNOW: WIND :SUNSHINE: SKY :PK WND
================================================================================
1 2 3 4 5 6A 6B 7 8 9 10 11 12 13 14 15 16 17 18
12Z AVG MX 2MIN
DY MAX MIN AVG DEP HDD CDD WTR SNW DPTH SPD SPD DIR MIN PSBL S-S WX SPD DR
================================================================================
1 78 50 64 1 1 0 0.00 0.0 0 6.1 17 140 M M 2 23 160
2 79 55 67 3 0 2 0.00 0.0 0 7.1 15 90 M M 4 18 120
3 86 58 72 8 0 7 0.15 0.0 0 8.5 25 310 M M 3 1 38 300
4 90 69 80 16 0 15 T 0.0 0 9.6 17 230 M M 2 34 240
5 93 69 81 17 0 16 0.00 0.0 0 11.3 17 210 M M 0 33 200
6 88 71 80 15 0 15 0.00 0.0 0 11.7 23 210 M M 1 34 210
7 88 70 79 14 0 14 0.00 0.0 0 8.8 17 190 M M 2 23 180
8 90 67 79 13 0 14 0.00 0.0 0 5.0 22 120 M M 1 3 33 130
9 89 65 77 11 0 12 0.00 0.0 0 5.5 14 90 M M 0 19 100
10 90 64 77 11 0 12 0.00 0.0 0 5.1 17 350 M M 0 1 23 360
11 90 66 78 12 0 13 0.00 0.0 0 5.3 15 120 M M 0 19 130
12 86 64 75 8 0 10 0.00 0.0 0 7.0 17 290 M M 1 18 25 300
13 87 58 73 6 0 8 0.00 0.0 0 7.9 26 30 M M 1 37 50
14 82 57 70 3 0 5 T 0.0 0 8.9 28 350 M M 2 37 340
15 77 59 68 1 0 3 0.00 0.0 0 7.6 16 100 M M 2 21 90
16 77 55 66 -2 0 1 0.00 0.0 0 6.6 13 100 M M 0 18 60
17 90 53 72 4 0 7 0.63 0.0 0 10.8 21 190 M M 2 13 31 180
18 88 63 76 8 0 11 0.06 0.0 0 11.8 20 300 M M 1 30 300
19 79 60 70 2 0 5 0.06 0.0 0 8.4 14 110 M M 2 21 60
20 76 60 68 -1 0 3 0.33 0.0 0 6.2 12 160 M M 4 1 M M
21 66 50 58 -11 7 0 T 0.0 0 14.6 21 340 M M 7 33 340
22 71 51 61 -8 4 0 0.00 0.0 0 7.3 14 300 M M 5 17 280
23 77 53 65 -4 0 0 0.00 0.0 0 9.5 16 180 M M 9 25 180
24 72 64 68 -1 0 3 0.87 0.0 0 13.7 20 200 M M 5 13 32 190
25 82 70 76 6 0 11 0.00 0.0 0 6.5 13 100 M M 5 1 M M
26 77 66 72 2 0 7 2.00 0.0 0 6.6 12 190 M M 10 1 M M
27 70 61 66 -4 0 1 0.08 0.0 0 6.1 12 330 M M 8 1 20 250
28 79 63 71 1 0 6 0.00 0.0 0 5.4 9 180 M M 3 M M
29 77 68 73 3 0 8 0.20 0.0 0 5.2 14 210 M M 7 1 22 310
30 84 64 74 4 0 9 0.00 0.0 0 6.0 14 40 M M 3 24 40
================================================================================
SM 2458 1843 12 218 4.38 0.0 240.1 M 92
================================================================================
AV 81.9 61.4 8.0 FASTST M M 3 MAX(MPH)
MISC ----> 28 350 38 300
================================================================================
NOTES:
# LAST OF SEVERAL OCCURRENCES
COLUMN 17 PEAK WIND IN M.P.H.
PRELIMINARY LOCAL CLIMATOLOGICAL DATA (WS FORM: F-6) , PAGE 2
STATION: OSHKOSH WI
MONTH: JUNE
YEAR: 2021
LATITUDE: 44 0 N
LONGITUDE: 88 34 W
[TEMPERATURE DATA] [PRECIPITATION DATA] SYMBOLS USED IN COLUMN 16
AVERAGE MONTHLY: 71.7 TOTAL FOR MONTH: 4.38 1 = FOG OR MIST
DPTR FM NORMAL: 4.4 DPTR FM NORMAL: -0.27 2 = FOG REDUCING VISIBILITY
HIGHEST: 93 ON 5 GRTST 24HR 2.00 ON 26-26 TO 1/4 MILE OR LESS
LOWEST: 50 ON 21, 1 3 = THUNDER
SNOW, ICE PELLETS, HAIL 4 = ICE PELLETS
TOTAL MONTH: 0.0 INCH 5 = HAIL
GRTST 24HR 0.0 6 = FREEZING RAIN OR DRIZZLE
GRTST DEPTH: 0 7 = DUSTSTORM OR SANDSTORM:
VSBY 1/2 MILE OR LESS
8 = SMOKE OR HAZE
[NO. OF DAYS WITH] [WEATHER - DAYS WITH] 9 = BLOWING SNOW
X = TORNADO
MAX 32 OR BELOW: 0 0.01 INCH OR MORE: 9
MAX 90 OR ABOVE: 6 0.10 INCH OR MORE: 6
MIN 32 OR BELOW: 0 0.50 INCH OR MORE: 3
MIN 0 OR BELOW: 0 1.00 INCH OR MORE: 1
[HDD (BASE 65) ]
TOTAL THIS MO. 12 CLEAR (SCALE 0-3) 19
DPTR FM NORMAL -39 PTCLDY (SCALE 4-7) 9
TOTAL FM JUL 1 6996 CLOUDY (SCALE 8-10) 2
DPTR FM NORMAL -358
[CDD (BASE 65) ]
TOTAL THIS MO. 218
DPTR FM NORMAL 100 [PRESSURE DATA]
TOTAL FM JAN 1 261 HIGHEST SLP M ON M
DPTR FM NORMAL 113 LOWEST SLP 29.69 ON 5
[REMARKS]
#FINAL-06-21#