000
CXUS51 KILN 010915
CF6OSU
PRELIMINARY LOCAL CLIMATOLOGICAL DATA (WS FORM: F-6)
STATION: OHIO STATE UNIV.
MONTH: NOVEMBER
YEAR: 2022
LATITUDE: 40 4 N
LONGITUDE: 83 4 W
TEMPERATURE IN F: :PCPN: SNOW: WIND :SUNSHINE: SKY :PK WND
================================================================================
1 2 3 4 5 6A 6B 7 8 9 10 11 12 13 14 15 16 17 18
12Z AVG MX 2MIN
DY MAX MIN AVG DEP HDD CDD WTR SNW DPTH SPD SPD DIR MIN PSBL S-S WX SPD DR
================================================================================
1 65 49 57 9 8 0 0.00 M M 5.0 13 270 M M 7 12 17 270
2 64 42 53 6 12 0 0.00 M M 0.9 6 160 M M 3 128 7 150
3 69 42 56 9 9 0 0.00 M M 2.8 10 160 M M 5 128 12 130
4 75 54 65 18 0 0 0.00 M M 9.2 20 190 M M 0 26 200
5 78 61 70 24 0 5 T M M 16.1 32 180 M M 4 45 180
6 73 54 64 18 1 0 T M M 9.4 23 230 M M 3 30 230
7 66 43 55 9 10 0 0.00 M M 6.9 17 360 M M 0 22 340
8 60 41 51 6 14 0 0.00 M M 9.2 17 80 M M 0 22 80
9 71 41 56 11 9 0 0.00 M M 7.2 14 140 M M 0 17 170
10 71 49 60 16 5 0 0.00 M M 7.4 15 160 M M 0 19 180
11 61 48 55 11 10 0 1.18 M M 8.1 22 300 M M 9 1 27 310
12 49 34 42 -2 23 0 0.03 M M 10.2 16 300 M M 9 1 21 310
13 41 34 38 -5 27 0 T M M 9.7 16 270 M M 10 1 22 300
14 44 29 37 -6 28 0 0.00 M M 4.6 10 40 M M 5 13 50
15 41 31 36 -7 29 0 0.01 M M 6.2 18 270 M M 7 1 23 270
16 39 31 35 -7 30 0 T M M 11.6 21 240 M M 10 18 28 240
17 35 30 33 -9 32 0 T M M 12.9 20 250 M M 10 27 240
18 35 22 29 -13 36 0 T M M 12.9 24 280 M M 9 31 260
19 34 21 28 -13 37 0 T M M 14.7 30 290 M M 6 1 40 290
20 32 16 24 -17 41 0 0.00 M M 9.8 21 270 M M 0 27 270
21 49 23 36 -4 29 0 0.00 M M 10.0 23 210 M M 0 30 210
22 56 26 41 1 24 0 0.00 M M 6.4 18 220 M M 0 24 230
23 60 28 44 4 21 0 0.00 M M 2.9 13 220 M M 0 16 210
24 64 30 47 7 18 0 T M M 3.4 12 190 M M 2 15 180
25 54 34 44 5 21 0 0.03 M M 9.2 24 270 M M 5 18 30 280
26 56 28 42 3 23 0 0.00 M M 5.2 14 170 M M 0 128 19 160
27 59 43 51 13 14 0 0.43 M M 14.3 37 230 M M 9 1 47 230
28 44 39 42 4 23 0 T M M 4.0 15 300 M M 10 18 18 310
29 59 44 52 14 13 0 0.01 M M 10.7 18 160 M M 5 18 27 160
30 56 28 42 4 23 0 0.06 M M 17.0 32 280 M M 6 1 42 270
================================================================================
SM 1660 1095 570 5 1.75 M 257.9 M 134
================================================================================
AV 55.3 36.5 8.6 FASTST M M 4 MAX(MPH)
MISC ----> 37 230 47 230
================================================================================
NOTES:
# LAST OF SEVERAL OCCURRENCES
COLUMN 17 PEAK WIND IN M.P.H.
PRELIMINARY LOCAL CLIMATOLOGICAL DATA (WS FORM: F-6) , PAGE 2
STATION: OHIO STATE UNIV.
MONTH: NOVEMBER
YEAR: 2022
LATITUDE: 40 4 N
LONGITUDE: 83 4 W
[TEMPERATURE DATA] [PRECIPITATION DATA] SYMBOLS USED IN COLUMN 16
AVERAGE MONTHLY: 45.9 TOTAL FOR MONTH: 1.75 1 = FOG OR MIST
DPTR FM NORMAL: 3.4 DPTR FM NORMAL: -0.61 2 = FOG REDUCING VISIBILITY
HIGHEST: 78 ON 5 GRTST 24HR 1.18 ON 11-11 TO 1/4 MILE OR LESS
LOWEST: 16 ON 20 3 = THUNDER
SNOW, ICE PELLETS, HAIL 4 = ICE PELLETS
TOTAL MONTH: M 5 = HAIL
GRTST 24HR M ON M 6 = FREEZING RAIN OR DRIZZLE
GRTST DEPTH: M ON M 7 = DUSTSTORM OR SANDSTORM:
VSBY 1/2 MILE OR LESS
8 = SMOKE OR HAZE
[NO. OF DAYS WITH] [WEATHER - DAYS WITH] 9 = BLOWING SNOW
X = TORNADO
MAX 32 OR BELOW: 1 0.01 INCH OR MORE: 7
MAX 90 OR ABOVE: 0 0.10 INCH OR MORE: 2
MIN 32 OR BELOW: 13 0.50 INCH OR MORE: 1
MIN 0 OR BELOW: 0 1.00 INCH OR MORE: 1
[HDD (BASE 65) ]
TOTAL THIS MO. 570 CLEAR (SCALE 0-3) 12
DPTR FM NORMAL -105 PTCLDY (SCALE 4-7) 10
TOTAL FM JUL 1 942 CLOUDY (SCALE 8-10) 8
DPTR FM NORMAL -172
[CDD (BASE 65) ]
TOTAL THIS MO. 5
DPTR FM NORMAL 5 [PRESSURE DATA]
TOTAL FM JAN 1 1227 HIGHEST SLP 30.67 ON 8
DPTR FM NORMAL 308 LOWEST SLP 29.37 ON 27
[REMARKS]
#FINAL-11-22#