000
CXUS51 KILN 010629
CF6OSU
PRELIMINARY LOCAL CLIMATOLOGICAL DATA (WS FORM: F-6)
STATION: OHIO STATE UNIV.
MONTH: DECEMBER
YEAR: 2023
LATITUDE: 40 4 N
LONGITUDE: 83 4 W
TEMPERATURE IN F: :PCPN: SNOW: WIND :SUNSHINE: SKY :PK WND
================================================================================
1 2 3 4 5 6A 6B 7 8 9 10 11 12 13 14 15 16 17 18
12Z AVG MX 2MIN
DY MAX MIN AVG DEP HDD CDD WTR SNW DPTH SPD SPD DIR MIN PSBL S-S WX SPD DR
================================================================================
1 54 44 49 12 16 0 0.17 M M 8.2 20 200 M M 10 1 29 200
2 56 47 52 15 13 0 0.00 M M 6.2 13 270 M M 8 1 17 270
3 52 42 47 10 18 0 T M M 10.5 30 240 M M 10 12 37 220
4 45 34 40 4 25 0 0.00 M M 6.2 14 270 M M 8 20 290
5 41 36 39 3 26 0 0.14 M M 5.1 13 170 M M 10 1 16 180
6 43 32 38 2 27 0 0.00 M M 9.2 15 270 M M 7 1 19 340
7 53 33 43 7 22 0 0.00 M M 9.7 20 230 M M 2 24 230
8 60 42 51 16 14 0 0.00 M M 10.6 20 210 M M 4 25 200
9 60 49 55 20 10 0 0.37 M M 12.1 17 270 M M 10 1 26 200
10 49 35 42 7 23 0 T M M 10.0 18 290 M M 7 8 23 300
11 38 29 34 0 31 0 0.00 M M 8.7 17 270 M M 8 21 270
12 49 28 39 5 26 0 0.00 M M 9.2 18 220 M M 0 24 220
13 44 24 34 0 31 0 0.00 M M 3.7 10 320 M M 1 12 350
14 50 22 36 2 29 0 0.00 M M 3.3 13 210 M M 0 16 210
15 56 26 41 8 24 0 0.00 M M 1.7 8 160 M M 0 11 210
16 58 28 43 10 22 0 T M M 5.8 12 130 M M 1 15 160
17 52 43 48 15 17 0 0.36 M M 8.8 16 140 M M 10 1 22 150
18 44 30 37 4 28 0 0.01 M M 16.1 32 300 M M 10 18 41 290
19 36 28 32 0 33 0 0.00 M M 9.5 23 280 M M 6 31 290
20 46 25 36 4 29 0 0.00 M M 5.9 13 150 M M 1 16 150
21 51 34 43 11 22 0 0.00 M M 1.8 10 190 M M 7 14 190
22 47 37 42 10 23 0 T M M 3.0 12 130 M M 9 13 120
23 48 42 45 13 20 0 0.13 M M 5.5 12 210 M M 10 1 15 170
24 55 45 50 19 15 0 T M M 3.8 10 160 M M 8 128 13 170
25 64 43 54 23 11 0 0.17 M M 9.5 21 130 M M 5 1 28 140
26 61 51 56 25 9 0 0.27 M M 7.4 18 130 M M 10 1 24 140
27 51 43 47 16 18 0 0.15 M M 5.9 17 310 M M 10 18 21 310
28 47 35 41 10 24 0 0.04 M M 7.1 17 240 M M 10 18 22 240
29 40 36 38 8 27 0 T M M 7.5 15 230 M M 10 1 17 240
30 42 37 40 10 25 0 T M M 10.2 17 280 M M 10 1 22 230
31 41 33 37 7 28 0 0.01 M M 10.4 21 260 M M 10 18 28 270
================================================================================
SM 1533 1113 686 0 1.82 M 232.6 M 212
================================================================================
AV 49.5 35.9 7.5 FASTST M M 7 MAX(MPH)
MISC ----> 32 300 41 290
================================================================================
NOTES:
# LAST OF SEVERAL OCCURRENCES
COLUMN 17 PEAK WIND IN M.P.H.
PRELIMINARY LOCAL CLIMATOLOGICAL DATA (WS FORM: F-6) , PAGE 2
STATION: OHIO STATE UNIV.
MONTH: DECEMBER
YEAR: 2023
LATITUDE: 40 4 N
LONGITUDE: 83 4 W
[TEMPERATURE DATA] [PRECIPITATION DATA] SYMBOLS USED IN COLUMN 16
AVERAGE MONTHLY: 42.7 TOTAL FOR MONTH: 1.82 1 = FOG OR MIST
DPTR FM NORMAL: 9.3 DPTR FM NORMAL: -0.70 2 = FOG REDUCING VISIBILITY
HIGHEST: 64 ON 25 GRTST 24HR 0.40 ON 26-27 TO 1/4 MILE OR LESS
LOWEST: 22 ON 14 3 = THUNDER
SNOW, ICE PELLETS, HAIL 4 = ICE PELLETS
TOTAL MONTH: M 5 = HAIL
GRTST 24HR M ON M 6 = FREEZING RAIN OR DRIZZLE
GRTST DEPTH: M ON M 7 = DUSTSTORM OR SANDSTORM:
VSBY 1/2 MILE OR LESS
8 = SMOKE OR HAZE
[NO. OF DAYS WITH] [WEATHER - DAYS WITH] 9 = BLOWING SNOW
X = TORNADO
MAX 32 OR BELOW: 0 0.01 INCH OR MORE: 11
MAX 90 OR ABOVE: 0 0.10 INCH OR MORE: 8
MIN 32 OR BELOW: 10 0.50 INCH OR MORE: 0
MIN 0 OR BELOW: 0 1.00 INCH OR MORE: 0
[HDD (BASE 65) ]
TOTAL THIS MO. 686 CLEAR (SCALE 0-3) 7
DPTR FM NORMAL -295 PTCLDY (SCALE 4-7) 9
TOTAL FM JUL 1 1543 CLOUDY (SCALE 8-10) 15
DPTR FM NORMAL -553
[CDD (BASE 65) ]
TOTAL THIS MO. 0
DPTR FM NORMAL 0 [PRESSURE DATA]
TOTAL FM JAN 1 1018 HIGHEST SLP M ON M
DPTR FM NORMAL 99 LOWEST SLP 29.62 ON 18
[REMARKS]
#FINAL-12-23#