000
CXUS56 KMFR 010930
CF6OTH
PRELIMINARY LOCAL CLIMATOLOGICAL DATA (WS FORM: F-6)
STATION: NORTH BEND OR
MONTH: MAY
YEAR: 2022
LATITUDE: 43 25 N
LONGITUDE: 124 15 W
TEMPERATURE IN F: :PCPN: SNOW: WIND :SUNSHINE: SKY :PK WND
================================================================================
1 2 3 4 5 6A 6B 7 8 9 10 11 12 13 14 15 16 17 18
12Z AVG MX 2MIN
DY MAX MIN AVG DEP HDD CDD WTR SNW DPTH SPD SPD DIR MIN PSBL S-S WX SPD DR
================================================================================
1 58 41 50 -2 15 0 0.12 M M 6.3 17 250 M M 4 12 22 240
2 54 47 51 -1 14 0 0.52 M M 16.7 29 280 M M 10 1 33 300
3 56 46 51 -1 14 0 T M M 11.0 29 360 M M 6 32 360
4 59 41 50 -3 15 0 T M M 5.3 16 340 M M 2 1 18 330
5 58 46 52 -1 13 0 0.36 M M 12.2 30 190 M M 10 1 37 210
6 61 50 56 3 9 0 0.22 M M 17.6 31 210 M M 10 1 41 190
7 54 43 49 -4 16 0 0.33 M M 11.9 23 320 M M 9 18 29 310
8 52 39 46 -7 19 0 0.71 M M 10.0 25 280 M M 9 1 29 280
9 49 40 45 -8 20 0 0.12 M M 6.7 15 270 M M 8 1 18 270
10 55 40 48 -6 17 0 0.00 M M 8.2 17 330 M M 5 1 22 320
11 56 38 47 -7 18 0 0.00 M M 8.6 21 260 M M 6 1 24 260
12 53 44 49 -5 16 0 1.05 M M 9.2 25 240 M M 10 1 31 250
13 56 42 49 -5 16 0 0.61 M M 7.7 17 190 M M 10 1 24 190
14 62 55 59 5 6 0 0.47 M M 12.0 25 220 M M 10 1 31 200
15 68 52 60 6 5 0 0.03 M M 9.7 25 220 M M 10 12 36 200
16 58 46 52 -2 13 0 0.03 M M 6.8 18 300 M M 9 1 22 300
17 57 42 50 -4 15 0 T M M 8.3 18 330 M M 2 12 23 330
18 59 44 52 -3 13 0 0.08 M M 9.5 17 250 M M 9 18 23 250
19 56 45 51 -4 14 0 T M M 11.2 24 340 M M 6 28 320
20 56 39 48 -7 17 0 0.00 M M 15.2 31 350 M M 0 36 350
21 58 41 50 -5 15 0 0.00 M M 13.1 28 350 M M 5 12 33 350
22 58 49 54 -1 11 0 0.00 M M 8.7 15 330 M M 6 M M
23 60 M M M M M 0.00 M M 13.9 21 350 M M 5 26 360
24 63 48 56 1 9 0 0.00 M M 5.6 13 300 M M 7 15 310
25 64 51 58 3 7 0 0.00 M M 7.9 20 350 M M 3 24 350
26 75 51 63 7 2 0 0.00 M M 7.2 21 250 M M 4 25 250
27 60 51 56 0 9 0 0.05 M M 4.9 14 240 M M 8 1 M M
28 57 48 53 -3 12 0 0.20 M M 14.5 32 270 M M 9 1 44 250
29 55 49 52 -4 13 0 0.09 M M 10.8 21 290 M M 10 1 25 290
30 57 47 52 -4 13 0 0.12 M M 8.4 18 360 M M 10 1 25 360
31 62 44 53 -3 12 0 0.00 M M 10.3 20 350 M M 4 12 25 340
================================================================================
SM 1806 1359 388 0 5.11 M 309.4 M 216
================================================================================
AV 58.3 45.3 10.0 FASTST M M 7 MAX(MPH)
MISC ----> 32 270 44 250
================================================================================
NOTES:
# LAST OF SEVERAL OCCURRENCES
COLUMN 17 PEAK WIND IN M.P.H.
PRELIMINARY LOCAL CLIMATOLOGICAL DATA (WS FORM: F-6) , PAGE 2
STATION: NORTH BEND OR
MONTH: MAY
YEAR: 2022
LATITUDE: 43 25 N
LONGITUDE: 124 15 W
[TEMPERATURE DATA] [PRECIPITATION DATA] SYMBOLS USED IN COLUMN 16
AVERAGE MONTHLY: 51.8 TOTAL FOR MONTH: 5.11 1 = FOG OR MIST
DPTR FM NORMAL: -2.4 DPTR FM NORMAL: 2.16 2 = FOG REDUCING VISIBILITY
HIGHEST: 75 ON 26 GRTST 24HR 1.08 ON 13-14 TO 1/4 MILE OR LESS
LOWEST: 38 ON 11 3 = THUNDER
SNOW, ICE PELLETS, HAIL 4 = ICE PELLETS
TOTAL MONTH: M 5 = HAIL
GRTST 24HR M ON M 6 = FREEZING RAIN OR DRIZZLE
GRTST DEPTH: M ON M 7 = DUSTSTORM OR SANDSTORM:
VSBY 1/2 MILE OR LESS
8 = SMOKE OR HAZE
[NO. OF DAYS WITH] [WEATHER - DAYS WITH] 9 = BLOWING SNOW
X = TORNADO
MAX 32 OR BELOW: 0 0.01 INCH OR MORE: 17
MAX 90 OR ABOVE: 0 0.10 INCH OR MORE: 12
MIN 32 OR BELOW: 0 0.50 INCH OR MORE: 4
MIN 0 OR BELOW: 0 1.00 INCH OR MORE: 1
[HDD (BASE 65) ]
TOTAL THIS MO. 388 CLEAR (SCALE 0-3) 3
DPTR FM NORMAL 54 PTCLDY (SCALE 4-7) 14
TOTAL FM JUL 1 4105 CLOUDY (SCALE 8-10) 14
DPTR FM NORMAL -35
[CDD (BASE 65) ]
TOTAL THIS MO. 0
DPTR FM NORMAL 0 [PRESSURE DATA]
TOTAL FM JAN 1 0 HIGHEST SLP 30.24 ON 30
DPTR FM NORMAL 0 LOWEST SLP 29.69 ON 28
[REMARKS]
#FINAL-05-22#