000
CXUS53 KDMX 051456
CF6OTM
PRELIMINARY LOCAL CLIMATOLOGICAL DATA (WS FORM: F-6)
STATION: OTTUMWA IA
MONTH: JANUARY
YEAR: 2024
LATITUDE: 41 6 N
LONGITUDE: 92 27 W
TEMPERATURE IN F: :PCPN: SNOW: WIND :SUNSHINE: SKY :PK WND
================================================================================
1 2 3 4 5 6A 6B 7 8 9 10 11 12 13 14 15 16 17 18
12Z AVG MX 2MIN
DY MAX MIN AVG DEP HDD CDD WTR SNW DPTH SPD SPD DIR MIN PSBL S-S WX SPD DR
================================================================================
1 29 22 26 2 39 0 0.00 0.0 0 6.6 13 320 M M 7 16 320
2 41 21 31 7 34 0 0.00 0.0 0 8.1 17 240 M M 1 1 24 240
3 41 29 35 11 30 0 0.00 0.0 0 8.0 17 350 M M 8 1 21 350
4 38 24 31 7 34 0 0.00 0.0 0 2.9 10 360 M M 6 8 14 200
5 36 25 31 7 34 0 0.00 0.0 0 8.2 14 110 M M 3 1 19 100
6 33 29 31 8 34 0 0.03 0.5 T 4.6 8 290 M M 10 18 11 90
7 32 23 28 5 37 0 T T T 7.6 17 300 M M 9 1 24 300
8 35 27 31 8 34 0 0.31 2.3 0 13.8 20 80 M M 5 1 27 90
9 33 24 29 6 36 0 1.22 10.9 6 20.6 32 330 M M 10 12 42 340
10 28 20 24 1 41 0 T T 12 10.4 17 180 M M 8 1 24 290
11 27 14 21 -2 44 0 0.11 1.8 12 10.3 21 280 M M 6 18 27 280
12 27 10 19 -4 46 0 0.82 10.9 14 20.4 33 300 M M 10 1269 43 290
13 9 -14 -2 -25 67 0 0.03 0.7 20 18.6 30 290 M M 10 189 41 300
14 -9 -19 -14 -36 79 0 0.00 0.0 20 11.6 23 280 M M 4 8 35 300
15 0 -19 -9 -31 74 0 0.00 0.0 19 10.1 20 300 M M 4 28 290
16 6 -11 -2 -24 67 0 0.00 0.0 18 13.8 20 240 M M 0 26 240
17 23 -1 11 -11 54 0 0.00 0.0 16 8.0 17 240 M M 4 23 240
18 21 7 14 -8 51 0 0.21 3.8 15 11.5 26 330 M M 10 18 33 330
19 7 -8 0 -22 65 0 0.01 0.2 19 14.1 28 320 M M 1 189 34 330
20 7 -13 -3 -25 68 0 0.00 0.0 17 6.3 12 270 M M 0 15 300
21 27 -10 9 -13 56 0 0.00 0.0 16 15.5 24 170 M M 3 32 160
22 34 27 31 9 34 0 T 0.0 14 11.3 20 200 M M 10 1 26 210
23 34 32 33 11 32 0 0.25 0.0 11 6.6 12 90 M M 10 12 14 100
24 34 32 33 11 32 0 0.04 0.0 10 5.2 10 60 M M 10 12 14 80
25 35 32 34 11 31 0 0.42 0.0 9 4.2 8 290 M M 10 12 11 20
26 36 33 35 12 30 0 T 0.0 8 6.2 10 300 M M 10 12 13 300
27 36 31 34 11 31 0 0.00 0.0 5 10.2 21 320 M M 10 12 26 310
28 34 26 30 7 35 0 0.00 0.0 4 8.3 18 340 M M 9 12 23 340
29 47 21 34 11 31 0 0.00 0.0 3 8.1 14 290 M M 3 12 19 300
30 39 34 37 14 28 0 T 0.0 2 11.3 20 320 M M 9 1 27 320
31 51 29 40 17 25 0 0.00 0.0 1 7.5 16 210 M M 2 1 20 210
================================================================================
SM 871 477 1333 0 3.45 31.1 309.9 M 202
================================================================================
AV 28.1 15.4 10.0 FASTST M M 7 MAX(MPH)
MISC ----> 33 300 43 290
================================================================================
NOTES:
# LAST OF SEVERAL OCCURRENCES
COLUMN 17 PEAK WIND IN M.P.H.
PRELIMINARY LOCAL CLIMATOLOGICAL DATA (WS FORM: F-6) , PAGE 2
STATION: OTTUMWA IA
MONTH: JANUARY
YEAR: 2024
LATITUDE: 41 6 N
LONGITUDE: 92 27 W
[TEMPERATURE DATA] [PRECIPITATION DATA] SYMBOLS USED IN COLUMN 16
AVERAGE MONTHLY: 21.7 TOTAL FOR MONTH: 3.45 1 = FOG OR MIST
DPTR FM NORMAL: -1.2 DPTR FM NORMAL: 2.44 2 = FOG REDUCING VISIBILITY
HIGHEST: 51 ON 31 GRTST 24HR 1.22 ON 9- 9 TO 1/4 MILE OR LESS
LOWEST: -19 ON 15,14 3 = THUNDER
SNOW, ICE PELLETS, HAIL 4 = ICE PELLETS
TOTAL MONTH: 31.1 INCHES 5 = HAIL
GRTST 24HR 10.9 ON 9- 9 6 = FREEZING RAIN OR DRIZZLE
GRTST DEPTH: 20 ON 14,13 7 = DUSTSTORM OR SANDSTORM:
VSBY 1/2 MILE OR LESS
8 = SMOKE OR HAZE
[NO. OF DAYS WITH] [WEATHER - DAYS WITH] 9 = BLOWING SNOW
X = TORNADO
MAX 32 OR BELOW: 14 0.01 INCH OR MORE: 11
MAX 90 OR ABOVE: 0 0.10 INCH OR MORE: 7
MIN 32 OR BELOW: 29 0.50 INCH OR MORE: 2
MIN 0 OR BELOW: 8 1.00 INCH OR MORE: 1
[HDD (BASE 65) ]
TOTAL THIS MO. 1333 CLEAR (SCALE 0-3) 7
DPTR FM NORMAL 28 PTCLDY (SCALE 4-7) 9
TOTAL FM JUL 1 3264 CLOUDY (SCALE 8-10) 15
DPTR FM NORMAL -434
[CDD (BASE 65) ]
TOTAL THIS MO. 0
DPTR FM NORMAL 0 [PRESSURE DATA]
TOTAL FM JAN 1 0 HIGHEST SLP 30.75 ON 20
DPTR FM NORMAL 0 LOWEST SLP 29.21 ON 9
[REMARKS]
#FINAL-01-24#