764
CXUS53 KDMX 010920
CF6OTM
PRELIMINARY LOCAL CLIMATOLOGICAL DATA (WS FORM: F-6)
STATION: OTTUMWA IA
MONTH: SEPTEMBER
YEAR: 2020
LATITUDE: 41 6 N
LONGITUDE: 92 27 W
TEMPERATURE IN F: :PCPN: SNOW: WIND :SUNSHINE: SKY :PK WND
================================================================================
1 2 3 4 5 6A 6B 7 8 9 10 11 12 13 14 15 16 17 18
12Z AVG MX 2MIN
DY MAX MIN AVG DEP HDD CDD WTR SNW DPTH SPD SPD DIR MIN PSBL S-S WX SPD DR
================================================================================
1 71 59 65 -5 0 0 0.15 0.0 0 7.3 22 90 M M 9 13 30 90
2 89 58 74 4 0 9 0.00 0.0 0 6.3 14 310 M M 2 12 20 270
3 82 50 66 -4 0 1 0.00 0.0 0 10.9 23 320 M M 0 32 310
4 83 46 65 -4 0 0 0.00 0.0 0 5.8 15 240 M M 1 20 230
5 86 56 71 2 0 6 0.00 0.0 0 6.8 13 180 M M 0 19 170
6 90 68 79 11 0 14 0.00 0.0 0 14.4 26 230 M M 3 3 38 220
7 79 55 67 -1 0 2 0.55 0.0 0 11.0 23 30 M M 5 13 34 30
8 55 48 52 -16 13 0 0.70 0.0 0 15.2 24 30 M M 9 13 34 40
9 54 48 51 -16 14 0 0.05 0.0 0 10.8 16 30 M M 10 1 23 30
10 55 49 52 -15 13 0 1.26 0.0 0 9.9 16 40 M M 10 1 21 40
11 65 55 60 -6 5 0 0.85 0.0 0 8.6 15 70 M M 8 12 19 70
12 72 54 63 -3 2 0 0.01 0.0 0 6.3 15 330 M M 8 1 19 350
13 76 51 64 -2 1 0 0.00 0.0 0 4.8 12 330 M M 2 12 17 330
14 78 49 64 -1 1 0 0.00 0.0 0 3.9 12 140 M M 0 12 17 140
15 81 53 67 2 0 2 0.00 0.0 0 7.4 14 200 M M 0 19 190
16 83 57 70 6 0 5 0.00 0.0 0 8.7 17 360 M M 1 23 360
17 74 47 61 -3 4 0 0.00 0.0 0 8.0 14 40 M M 0 19 350
18 68 48 58 -6 7 0 0.00 0.0 0 6.7 12 40 M M 4 17 320
19 67 43 55 -8 10 0 0.00 0.0 0 7.8 15 180 M M 0 20 160
20 72 45 59 -4 6 0 0.00 0.0 0 8.0 17 130 M M 0 26 170
21 76 48 62 0 3 0 0.00 0.0 0 8.1 15 170 M M 0 24 150
22 79 49 64 2 1 0 0.00 0.0 0 5.8 14 170 M M 0 8 20 150
23 78 53 66 5 0 1 0.00 0.0 0 5.1 13 180 M M 1 1 19 220
24 80 58 69 8 0 4 0.00 0.0 0 9.2 20 180 M M 2 1 29 210
25 84 59 72 12 0 7 0.00 0.0 0 11.8 21 180 M M 0 30 190
26 83 63 73 13 0 8 0.00 0.0 0 12.0 22 190 M M 0 33 190
27 73 50 62 2 3 0 0.77 0.0 0 7.7 23 330 M M 6 13 31 330
28 63 47 55 -4 10 0 0.06 0.0 0 11.3 28 300 M M 6 37 310
29 64 47 56 -3 9 0 T 0.0 0 9.2 18 300 M M 7 25 300
30 68 46 57 -1 8 0 T 0.0 0 13.4 36 330 M M 5 51 340
================================================================================
SM 2228 1559 110 59 4.40 0.0 262.2 M 99
================================================================================
AV 74.3 52.0 8.7 FASTST M M 3 MAX(MPH)
MISC ----> # 36 330 # 51 340
================================================================================
NOTES:
# LAST OF SEVERAL OCCURRENCES
COLUMN 17 PEAK WIND IN M.P.H.
PRELIMINARY LOCAL CLIMATOLOGICAL DATA (WS FORM: F-6) , PAGE 2
STATION: OTTUMWA IA
MONTH: SEPTEMBER
YEAR: 2020
LATITUDE: 41 6 N
LONGITUDE: 92 27 W
[TEMPERATURE DATA] [PRECIPITATION DATA] SYMBOLS USED IN COLUMN 16
AVERAGE MONTHLY: 63.1 TOTAL FOR MONTH: 4.40 1 = FOG OR MIST
DPTR FM NORMAL: -1.3 DPTR FM NORMAL: 0.61 2 = FOG REDUCING VISIBILITY
HIGHEST: 90 ON 6 GRTST 24HR 1.26 ON 10-10 TO 1/4 MILE OR LESS
LOWEST: 43 ON 19 3 = THUNDER
SNOW, ICE PELLETS, HAIL 4 = ICE PELLETS
TOTAL MONTH: 0.0 INCH 5 = HAIL
GRTST 24HR 0.0 6 = FREEZING RAIN OR DRIZZLE
GRTST DEPTH: 0 7 = DUSTSTORM OR SANDSTORM:
VSBY 1/2 MILE OR LESS
8 = SMOKE OR HAZE
[NO. OF DAYS WITH] [WEATHER - DAYS WITH] 9 = BLOWING SNOW
X = TORNADO
MAX 32 OR BELOW: 0 0.01 INCH OR MORE: 9
MAX 90 OR ABOVE: 1 0.10 INCH OR MORE: 6
MIN 32 OR BELOW: 0 0.50 INCH OR MORE: 5
MIN 0 OR BELOW: 0 1.00 INCH OR MORE: 1
[HDD (BASE 65) ]
TOTAL THIS MO. 110 CLEAR (SCALE 0-3) 18
DPTR FM NORMAL 0 PTCLDY (SCALE 4-7) 7
TOTAL FM JUL 1 116 CLOUDY (SCALE 8-10) 5
DPTR FM NORMAL -5
[CDD (BASE 65) ]
TOTAL THIS MO. 59
DPTR FM NORMAL -34 [PRESSURE DATA]
TOTAL FM JAN 1 945 HIGHEST SLP 30.37 ON 18
DPTR FM NORMAL 18 LOWEST SLP 29.55 ON 26
[REMARKS]
#FINAL-09-20#