000
CXUS53 KDMX 200403
CF6OTM
PRELIMINARY LOCAL CLIMATOLOGICAL DATA (WS FORM: F-6)
STATION: OTTUMWA IA
MONTH: SEPTEMBER
YEAR: 2023
LATITUDE: 41 6 N
LONGITUDE: 92 27 W
TEMPERATURE IN F: :PCPN: SNOW: WIND :SUNSHINE: SKY :PK WND
================================================================================
1 2 3 4 5 6A 6B 7 8 9 10 11 12 13 14 15 16 17 18
12Z AVG MX 2MIN
DY MAX MIN AVG DEP HDD CDD WTR SNW DPTH SPD SPD DIR MIN PSBL S-S WX SPD DR
================================================================================
1 85 50 68 -2 0 3 0.00 0.0 0 7.4 13 180 M M 0 21 200
2 91 58 75 5 0 10 0.00 0.0 0 8.5 16 190 M M 0 24 200
3 94 63 79 9 0 14 0.00 0.0 0 8.6 16 200 M M 0 26 180
4 96 70 83 14 0 18 0.00 0.0 0 10.4 20 180 M M 1 30 180
5 91 69 80 11 0 15 T 0.0 0 13.0 22 200 M M 2 3 35 190
6 72 53 63 -6 2 0 0.00 0.0 0 10.7 22 290 M M 6 18 30 290
7 76 49 63 -5 2 0 0.00 0.0 0 7.3 14 350 M M 2 1 19 350
8 81 49 65 -3 0 0 0.00 0.0 0 5.4 16 350 M M 1 21 340
9 82 48 65 -3 0 0 0.00 0.0 0 3.5 10 40 M M 0 1 13 110
10 85 58 72 5 0 7 0.02 0.0 0 7.8 17 10 M M 4 23 320
11 71 52 62 -5 3 0 0.70 0.0 0 4.9 12 30 M M 8 12 17 340
12 77 48 63 -4 2 0 0.00 0.0 0 4.0 12 30 M M 4 128 15 30
13 78 48 63 -3 2 0 0.00 0.0 0 5.3 12 90 M M 2 15 80
14 80 47 64 -2 1 0 0.00 0.0 0 5.9 10 160 M M M 8 16 170
15 81 59 70 4 0 5 T 0.0 0 7.2 15 210 M M 8 23 190
16 78 54 66 1 0 1 0.12 0.0 0 5.2 18 240 M M 4 13 26 240
17 77 49 63 -2 2 0 0.00 0.0 0 6.4 15 340 M M 2 18 24 340
18 78 44 61 -4 4 0 0.00 0.0 0 6.9 16 170 M M 0 12 24 180
19 85 59 72 8 0 7 0.23 0.0 0 9.6 29 320 M M 3 13 41 330
20 81 60 71 7 0 6 T 0.0 0 7.3 17 160 M M 2 24 150
21 74 52 63 -1 2 0 0.00 0.0 0 5.7 14 40 M M 5 1 18 40
22 82 60 71 8 0 6 0.00 0.0 0 7.9 16 160 M M 7 1 21 170
23 84 62 73 10 0 8 0.12 0.0 0 11.2 29 160 M M 4 13 42 160
24 82 56 69 7 0 4 0.00 0.0 0 6.8 12 210 M M 4 17 160
25 82 54 68 6 0 3 0.00 0.0 0 5.6 14 290 M M 3 19 240
26 78 53 66 4 0 1 T 0.0 0 6.1 18 340 M M 6 24 340
27 76 49 63 2 2 0 0.00 0.0 0 4.5 10 360 M M 6 12 14 360
28 75 52 64 3 1 0 0.00 0.0 0 8.0 14 150 M M 4 12 18 120
29 89 60 75 15 0 10 0.00 0.0 0 10.1 17 140 M M 0 25 130
30 93 67 80 20 0 15 0.00 0.0 0 9.8 20 170 M M 0 8 26 170
================================================================================
SM 2454 1652 23 133 1.19 0.0 221.0 M 88
================================================================================
AV 81.8 55.1 7.4 FASTST M M 3 MAX(MPH)
MISC ----> # 29 320 42 160
================================================================================
NOTES:
# LAST OF SEVERAL OCCURRENCES
COLUMN 17 PEAK WIND IN M.P.H.
PRELIMINARY LOCAL CLIMATOLOGICAL DATA (WS FORM: F-6) , PAGE 2
STATION: OTTUMWA IA
MONTH: SEPTEMBER
YEAR: 2023
LATITUDE: 41 6 N
LONGITUDE: 92 27 W
[TEMPERATURE DATA] [PRECIPITATION DATA] SYMBOLS USED IN COLUMN 16
AVERAGE MONTHLY: 68.4 TOTAL FOR MONTH: 1.19 1 = FOG OR MIST
DPTR FM NORMAL: 3.1 DPTR FM NORMAL: -2.31 2 = FOG REDUCING VISIBILITY
HIGHEST: 96 ON 4 GRTST 24HR 0.70 ON 11-11 TO 1/4 MILE OR LESS
LOWEST: 44 ON 18 3 = THUNDER
SNOW, ICE PELLETS, HAIL 4 = ICE PELLETS
TOTAL MONTH: 0.0 INCH 5 = HAIL
GRTST 24HR 0.0 6 = FREEZING RAIN OR DRIZZLE
GRTST DEPTH: 0 7 = DUSTSTORM OR SANDSTORM:
VSBY 1/2 MILE OR LESS
8 = SMOKE OR HAZE
[NO. OF DAYS WITH] [WEATHER - DAYS WITH] 9 = BLOWING SNOW
X = TORNADO
MAX 32 OR BELOW: 0 0.01 INCH OR MORE: 5
MAX 90 OR ABOVE: 5 0.10 INCH OR MORE: 4
MIN 32 OR BELOW: 0 0.50 INCH OR MORE: 1
MIN 0 OR BELOW: 0 1.00 INCH OR MORE: 0
[HDD (BASE 65) ]
TOTAL THIS MO. 23 CLEAR (SCALE 0-3) 16
DPTR FM NORMAL -75 PTCLDY (SCALE 4-7) 12
TOTAL FM JUL 1 28 CLOUDY (SCALE 8-10) 2
DPTR FM NORMAL -80
[CDD (BASE 65) ]
TOTAL THIS MO. 133
DPTR FM NORMAL 27 [PRESSURE DATA]
TOTAL FM JAN 1 949 HIGHEST SLP 30.24 ON 9
DPTR FM NORMAL -20 LOWEST SLP 29.68 ON 5
[REMARKS]
#FINAL-09-23#