000
CXUS53 KARX 011232
CF6OVS
PRELIMINARY LOCAL CLIMATOLOGICAL DATA (WS FORM: F-6)
STATION: BOSCOBEL_(ASOS) WI
MONTH: SEPTEMBER
YEAR: 2023
LATITUDE: 43 9 N
LONGITUDE: 90 41 W
TEMPERATURE IN F: :PCPN: SNOW: WIND :SUNSHINE: SKY :PK WND
================================================================================
1 2 3 4 5 6A 6B 7 8 9 10 11 12 13 14 15 16 17 18
12Z AVG MX 2MIN
DY MAX MIN AVG DEP HDD CDD WTR SNW DPTH SPD SPD DIR MIN PSBL S-S WX SPD DR
================================================================================
1 87 46 67 -1 0 2 0.00 0.0 0 3.2 14 210 M M 1 12 22 200
2 97 56 77 9 0 12 0.00 0.0 0 5.8 16 210 M M 0 30 200
3 100 59 80 12 0 15 0.00 0.0 0 6.2 16 190 M M 0 26 160
4 97 59 78 10 0 13 0.00 0.0 0 5.3 16 210 M M 0 26 200
5 90 75 83 16 0 18 0.00 0.0 0 6.3 17 190 M M 1 26 190
6 79 66 73 6 0 8 0.00 0.0 0 7.1 16 310 M M 8 1 24 300
7 72 63 68 1 0 3 0.00 0.0 0 5.1 13 330 M M 9 19 360
8 73 50 62 -4 3 0 0.01 0.0 0 1.9 8 90 M M 7 1 11 100
9 80 50 65 -1 0 0 0.00 0.0 0 1.3 8 250 M M 5 12 12 220
10 79 56 68 2 0 3 0.01 0.0 0 3.0 13 320 M M 7 1 18 320
11 76 49 63 -2 2 0 0.11 0.0 0 3.2 12 350 M M 6 1 19 360
12 72 45 59 -6 6 0 0.06 0.0 0 2.0 25 320 M M 6 123 33 310
13 69 43 56 -8 9 0 0.00 0.0 0 2.0 8 30 M M 6 12 13 30
14 78 45 62 -2 3 0 0.00 0.0 0 2.2 12 200 M M 4 12 17 220
15 79 46 63 -1 2 0 0.00 0.0 0 2.3 13 200 M M 6 1 19 200
16 70 51 61 -2 4 0 0.34 0.0 0 1.5 13 320 M M 7 123 19 310
17 76 48 62 -1 3 0 0.00 0.0 0 2.3 12 20 M M 5 12 18 40
18 78 46 62 0 3 0 0.00 0.0 0 1.4 10 200 M M 6 12 17 190
19 77 58 68 6 0 3 0.30 0.0 0 2.4 13 190 M M 4 13 23 180
20 76 59 68 6 0 3 0.02 0.0 0 1.1 10 210 M M 2 12 16 220
21 84 59 72 11 0 7 T 0.0 0 3.1 15 110 M M 8 12 25 100
22 73 64 69 8 0 4 0.10 0.0 0 3.1 9 110 M M 10 18 15 120
23 85 65 75 15 0 10 0.01 0.0 0 4.9 13 110 M M 6 1 23 130
24 77 61 69 9 0 4 0.05 0.0 0 2.9 10 120 M M 8 20 100
25 77 57 67 8 0 2 2.28 0.0 0 2.4 20 340 M M 5 13 26 330
26 70 60 65 6 0 0 0.52 0.0 0 2.3 9 70 M M 9 13 16 60
27 73 64 69 11 0 4 0.13 0.0 0 4.0 10 70 M M 9 1 18 80
28 71 54 63 5 2 0 0.00 0.0 0 2.3 8 90 M M 8 1 13 90
29 82 55 69 11 0 4 0.00 0.0 0 3.1 12 120 M M 3 1 17 130
30 90 59 75 18 0 10 0.00 0.0 0 3.1 13 190 M M 0 18 190
================================================================================
SM 2387 1668 37 125 3.94 0.0 96.8 M 156
================================================================================
AV 79.6 55.6 3.2 FASTST M M 5 MAX(MPH)
MISC ----> 25 320 33 310
================================================================================
NOTES:
# LAST OF SEVERAL OCCURRENCES
COLUMN 17 PEAK WIND IN M.P.H.
PRELIMINARY LOCAL CLIMATOLOGICAL DATA (WS FORM: F-6) , PAGE 2
STATION: BOSCOBEL_(ASOS) WI
MONTH: SEPTEMBER
YEAR: 2023
LATITUDE: 43 9 N
LONGITUDE: 90 41 W
[TEMPERATURE DATA] [PRECIPITATION DATA] SYMBOLS USED IN COLUMN 16
AVERAGE MONTHLY: 67.6 TOTAL FOR MONTH: 3.94 1 = FOG OR MIST
DPTR FM NORMAL: 4.4 DPTR FM NORMAL: 0.57 2 = FOG REDUCING VISIBILITY
HIGHEST: 100 ON 3 GRTST 24HR 2.65 ON 25-26 TO 1/4 MILE OR LESS
LOWEST: 43 ON 13 3 = THUNDER
SNOW, ICE PELLETS, HAIL 4 = ICE PELLETS
TOTAL MONTH: 0.0 INCH 5 = HAIL
GRTST 24HR 0.0 6 = FREEZING RAIN OR DRIZZLE
GRTST DEPTH: 0 7 = DUSTSTORM OR SANDSTORM:
VSBY 1/2 MILE OR LESS
8 = SMOKE OR HAZE
[NO. OF DAYS WITH] [WEATHER - DAYS WITH] 9 = BLOWING SNOW
X = TORNADO
MAX 32 OR BELOW: 0 0.01 INCH OR MORE: 13
MAX 90 OR ABOVE: 5 0.10 INCH OR MORE: 7
MIN 32 OR BELOW: 0 0.50 INCH OR MORE: 2
MIN 0 OR BELOW: 0 1.00 INCH OR MORE: 1
[HDD (BASE 65) ]
TOTAL THIS MO. 37 CLEAR (SCALE 0-3) 8
DPTR FM NORMAL -91 PTCLDY (SCALE 4-7) 17
TOTAL FM JUL 1 44 CLOUDY (SCALE 8-10) 5
DPTR FM NORMAL -103
[CDD (BASE 65) ]
TOTAL THIS MO. 125
DPTR FM NORMAL 51 [PRESSURE DATA]
TOTAL FM JAN 1 840 HIGHEST SLP 30.27 ON 9
DPTR FM NORMAL 110 LOWEST SLP 29.69 ON 6
[REMARKS]
#FINAL-09-23#