000
CXUS51 KAKQ 010710
CF6OXB
PRELIMINARY LOCAL CLIMATOLOGICAL DATA (WS FORM: F-6)
STATION: OCEAN_CITY
MONTH: APRIL
YEAR: 2023
LATITUDE: 38 18 N
LONGITUDE: 75 7 W
TEMPERATURE IN F: :PCPN: SNOW: WIND :SUNSHINE: SKY :PK WND
================================================================================
1 2 3 4 5 6A 6B 7 8 9 10 11 12 13 14 15 16 17 18
12Z AVG MX 2MIN
DY MAX MIN AVG DEP HDD CDD WTR SNW DPTH SPD SPD DIR MIN PSBL S-S WX SPD DR
================================================================================
1 71 50 61 13 4 0 0.40 M M 15.1 26 320 M M 8 13 39 310
2 58 33 46 -2 19 0 0.00 M M 10.4 26 330 M M 1 40 320
3 57 32 45 -4 20 0 0.00 M M 7.3 18 210 M M 0 34 160
4 65 52 59 10 6 0 0.00 M M 7.3 16 220 M M 4 12 22 210
5 66 52 59 10 6 0 0.00 M M 7.3 17 220 M M 6 12 22 220
6 78 57 68 18 0 3 1.24 M M 8.5 23 240 M M 2 13 30 24
7 59 47 53 3 12 0 0.06 M M 6.5 18 10 M M 7 23 350
8 51 44 48 -2 17 0 0.00 M M 9.4 18 60 M M 0 28 10
9 54 44 49 -2 16 0 0.00 M M 10.8 20 60 M M 0 27 60
10 55 31 43 -8 22 0 0.00 M M 5.3 12 150 M M 0 16 90
11 67 33 50 -1 15 0 0.00 M M 9.0 15 230 M M 0 24 210
12 83 56 70 18 0 5 0.00 M M 9.1 18 260 M M 0 25 310
13 84 60 72 20 0 7 0.00 M M 7.9 15 220 M M 0 21 230
14 76 61 69 17 0 4 0.00 M M 9.1 16 220 M M 0 22 220
15 71 57 64 11 1 0 0.00 M M 6.4 12 210 M M 6 12 18 190
16 74 53 64 11 1 0 0.00 M M 5.6 9 210 M M 2 1 17 210
17 72 47 60 7 5 0 0.00 M M 9.0 21 250 M M 3 33 230
18 74 43 59 5 6 0 0.00 M M 9.6 18 250 M M 1 32 230
19 64 39 52 -2 13 0 0.00 M M 7.8 14 40 M M 0 23 200
20 72 51 62 8 3 0 0.00 M M 5.7 9 60 M M 0 M M
21 79 49 64 9 1 0 0.00 M M 5.9 13 220 M M 0 1 21 220
22 68 60 64 9 1 0 1.46 M M 7.2 13 300 M M 3 13 22 200
23 71 53 62 7 3 0 0.15 M M 7.6 14 340 M M 5 1 18 310
24 58 44 51 -5 14 0 0.06 M M 6.0 13 350 M M 6 M M
25 60 39 50 -6 15 0 0.00 M M 4.9 9 130 M M 1 M M
26 61 38 50 -6 15 0 0.00 M M 6.2 12 140 M M 4 M M
27 63 56 60 4 5 0 0.00 M M 8.4 15 110 M M 6 19 120
28 59 56 58 1 7 0 0.84 M M 18.8 31 100 M M 9 1 40 110
29 68 56 62 5 3 0 0.01 M M 4.4 17 130 M M 7 128 22 130
30 65 55 60 3 5 0 0.74 M M 9.5 24 310 M M 9 1 38 290
================================================================================
SM 2003 1448 235 19 4.96 M 246.0 M 90
================================================================================
AV 66.8 48.3 8.2 FASTST M M 3 MAX(MPH)
MISC ----> 31 100 40 110
================================================================================
NOTES:
# LAST OF SEVERAL OCCURRENCES
COLUMN 17 PEAK WIND IN M.P.H.
PRELIMINARY LOCAL CLIMATOLOGICAL DATA (WS FORM: F-6) , PAGE 2
STATION: OCEAN_CITY
MONTH: APRIL
YEAR: 2023
LATITUDE: 38 18 N
LONGITUDE: 75 7 W
[TEMPERATURE DATA] [PRECIPITATION DATA] SYMBOLS USED IN COLUMN 16
AVERAGE MONTHLY: 57.5 TOTAL FOR MONTH: 4.96 1 = FOG OR MIST
DPTR FM NORMAL: 4.7 DPTR FM NORMAL: 1.96 2 = FOG REDUCING VISIBILITY
HIGHEST: 84 ON 13 GRTST 24HR 1.46 ON 22-22 TO 1/4 MILE OR LESS
LOWEST: 31 ON 10 3 = THUNDER
SNOW, ICE PELLETS, HAIL 4 = ICE PELLETS
TOTAL MONTH: M 5 = HAIL
GRTST 24HR M ON M 6 = FREEZING RAIN OR DRIZZLE
GRTST DEPTH: M ON M 7 = DUSTSTORM OR SANDSTORM:
VSBY 1/2 MILE OR LESS
8 = SMOKE OR HAZE
[NO. OF DAYS WITH] [WEATHER - DAYS WITH] 9 = BLOWING SNOW
X = TORNADO
MAX 32 OR BELOW: 0 0.01 INCH OR MORE: 9
MAX 90 OR ABOVE: 0 0.10 INCH OR MORE: 6
MIN 32 OR BELOW: 2 0.50 INCH OR MORE: 4
MIN 0 OR BELOW: 0 1.00 INCH OR MORE: 2
[HDD (BASE 65) ]
TOTAL THIS MO. 235 CLEAR (SCALE 0-3) 17
DPTR FM NORMAL -141 PTCLDY (SCALE 4-7) 11
TOTAL FM JUL 1 3626 CLOUDY (SCALE 8-10) 2
DPTR FM NORMAL -572
[CDD (BASE 65) ]
TOTAL THIS MO. 19
DPTR FM NORMAL 9 [PRESSURE DATA]
TOTAL FM JAN 1 19 HIGHEST SLP M ON M
DPTR FM NORMAL 9 LOWEST SLP 29.36 ON 1
[REMARKS]
#FINAL-04-23#